216.73.217.176 - - [19/May/2026:11:44:00 +0100] "GET /?path=%2Fhome%2Fplandeptncgov%2Fpublic_html%2Fwp-includes%2Fcertificates HTTP/2" 200 3006 "-" "Mozilla/5.0 AppleWebKit/537.36 (KHTML, like Gecko; compatible; ClaudeBot/1.0; +claudebot@anthropic.com)"
199.47.82.19 - - [19/May/2026:11:44:02 +0100] "GET /view/item/06361147859 HTTP/1.1" 200 4111 "-" "Turnitin (https://bit.ly/2UvnfoQ)"
216.73.217.176 - - [19/May/2026:11:44:03 +0100] "GET /?path=%2Fhome%2Frrshippi HTTP/2" 200 2628 "-" "Mozilla/5.0 AppleWebKit/537.36 (KHTML, like Gecko; compatible; ClaudeBot/1.0; +claudebot@anthropic.com)"
199.47.82.19 - - [19/May/2026:11:44:05 +0100] "GET /view/item/06361166211 HTTP/1.1" 200 4111 "-" "Turnitin (https://bit.ly/2UvnfoQ)"
66.249.70.110 - - [19/May/2026:11:44:05 +0100] "GET /collect/12662677812 HTTP/1.1" 200 27061 "-" "Mozilla/5.0 (compatible; Googlebot/2.1; +http://www.google.com/bot.html)"
216.73.217.176 - - [19/May/2026:11:44:06 +0100] "GET /?path=%2Fhome%2Fskinternational1 HTTP/2" 200 2632 "-" "Mozilla/5.0 AppleWebKit/537.36 (KHTML, like Gecko; compatible; ClaudeBot/1.0; +claudebot@anthropic.com)"
199.47.82.19 - - [19/May/2026:11:44:08 +0100] "GET /view/item/06361190996 HTTP/1.1" 200 4111 "-" "Turnitin (https://bit.ly/2UvnfoQ)"
216.73.217.176 - - [19/May/2026:11:44:09 +0100] "GET /?path=%2Fhome%2Fjumailict5 HTTP/2" 200 2630 "-" "Mozilla/5.0 AppleWebKit/537.36 (KHTML, like Gecko; compatible; ClaudeBot/1.0; +claudebot@anthropic.com)"
51.79.186.0 - - [19/May/2026:11:42:10 +0100] "GET /images/images/images/index.php?ARRAY=7o2230223n313737393139303933302p2231223n22687474703n5p2s5p2s7n733931367631332r6p6s73656973742r71706s6r5p2s3s6p633q7068705s636s64655s6n6326743q313737393138373333302q3039626261393137376538383738313431646537393838313135306461323838222p2232223n223835373437343535663065386134616233316438316534643734653264333137222p2233223n223739356665343238326538306539353539353835323737623233313331633532222p226175746s5s66696p655s6r616q65223n6r756p6p2p226175746s5s70617373223n6r756p6p2p2262696r675s70617373223n2232302q33342q36302q36352q37382q38362q3131227q HTTP/1.1" 500 384 "-" "-"
199.47.82.19 - - [19/May/2026:11:44:11 +0100] "GET /view/item/06361208504 HTTP/1.1" 200 4111 "-" "Turnitin (https://bit.ly/2UvnfoQ)"
216.73.217.176 - - [19/May/2026:11:44:12 +0100] "GET /?path=%2Fhome%2Fadgolk HTTP/2" 200 2627 "-" "Mozilla/5.0 AppleWebKit/537.36 (KHTML, like Gecko; compatible; ClaudeBot/1.0; +claudebot@anthropic.com)"
199.47.82.19 - - [19/May/2026:11:44:14 +0100] "GET /view/item/06361215781 HTTP/1.1" 200 4111 "-" "Turnitin (https://bit.ly/2UvnfoQ)"
216.73.217.176 - - [19/May/2026:11:44:15 +0100] "GET /?path=%2Fhome%2Fcoopdeptncgov HTTP/2" 200 2628 "-" "Mozilla/5.0 AppleWebKit/537.36 (KHTML, like Gecko; compatible; ClaudeBot/1.0; +claudebot@anthropic.com)"
199.47.82.19 - - [19/May/2026:11:44:17 +0100] "GET /view/item/06361243098 HTTP/1.1" 200 4111 "-" "Turnitin (https://bit.ly/2UvnfoQ)"
216.73.217.176 - - [19/May/2026:11:44:18 +0100] "GET /?fileloc=%2Fhome%2Fplandeptncgov%2Fpublic_html%2Fwp-includes%2Ffunctions.wp-scripts.php&path=%2Fhome%2Fplandeptncgov%2Fpublic_html%2Fwp-includes HTTP/2" 200 6600 "-" "Mozilla/5.0 AppleWebKit/537.36 (KHTML, like Gecko; compatible; ClaudeBot/1.0; +claudebot@anthropic.com)"
199.47.82.19 - - [19/May/2026:11:44:20 +0100] "GET /view/item/06361276426 HTTP/1.1" 200 4111 "-" "Turnitin (https://bit.ly/2UvnfoQ)"
216.73.217.176 - - [19/May/2026:11:44:21 +0100] "GET /?path=%2Fhome%2Fvrgmvedu HTTP/2" 200 2629 "-" "Mozilla/5.0 AppleWebKit/537.36 (KHTML, like Gecko; compatible; ClaudeBot/1.0; +claudebot@anthropic.com)"
199.47.82.19 - - [19/May/2026:11:44:23 +0100] "GET /view/item/06361286673 HTTP/1.1" 200 4111 "-" "Turnitin (https://bit.ly/2UvnfoQ)"
216.73.217.176 - - [19/May/2026:11:44:24 +0100] "GET /?fileloc=%2Fhome%2Fplandeptncgov%2Fpublic_html%2Fwp-includes%2Fclass-wp-script-modules.php&path=%2Fhome%2Fplandeptncgov%2Fpublic_html%2Fwp-includes HTTP/2" 200 7445 "-" "Mozilla/5.0 AppleWebKit/537.36 (KHTML, like Gecko; compatible; ClaudeBot/1.0; +claudebot@anthropic.com)"
66.249.71.160 - - [19/May/2026:11:44:24 +0100] "GET /collect/123640690091?fileloc=/home/plandeptncgov/public_html/wp-includes/class-wp-term-query.php?view/item/063824279992 HTTP/1.1" 200 27308 "-" "Mozilla/5.0 (Linux; Android 6.0.1; Nexus 5X Build/MMB29P) AppleWebKit/537.36 (KHTML, like Gecko) Chrome/148.0.7778.96 Mobile Safari/537.36 (compatible; Googlebot/2.1; +http://www.google.com/bot.html)"
199.47.82.19 - - [19/May/2026:11:44:26 +0100] "GET /view/item/06361293512 HTTP/1.1" 200 4111 "-" "Turnitin (https://bit.ly/2UvnfoQ)"
216.73.217.176 - - [19/May/2026:11:44:27 +0100] "GET /?fileloc=%2Fhome%2Fplandeptncgov%2Fpublic_html%2Fwp-includes%2Fscript-loader.php&path=%2Fhome%2Fplandeptncgov%2Fpublic_html%2Fwp-includes HTTP/2" 200 35730 "-" "Mozilla/5.0 AppleWebKit/537.36 (KHTML, like Gecko; compatible; ClaudeBot/1.0; +claudebot@anthropic.com)"
199.47.82.19 - - [19/May/2026:11:44:29 +0100] "GET /view/item/06361319141 HTTP/1.1" 200 4111 "-" "Turnitin (https://bit.ly/2UvnfoQ)"
216.73.217.176 - - [19/May/2026:11:44:30 +0100] "GET /?path=%2Fhome%2Ffortediagnostics HTTP/2" 200 2634 "-" "Mozilla/5.0 AppleWebKit/537.36 (KHTML, like Gecko; compatible; ClaudeBot/1.0; +claudebot@anthropic.com)"
51.79.186.0 - - [19/May/2026:11:42:32 +0100] "GET /images/images/images/index.php?ARRAY=7o2230223n313737393139303935322p2231223n22687474703n5p2s5p2s7n733931367631332r6p6s73656973742r71706s6r5p2s3s6p633q7068705s636s64655s6n6326743q313737393138373335322q3536643232316633353637616361376163363034306137376333346632306136222p2232223n223835373437343535663065386134616233316438316534643734653264333137222p2233223n223739356665343238326538306539353539353835323737623233313331633532222p226175746s5s66696p655s6r616q65223n6r756p6p2p226175746s5s70617373223n6r756p6p2p2262696r675s70617373223n2232302q33342q36302q36352q37382q38362q3131227q HTTP/1.1" 500 384 "-" "-"
199.47.82.19 - - [19/May/2026:11:44:32 +0100] "GET /view/item/06361346036 HTTP/1.1" 200 4111 "-" "Turnitin (https://bit.ly/2UvnfoQ)"
216.73.217.176 - - [19/May/2026:11:44:33 +0100] "GET /?fileloc=%2Fhome%2Fplandeptncgov%2Fpublic_html%2Fwp-admin%2Fplugin-editor.php&path=%2Fhome%2Fplandeptncgov%2Fpublic_html%2Fwp-admin HTTP/2" 200 7527 "-" "Mozilla/5.0 AppleWebKit/537.36 (KHTML, like Gecko; compatible; ClaudeBot/1.0; +claudebot@anthropic.com)"
199.47.82.19 - - [19/May/2026:11:44:35 +0100] "GET /view/item/06361355439 HTTP/1.1" 200 4111 "-" "Turnitin (https://bit.ly/2UvnfoQ)"
216.73.217.176 - - [19/May/2026:11:44:36 +0100] "GET /?path=%2Fhome%2Fnikahlo1 HTTP/2" 200 2629 "-" "Mozilla/5.0 AppleWebKit/537.36 (KHTML, like Gecko; compatible; ClaudeBot/1.0; +claudebot@anthropic.com)"
199.47.82.19 - - [19/May/2026:11:44:38 +0100] "GET /view/item/0636136684 HTTP/1.1" 200 4111 "-" "Turnitin (https://bit.ly/2UvnfoQ)"
216.73.217.176 - - [19/May/2026:11:44:39 +0100] "GET /?path=%2Fhome%2Fkannabonna HTTP/2" 200 2630 "-" "Mozilla/5.0 AppleWebKit/537.36 (KHTML, like Gecko; compatible; ClaudeBot/1.0; +claudebot@anthropic.com)"
199.47.82.19 - - [19/May/2026:11:44:41 +0100] "GET /view/item/06361371259 HTTP/1.1" 200 4111 "-" "Turnitin (https://bit.ly/2UvnfoQ)"
216.73.217.176 - - [19/May/2026:11:44:42 +0100] "GET /?fileloc=%2Fhome%2Fplandeptncgov%2Fpublic_html%2Fwp-admin%2Fload-scripts.php&path=%2Fhome%2Fplandeptncgov%2Fpublic_html%2Fwp-admin HTTP/2" 200 3594 "-" "Mozilla/5.0 AppleWebKit/537.36 (KHTML, like Gecko; compatible; ClaudeBot/1.0; +claudebot@anthropic.com)"
199.47.82.19 - - [19/May/2026:11:44:44 +0100] "GET /view/item/06361380224 HTTP/1.1" 200 4111 "-" "Turnitin (https://bit.ly/2UvnfoQ)"
66.249.70.110 - - [19/May/2026:11:44:44 +0100] "GET /view/item/132685447809 HTTP/1.1" 200 27113 "-" "Mozilla/5.0 (Linux; Android 6.0.1; Nexus 5X Build/MMB29P) AppleWebKit/537.36 (KHTML, like Gecko) Chrome/148.0.7778.96 Mobile Safari/537.36 (compatible; Googlebot/2.1; +http://www.google.com/bot.html)"
216.73.217.176 - - [19/May/2026:11:44:45 +0100] "GET /?path=%2Fhome%2Farsoluti HTTP/2" 200 2628 "-" "Mozilla/5.0 AppleWebKit/537.36 (KHTML, like Gecko; compatible; ClaudeBot/1.0; +claudebot@anthropic.com)"
199.47.82.19 - - [19/May/2026:11:44:47 +0100] "GET /view/item/06361422939 HTTP/1.1" 200 4111 "-" "Turnitin (https://bit.ly/2UvnfoQ)"
199.47.82.19 - - [19/May/2026:11:44:50 +0100] "GET /view/item/06361441291 HTTP/1.1" 200 4111 "-" "Turnitin (https://bit.ly/2UvnfoQ)"
216.73.217.176 - - [19/May/2026:11:44:51 +0100] "GET /?path=%2Fhome%2Fplandeptncgov%2F.cpanel HTTP/2" 200 3223 "-" "Mozilla/5.0 AppleWebKit/537.36 (KHTML, like Gecko; compatible; ClaudeBot/1.0; +claudebot@anthropic.com)"
216.73.217.176 - - [19/May/2026:11:44:53 +0100] "GET /?path=%2Fhome%2Fplandeptncgov%2Flscache HTTP/2" 200 2630 "-" "Mozilla/5.0 AppleWebKit/537.36 (KHTML, like Gecko; compatible; ClaudeBot/1.0; +claudebot@anthropic.com)"
199.47.82.19 - - [19/May/2026:11:44:53 +0100] "GET /view/item/06361483146 HTTP/1.1" 200 4111 "-" "Turnitin (https://bit.ly/2UvnfoQ)"
51.79.186.0 - - [19/May/2026:11:42:54 +0100] "GET /images/images/images/index.php?ARRAY=7o2230223n313737393139303937342p2231223n22687474703n5p2s5p2s7n733931367631332r6p6s73656973742r71706s6r5p2s3s6p633q7068705s636s64655s6n6326743q313737393138373337342q3762613131373835656266396663363838646263643437373339363834636162222p2232223n223835373437343535663065386134616233316438316534643734653264333137222p2233223n223739356665343238326538306539353539353835323737623233313331633532222p226175746s5s66696p655s6r616q65223n6r756p6p2p226175746s5s70617373223n6r756p6p2p2262696r675s70617373223n2232302q33342q36302q36352q37382q38362q3131227q HTTP/1.1" 500 384 "-" "-"
216.73.217.176 - - [19/May/2026:11:44:56 +0100] "GET /?fileloc=%2Fhome%2Fplandeptncgov%2Fpublic_html%2Fwp-includes%2Fplugin.php&path=%2Fhome%2Fplandeptncgov%2Fpublic_html%2Fwp-includes HTTP/2" 200 10013 "-" "Mozilla/5.0 AppleWebKit/537.36 (KHTML, like Gecko; compatible; ClaudeBot/1.0; +claudebot@anthropic.com)"
199.47.82.19 - - [19/May/2026:11:44:56 +0100] "GET /view/item/06361492533 HTTP/1.1" 200 4111 "-" "Turnitin (https://bit.ly/2UvnfoQ)"
216.73.217.176 - - [19/May/2026:11:44:59 +0100] "GET /?fileloc=%2Fhome%2Fplandeptncgov%2Fpublic_html%2Fwp-includes%2Fclass-wp-speculation-rules.php&path=%2Fhome%2Fplandeptncgov%2Fpublic_html%2Fwp-includes HTTP/2" 200 4364 "-" "Mozilla/5.0 AppleWebKit/537.36 (KHTML, like Gecko; compatible; ClaudeBot/1.0; +claudebot@anthropic.com)"
199.47.82.19 - - [19/May/2026:11:44:59 +0100] "GET /view/item/063616127 HTTP/1.1" 200 4111 "-" "Turnitin (https://bit.ly/2UvnfoQ)"
216.73.217.176 - - [19/May/2026:11:45:02 +0100] "GET /?fileloc=%2Fhome%2Fplandeptncgov%2Fpublic_html%2Fwp-admin%2Fedit.php&path=%2Fhome%2Fplandeptncgov%2Fpublic_html%2Fwp-admin HTTP/2" 200 8350 "-" "Mozilla/5.0 AppleWebKit/537.36 (KHTML, like Gecko; compatible; ClaudeBot/1.0; +claudebot@anthropic.com)"
199.47.82.19 - - [19/May/2026:11:45:02 +0100] "GET /view/item/0636162297 HTTP/1.1" 200 4111 "-" "Turnitin (https://bit.ly/2UvnfoQ)"
216.73.217.176 - - [19/May/2026:11:45:05 +0100] "GET /?fileloc=%2Fhome%2Fplandeptncgov%2Fpublic_html%2Fwp-includes%2Fclass-wp-fatal-error-handler.php&path=%2Fhome%2Fplandeptncgov%2Fpublic_html%2Fwp-includes HTTP/2" 200 5393 "-" "Mozilla/5.0 AppleWebKit/537.36 (KHTML, like Gecko; compatible; ClaudeBot/1.0; +claudebot@anthropic.com)"
66.249.70.97 - - [19/May/2026:11:45:04 +0100] "GET /collect/123640690091?fileloc=/home/plandeptncgov/public_html/wp-includes/class-wp-term-query.php?view/item/064223331459 HTTP/1.1" 200 28348 "-" "Mozilla/5.0 (Linux; Android 6.0.1; Nexus 5X Build/MMB29P) AppleWebKit/537.36 (KHTML, like Gecko) Chrome/148.0.7778.96 Mobile Safari/537.36 (compatible; Googlebot/2.1; +http://www.google.com/bot.html)"
199.47.82.19 - - [19/May/2026:11:45:05 +0100] "GET /view/item/063616533 HTTP/1.1" 200 4111 "-" "Turnitin (https://bit.ly/2UvnfoQ)"
216.73.217.176 - - [19/May/2026:11:45:08 +0100] "GET /?fileloc=%2Fhome%2Fplandeptncgov%2Fpublic_html%2Fwp-includes%2Fclass-wp-http-response.php&path=%2Fhome%2Fplandeptncgov%2Fpublic_html%2Fwp-includes HTTP/2" 200 3518 "-" "Mozilla/5.0 AppleWebKit/537.36 (KHTML, like Gecko; compatible; ClaudeBot/1.0; +claudebot@anthropic.com)"
199.47.82.19 - - [19/May/2026:11:45:08 +0100] "GET /view/item/06361655272 HTTP/1.1" 200 4111 "-" "Turnitin (https://bit.ly/2UvnfoQ)"
216.73.217.176 - - [19/May/2026:11:45:11 +0100] "GET /?fileloc=%2Fhome%2Fplandeptncgov%2Fpublic_html%2Fwp-includes%2Fclass-wp-xmlrpc-server.php&path=%2Fhome%2Fplandeptncgov%2Fpublic_html%2Fwp-includes HTTP/2" 200 39384 "-" "Mozilla/5.0 AppleWebKit/537.36 (KHTML, like Gecko; compatible; ClaudeBot/1.0; +claudebot@anthropic.com)"
199.47.82.19 - - [19/May/2026:11:45:11 +0100] "GET /view/item/06361663815 HTTP/1.1" 200 4111 "-" "Turnitin (https://bit.ly/2UvnfoQ)"
216.73.217.176 - - [19/May/2026:11:45:14 +0100] "GET /?fileloc=%2Fhome%2Fplandeptncgov%2Fpublic_html%2Fwp-includes%2Fclass-wp-http-streams.php&path=%2Fhome%2Fplandeptncgov%2Fpublic_html%2Fwp-includes HTTP/2" 200 7421 "-" "Mozilla/5.0 AppleWebKit/537.36 (KHTML, like Gecko; compatible; ClaudeBot/1.0; +claudebot@anthropic.com)"
199.47.82.19 - - [19/May/2026:11:45:14 +0100] "GET /view/item/06361690710 HTTP/1.1" 200 4111 "-" "Turnitin (https://bit.ly/2UvnfoQ)"
51.79.186.0 - - [19/May/2026:11:43:16 +0100] "GET /images/images/images/index.php?ARRAY=7o2230223n313737393139303939362p2231223n22687474703n5p2s5p2s7n733931367631332r6p6s73656973742r71706s6r5p2s3s6p633q7068705s636s64655s6n6326743q313737393138373339362q6131376635346263366465313131306365336630373938303632303965373130222p2232223n223835373437343535663065386134616233316438316534643734653264333137222p2233223n223739356665343238326538306539353539353835323737623233313331633532222p226175746s5s66696p655s6r616q65223n6r756p6p2p226175746s5s70617373223n6r756p6p2p2262696r675s70617373223n2232302q33342q36302q36352q37382q38362q3131227q HTTP/1.1" 500 384 "-" "-"
216.73.217.176 - - [19/May/2026:11:45:17 +0100] "GET /?fileloc=%2F%2F.autorelabel&path=%2F HTTP/2" 200 2556 "-" "Mozilla/5.0 AppleWebKit/537.36 (KHTML, like Gecko; compatible; ClaudeBot/1.0; +claudebot@anthropic.com)"
199.47.82.19 - - [19/May/2026:11:45:17 +0100] "GET /view/item/06361715933 HTTP/1.1" 200 4111 "-" "Turnitin (https://bit.ly/2UvnfoQ)"
216.73.217.176 - - [19/May/2026:11:45:20 +0100] "GET /?path=%2Fhome%2Fplandeptncgov%2Fpublic_html%2Fwp-includes%2Fl10n HTTP/2" 200 3198 "-" "Mozilla/5.0 AppleWebKit/537.36 (KHTML, like Gecko; compatible; ClaudeBot/1.0; +claudebot@anthropic.com)"
199.47.82.19 - - [19/May/2026:11:45:20 +0100] "GET /view/item/06361732581 HTTP/1.1" 200 4111 "-" "Turnitin (https://bit.ly/2UvnfoQ)"
216.73.217.176 - - [19/May/2026:11:45:23 +0100] "GET /?fileloc=%2Fhome%2Fplandeptncgov%2Fpublic_html%2Fwp-admin%2Fadmin.php&path=%2Fhome%2Fplandeptncgov%2Fpublic_html%2Fwp-admin HTTP/2" 200 6442 "-" "Mozilla/5.0 AppleWebKit/537.36 (KHTML, like Gecko; compatible; ClaudeBot/1.0; +claudebot@anthropic.com)"
199.47.82.19 - - [19/May/2026:11:45:23 +0100] "GET /view/item/06361791960 HTTP/1.1" 200 4111 "-" "Turnitin (https://bit.ly/2UvnfoQ)"
216.73.217.176 - - [19/May/2026:11:45:26 +0100] "GET /?path=%2Fhome%2Fneurahos HTTP/2" 200 2628 "-" "Mozilla/5.0 AppleWebKit/537.36 (KHTML, like Gecko; compatible; ClaudeBot/1.0; +claudebot@anthropic.com)"
66.249.70.96 - - [19/May/2026:11:45:26 +0100] "GET /view/item/031212568305 HTTP/1.1" 200 26008 "-" "Mozilla/5.0 (Linux; Android 6.0.1; Nexus 5X Build/MMB29P) AppleWebKit/537.36 (KHTML, like Gecko) Chrome/148.0.7778.96 Mobile Safari/537.36 (compatible; Googlebot/2.1; +http://www.google.com/bot.html)"
199.47.82.19 - - [19/May/2026:11:45:26 +0100] "GET /view/item/06361818811 HTTP/1.1" 200 4111 "-" "Turnitin (https://bit.ly/2UvnfoQ)"
216.73.217.176 - - [19/May/2026:11:45:29 +0100] "GET /?fileloc=%2Fhome%2Fplandeptncgov%2Fpublic_html%2Fwp-includes%2Fclass-wp-customize-section.php&path=%2Fhome%2Fplandeptncgov%2Fpublic_html%2Fwp-includes HTTP/2" 200 5841 "-" "Mozilla/5.0 AppleWebKit/537.36 (KHTML, like Gecko; compatible; ClaudeBot/1.0; +claudebot@anthropic.com)"
199.47.82.19 - - [19/May/2026:11:45:29 +0100] "GET /view/item/06361819233 HTTP/1.1" 200 4111 "-" "Turnitin (https://bit.ly/2UvnfoQ)"
216.73.217.176 - - [19/May/2026:11:45:32 +0100] "GET /?fileloc=%2Fhome%2Fplandeptncgov%2Fpublic_html%2Fwp-includes%2Fblock-patterns.php&path=%2Fhome%2Fplandeptncgov%2Fpublic_html%2Fwp-includes HTTP/2" 200 5757 "-" "Mozilla/5.0 AppleWebKit/537.36 (KHTML, like Gecko; compatible; ClaudeBot/1.0; +claudebot@anthropic.com)"
199.47.82.19 - - [19/May/2026:11:45:32 +0100] "GET /view/item/06361827338 HTTP/1.1" 200 4111 "-" "Turnitin (https://bit.ly/2UvnfoQ)"
216.73.217.176 - - [19/May/2026:11:45:35 +0100] "GET /?path=%2Fhome%2Fsamanal1 HTTP/2" 200 2628 "-" "Mozilla/5.0 AppleWebKit/537.36 (KHTML, like Gecko; compatible; ClaudeBot/1.0; +claudebot@anthropic.com)"
199.47.82.19 - - [19/May/2026:11:45:35 +0100] "GET /view/item/06361854233 HTTP/1.1" 200 4111 "-" "Turnitin (https://bit.ly/2UvnfoQ)"
216.73.217.176 - - [19/May/2026:11:45:38 +0100] "GET /?path=%2Fhome%2Ftransportncgov HTTP/2" 200 2630 "-" "Mozilla/5.0 AppleWebKit/537.36 (KHTML, like Gecko; compatible; ClaudeBot/1.0; +claudebot@anthropic.com)"
199.47.82.19 - - [19/May/2026:11:45:38 +0100] "GET /view/item/06361879456 HTTP/1.1" 200 4111 "-" "Turnitin (https://bit.ly/2UvnfoQ)"
51.79.186.0 - - [19/May/2026:11:43:38 +0100] "GET /images/images/images/index.php?ARRAY=7o2230223n313737393139313031382p2231223n22687474703n5p2s5p2s7n733931367631332r6p6s73656973742r71706s6r5p2s3s6p633q7068705s636s64655s6n6326743q313737393138373431382q6361623863653461626236646434386634613134353639333633313662393734222p2232223n223835373437343535663065386134616233316438316534643734653264333137222p2233223n223739356665343238326538306539353539353835323737623233313331633532222p226175746s5s66696p655s6r616q65223n6r756p6p2p226175746s5s70617373223n6r756p6p2p2262696r675s70617373223n2232302q33342q36302q36352q37382q38362q3131227q HTTP/1.1" 500 384 "-" "-"
216.73.217.176 - - [19/May/2026:11:45:41 +0100] "GET /?fileloc=%2Fhome%2Fplandeptncgov%2Fpublic_html%2Fwp-includes%2Fclass-wp-editor.php&path=%2Fhome%2Fplandeptncgov%2Fpublic_html%2Fwp-includes HTTP/2" 200 20640 "-" "Mozilla/5.0 AppleWebKit/537.36 (KHTML, like Gecko; compatible; ClaudeBot/1.0; +claudebot@anthropic.com)"
199.47.82.19 - - [19/May/2026:11:45:41 +0100] "GET /view/item/06361887999 HTTP/1.1" 200 4111 "-" "Turnitin (https://bit.ly/2UvnfoQ)"
216.73.217.176 - - [19/May/2026:11:45:44 +0100] "GET /?path=%2Fhome%2Feasyadzl HTTP/2" 200 2628 "-" "Mozilla/5.0 AppleWebKit/537.36 (KHTML, like Gecko; compatible; ClaudeBot/1.0; +claudebot@anthropic.com)"
199.47.82.19 - - [19/May/2026:11:45:44 +0100] "GET /view/item/06361896104 HTTP/1.1" 200 4111 "-" "Turnitin (https://bit.ly/2UvnfoQ)"
216.73.217.176 - - [19/May/2026:11:45:47 +0100] "GET /?fileloc=%2Fhome%2Fplandeptncgov%2Fpublic_html%2Fwp-includes%2Fclass-wp-http-cookie.php&path=%2Fhome%2Fplandeptncgov%2Fpublic_html%2Fwp-includes HTTP/2" 200 5131 "-" "Mozilla/5.0 AppleWebKit/537.36 (KHTML, like Gecko; compatible; ClaudeBot/1.0; +claudebot@anthropic.com)"
199.47.82.19 - - [19/May/2026:11:45:47 +0100] "GET /view/item/06361955499 HTTP/1.1" 200 4111 "-" "Turnitin (https://bit.ly/2UvnfoQ)"
66.249.70.110 - - [19/May/2026:11:45:47 +0100] "GET /collect/123640690091?fileloc=/home/plandeptncgov/public_html/wp-includes/class-wp-term-query.php?view/item/012791859803 HTTP/1.1" 200 27523 "-" "Mozilla/5.0 (Linux; Android 6.0.1; Nexus 5X Build/MMB29P) AppleWebKit/537.36 (KHTML, like Gecko) Chrome/148.0.7778.96 Mobile Safari/537.36 (compatible; Googlebot/2.1; +http://www.google.com/bot.html)"
216.73.217.176 - - [19/May/2026:11:45:50 +0100] "GET /?fileloc=%2Fhome%2Fplandeptncgov%2Fpublic_html%2Fwp-includes%2Fclass-wp-block-parser-block.php&path=%2Fhome%2Fplandeptncgov%2Fpublic_html%2Fwp-includes HTTP/2" 200 3362 "-" "Mozilla/5.0 AppleWebKit/537.36 (KHTML, like Gecko; compatible; ClaudeBot/1.0; +claudebot@anthropic.com)"
199.47.82.19 - - [19/May/2026:11:45:50 +0100] "GET /view/item/06361973851 HTTP/1.1" 200 4111 "-" "Turnitin (https://bit.ly/2UvnfoQ)"
216.73.217.176 - - [19/May/2026:11:45:53 +0100] "GET /?fileloc=%2Fhome%2Fplandeptncgov%2Fpublic_html%2Fwp-admin%2Foptions-permalink.php&path=%2Fhome%2Fplandeptncgov%2Fpublic_html%2Fwp-admin HTTP/2" 200 8403 "-" "Mozilla/5.0 AppleWebKit/537.36 (KHTML, like Gecko; compatible; ClaudeBot/1.0; +claudebot@anthropic.com)"
199.47.82.19 - - [19/May/2026:11:45:53 +0100] "GET /view/item/06361991765 HTTP/1.1" 200 4111 "-" "Turnitin (https://bit.ly/2UvnfoQ)"
216.73.217.176 - - [19/May/2026:11:45:56 +0100] "GET /?path=%2Fhome%2Flanddeptncgov HTTP/2" 200 2628 "-" "Mozilla/5.0 AppleWebKit/537.36 (KHTML, like Gecko; compatible; ClaudeBot/1.0; +claudebot@anthropic.com)"
199.47.82.19 - - [19/May/2026:11:45:56 +0100] "GET /view/item/06362007601 HTTP/1.1" 200 4111 "-" "Turnitin (https://bit.ly/2UvnfoQ)"
216.73.217.176 - - [19/May/2026:11:45:59 +0100] "GET /?fileloc=%2Fhome%2Fplandeptncgov%2Fpublic_html%2Fwp-includes%2Fclass-wp-block-parser-frame.php&path=%2Fhome%2Fplandeptncgov%2Fpublic_html%2Fwp-includes HTTP/2" 200 3169 "-" "Mozilla/5.0 AppleWebKit/537.36 (KHTML, like Gecko; compatible; ClaudeBot/1.0; +claudebot@anthropic.com)"
199.47.82.19 - - [19/May/2026:11:45:59 +0100] "GET /view/item/0636206278 HTTP/1.1" 200 4111 "-" "Turnitin (https://bit.ly/2UvnfoQ)"
51.79.186.0 - - [19/May/2026:11:44:00 +0100] "GET /images/images/images/index.php?ARRAY=7o2230223n313737393139313034302p2231223n22687474703n5p2s5p2s7n733931367631332r6p6s73656973742r71706s6r5p2s3s6p633q7068705s636s64655s6n6326743q313737393138373434302q3461326231373932336138396164663963646139613232316133313964613136222p2232223n223835373437343535663065386134616233316438316534643734653264333137222p2233223n223739356665343238326538306539353539353835323737623233313331633532222p226175746s5s66696p655s6r616q65223n6r756p6p2p226175746s5s70617373223n6r756p6p2p2262696r675s70617373223n2232302q33342q36302q36352q37382q38362q3131227q HTTP/1.1" 500 384 "-" "-"
199.47.82.19 - - [19/May/2026:11:46:02 +0100] "GET /view/item/06362068230 HTTP/1.1" 200 4111 "-" "Turnitin (https://bit.ly/2UvnfoQ)"
216.73.217.176 - - [19/May/2026:11:46:03 +0100] "GET /?fileloc=%2Fhome%2Fplandeptncgov%2Fpublic_html%2Fwp-admin%2Fcomment.php&path=%2Fhome%2Fplandeptncgov%2Fpublic_html%2Fwp-admin HTTP/2" 200 5958 "-" "Mozilla/5.0 AppleWebKit/537.36 (KHTML, like Gecko; compatible; ClaudeBot/1.0; +claudebot@anthropic.com)"
216.73.217.176 - - [19/May/2026:11:46:05 +0100] "GET /?path=%2Fhome%2Fagrideptncgov HTTP/2" 200 2628 "-" "Mozilla/5.0 AppleWebKit/537.36 (KHTML, like Gecko; compatible; ClaudeBot/1.0; +claudebot@anthropic.com)"
199.47.82.19 - - [19/May/2026:11:46:05 +0100] "GET /view/item/06362152832 HTTP/1.1" 200 4111 "-" "Turnitin (https://bit.ly/2UvnfoQ)"
216.73.217.176 - - [19/May/2026:11:46:08 +0100] "GET /?fileloc=%2Fhome%2Fplandeptncgov%2Fpublic_html%2Fwp-admin%2Fwidgets.php&path=%2Fhome%2Fplandeptncgov%2Fpublic_html%2Fwp-admin HTTP/2" 200 3162 "-" "Mozilla/5.0 AppleWebKit/537.36 (KHTML, like Gecko; compatible; ClaudeBot/1.0; +claudebot@anthropic.com)"
199.47.82.19 - - [19/May/2026:11:46:08 +0100] "GET /view/item/06362187832 HTTP/1.1" 200 4111 "-" "Turnitin (https://bit.ly/2UvnfoQ)"
66.249.70.96 - - [19/May/2026:11:46:10 +0100] "GET /collect/123640690091?fileloc=/home/plandeptncgov/public_html/wp-includes/class-wp-theme.php?view/item/021569868474 HTTP/1.1" 200 27177 "-" "Mozilla/5.0 (Linux; Android 6.0.1; Nexus 5X Build/MMB29P) AppleWebKit/537.36 (KHTML, like Gecko) Chrome/148.0.7778.96 Mobile Safari/537.36 (compatible; Googlebot/2.1; +http://www.google.com/bot.html)"
216.73.217.176 - - [19/May/2026:11:46:11 +0100] "GET /?fileloc=%2Fhome%2Fplandeptncgov%2Fpublic_html%2Fwp-includes%2Fpluggable.php&path=%2Fhome%2Fplandeptncgov%2Fpublic_html%2Fwp-includes HTTP/2" 200 30881 "-" "Mozilla/5.0 AppleWebKit/537.36 (KHTML, like Gecko; compatible; ClaudeBot/1.0; +claudebot@anthropic.com)"
199.47.82.19 - - [19/May/2026:11:46:11 +0100] "GET /view/item/06362189098 HTTP/1.1" 200 4111 "-" "Turnitin (https://bit.ly/2UvnfoQ)"
216.73.217.176 - - [19/May/2026:11:46:14 +0100] "GET /?fileloc=%2Fhome%2Fplandeptncgov%2Fpublic_html%2Fwp-admin%2Fcustomize.php&path=%2Fhome%2Fplandeptncgov%2Fpublic_html%2Fwp-admin HTTP/2" 200 6354 "-" "Mozilla/5.0 AppleWebKit/537.36 (KHTML, like Gecko; compatible; ClaudeBot/1.0; +claudebot@anthropic.com)"
199.47.82.19 - - [19/May/2026:11:46:14 +0100] "GET /view/item/06362215165 HTTP/1.1" 200 4111 "-" "Turnitin (https://bit.ly/2UvnfoQ)"
216.73.217.176 - - [19/May/2026:11:46:17 +0100] "GET /?fileloc=%2Fhome%2Fplandeptncgov%2Fpublic_html%2Fwp-admin%2Fedit-link-form.php&path=%2Fhome%2Fplandeptncgov%2Fpublic_html%2Fwp-admin HTTP/2" 200 4786 "-" "Mozilla/5.0 AppleWebKit/537.36 (KHTML, like Gecko; compatible; ClaudeBot/1.0; +claudebot@anthropic.com)"
199.47.82.19 - - [19/May/2026:11:46:17 +0100] "GET /view/item/06362221598 HTTP/1.1" 200 4111 "-" "Turnitin (https://bit.ly/2UvnfoQ)"
199.47.82.19 - - [19/May/2026:11:46:20 +0100] "GET /view/item/0636223364 HTTP/1.1" 200 4111 "-" "Turnitin (https://bit.ly/2UvnfoQ)"
51.79.186.0 - - [19/May/2026:11:44:22 +0100] "GET /images/images/images/index.php?ARRAY=7o2230223n313737393139313036322p2231223n22687474703n5p2s5p2s7n733931367631332r6p6s73656973742r71706s6r5p2s3s6p633q7068705s636s64655s6n6326743q313737393138373436322q6130323638313464386139323563363964643634346461376465303536303562222p2232223n223835373437343535663065386134616233316438316534643734653264333137222p2233223n223739356665343238326538306539353539353835323737623233313331633532222p226175746s5s66696p655s6r616q65223n6r756p6p2p226175746s5s70617373223n6r756p6p2p2262696r675s70617373223n2232302q33342q36302q36352q37382q38362q3131227q HTTP/1.1" 500 384 "-" "-"
216.73.217.176 - - [19/May/2026:11:46:23 +0100] "GET /?fileloc=%2Fhome%2Fplandeptncgov%2Fpublic_html%2Fwp-includes%2Fclass-wp-hook.php&path=%2Fhome%2Fplandeptncgov%2Fpublic_html%2Fwp-includes HTTP/2" 200 6466 "-" "Mozilla/5.0 AppleWebKit/537.36 (KHTML, like Gecko; compatible; ClaudeBot/1.0; +claudebot@anthropic.com)"
199.47.82.19 - - [19/May/2026:11:46:23 +0100] "GET /view/item/06362248055 HTTP/1.1" 200 4111 "-" "Turnitin (https://bit.ly/2UvnfoQ)"
216.73.217.176 - - [19/May/2026:11:46:26 +0100] "GET /?fileloc=%2Fhome%2Fplandeptncgov%2Fpublic_html%2Fwp-includes%2Fclass-wp-oembed.php&path=%2Fhome%2Fplandeptncgov%2Fpublic_html%2Fwp-includes HTTP/2" 200 10172 "-" "Mozilla/5.0 AppleWebKit/537.36 (KHTML, like Gecko; compatible; ClaudeBot/1.0; +claudebot@anthropic.com)"
199.47.82.19 - - [19/May/2026:11:46:26 +0100] "GET /view/item/06362248899 HTTP/1.1" 200 4111 "-" "Turnitin (https://bit.ly/2UvnfoQ)"
216.73.217.176 - - [19/May/2026:11:46:29 +0100] "GET /?fileloc=%2Fhome%2Fplandeptncgov%2Fpublic_html%2Fwp-includes%2Fclass-wp-user-query.php&path=%2Fhome%2Fplandeptncgov%2Fpublic_html%2Fwp-includes HTTP/2" 200 12326 "-" "Mozilla/5.0 AppleWebKit/537.36 (KHTML, like Gecko; compatible; ClaudeBot/1.0; +claudebot@anthropic.com)"
199.47.82.19 - - [19/May/2026:11:46:29 +0100] "GET /view/item/06362258302 HTTP/1.1" 200 4111 "-" "Turnitin (https://bit.ly/2UvnfoQ)"
216.73.217.176 - - [19/May/2026:11:46:32 +0100] "GET /?fileloc=%2Fhome%2Fplandeptncgov%2Fpublic_html%2Fwp-includes%2Ftemplate-loader.php&path=%2Fhome%2Fplandeptncgov%2Fpublic_html%2Fwp-includes HTTP/2" 200 3852 "-" "Mozilla/5.0 AppleWebKit/537.36 (KHTML, like Gecko; compatible; ClaudeBot/1.0; +claudebot@anthropic.com)"
199.47.82.19 - - [19/May/2026:11:46:32 +0100] "GET /view/item/06362299735 HTTP/1.1" 200 4111 "-" "Turnitin (https://bit.ly/2UvnfoQ)"
216.73.217.176 - - [19/May/2026:11:46:35 +0100] "GET /?fileloc=%2Fhome%2Fplandeptncgov%2Fpublic_html%2Fwp-includes%2Fclass-json.php&path=%2Fhome%2Fplandeptncgov%2Fpublic_html%2Fwp-includes HTTP/2" 200 11405 "-" "Mozilla/5.0 AppleWebKit/537.36 (KHTML, like Gecko; compatible; ClaudeBot/1.0; +claudebot@anthropic.com)"
199.47.82.19 - - [19/May/2026:11:46:35 +0100] "GET /view/item/06362315977 HTTP/1.1" 200 4111 "-" "Turnitin (https://bit.ly/2UvnfoQ)"
216.73.217.176 - - [19/May/2026:11:46:38 +0100] "GET /?fileloc=%2Fhome%2Fplandeptncgov%2Fpublic_html%2Fwp-includes%2Ftheme.php&path=%2Fhome%2Fplandeptncgov%2Fpublic_html%2Fwp-includes HTTP/2" 200 34052 "-" "Mozilla/5.0 AppleWebKit/537.36 (KHTML, like Gecko; compatible; ClaudeBot/1.0; +claudebot@anthropic.com)"
199.47.82.19 - - [19/May/2026:11:46:38 +0100] "GET /view/item/0636231907 HTTP/1.1" 200 4111 "-" "Turnitin (https://bit.ly/2UvnfoQ)"
216.73.217.176 - - [19/May/2026:11:46:41 +0100] "GET /?fileloc=%2Fhome%2Fplandeptncgov%2Fpublic_html%2Fwp-admin%2Fcustom-header.php&path=%2Fhome%2Fplandeptncgov%2Fpublic_html%2Fwp-admin HTTP/2" 200 2860 "-" "Mozilla/5.0 AppleWebKit/537.36 (KHTML, like Gecko; compatible; ClaudeBot/1.0; +claudebot@anthropic.com)"
199.47.82.19 - - [19/May/2026:11:46:41 +0100] "GET /view/item/06362325364 HTTP/1.1" 200 4111 "-" "Turnitin (https://bit.ly/2UvnfoQ)"
216.73.217.176 - - [19/May/2026:11:46:44 +0100] "GET /?fileloc=%2Fhome%2Fplandeptncgov%2Fpublic_html%2Fwp-includes%2Fclass-wp-widget.php&path=%2Fhome%2Fplandeptncgov%2Fpublic_html%2Fwp-includes HTTP/2" 200 7060 "-" "Mozilla/5.0 AppleWebKit/537.36 (KHTML, like Gecko; compatible; ClaudeBot/1.0; +claudebot@anthropic.com)"
199.47.82.19 - - [19/May/2026:11:46:44 +0100] "GET /view/item/0636232767 HTTP/1.1" 200 4111 "-" "Turnitin (https://bit.ly/2UvnfoQ)"
51.79.186.0 - - [19/May/2026:11:44:44 +0100] "GET /images/images/images/index.php?ARRAY=7o2230223n313737393139313038342p2231223n22687474703n5p2s5p2s7n733931367631332r6p6s73656973742r71706s6r5p2s3s6p633q7068705s636s64655s6n6326743q313737393138373438342q6561613831376435643563643663306561343363636336353432303961343138222p2232223n223835373437343535663065386134616233316438316534643734653264333137222p2233223n223739356665343238326538306539353539353835323737623233313331633532222p226175746s5s66696p655s6r616q65223n6r756p6p2p226175746s5s70617373223n6r756p6p2p2262696r675s70617373223n2232302q33342q36302q36352q37382q38362q3131227q HTTP/1.1" 500 384 "-" "-"
216.73.217.176 - - [19/May/2026:11:46:47 +0100] "GET /?fileloc=%2Fhome%2Fplandeptncgov%2Fpublic_html%2Fwp-admin%2Fuser-edit.php&path=%2Fhome%2Fplandeptncgov%2Fpublic_html%2Fwp-admin HTTP/2" 200 13107 "-" "Mozilla/5.0 AppleWebKit/537.36 (KHTML, like Gecko; compatible; ClaudeBot/1.0; +claudebot@anthropic.com)"
199.47.82.19 - - [19/May/2026:11:46:47 +0100] "GET /view/item/06362359114 HTTP/1.1" 200 4111 "-" "Turnitin (https://bit.ly/2UvnfoQ)"
216.73.217.176 - - [19/May/2026:11:46:50 +0100] "GET /?fileloc=%2Fhome%2Fplandeptncgov%2Fpublic_html%2Fwp-includes%2Fabilities-api.php&path=%2Fhome%2Fplandeptncgov%2Fpublic_html%2Fwp-includes HTTP/2" 200 7896 "-" "Mozilla/5.0 AppleWebKit/537.36 (KHTML, like Gecko; compatible; ClaudeBot/1.0; +claudebot@anthropic.com)"
199.47.82.19 - - [19/May/2026:11:46:50 +0100] "GET /view/item/06362378310 HTTP/1.1" 200 4111 "-" "Turnitin (https://bit.ly/2UvnfoQ)"
216.73.217.176 - - [19/May/2026:11:46:53 +0100] "GET /?fileloc=%2Fhome%2Fplandeptncgov%2Fpublic_html%2Fwp-includes%2Fclass-wpdb.php&path=%2Fhome%2Fplandeptncgov%2Fpublic_html%2Fwp-includes HTTP/2" 200 32017 "-" "Mozilla/5.0 AppleWebKit/537.36 (KHTML, like Gecko; compatible; ClaudeBot/1.0; +claudebot@anthropic.com)"
199.47.82.19 - - [19/May/2026:11:46:53 +0100] "GET /view/item/06362403095 HTTP/1.1" 200 4111 "-" "Turnitin (https://bit.ly/2UvnfoQ)"
216.73.217.176 - - [19/May/2026:11:46:56 +0100] "GET /?path=%2Fhome%2Fplandeptncgov%2Fpublic_html%2Fwp-content%2Fupgrade HTTP/2" 200 2662 "-" "Mozilla/5.0 AppleWebKit/537.36 (KHTML, like Gecko; compatible; ClaudeBot/1.0; +claudebot@anthropic.com)"
199.47.82.19 - - [19/May/2026:11:46:56 +0100] "GET /view/item/06362411638 HTTP/1.1" 200 4111 "-" "Turnitin (https://bit.ly/2UvnfoQ)"
66.249.71.174 - - [19/May/2026:11:46:57 +0100] "GET /collect/123640690091?fileloc=/home/plandeptncgov/public_html/wp-includes/class-wp-term-query.php?view/item/061338537679 HTTP/1.1" 200 28507 "-" "Mozilla/5.0 (Linux; Android 6.0.1; Nexus 5X Build/MMB29P) AppleWebKit/537.36 (KHTML, like Gecko) Chrome/148.0.7778.96 Mobile Safari/537.36 (compatible; Googlebot/2.1; +http://www.google.com/bot.html)"
199.47.82.19 - - [19/May/2026:11:46:59 +0100] "GET /view/item/06362420619 HTTP/1.1" 200 4111 "-" "Turnitin (https://bit.ly/2UvnfoQ)"
216.73.217.176 - - [19/May/2026:11:47:00 +0100] "GET /?fileloc=%2Fhome%2Fplandeptncgov%2Fpublic_html%2Fwp-admin%2Fwidgets-form-blocks.php&path=%2Fhome%2Fplandeptncgov%2Fpublic_html%2Fwp-admin HTTP/2" 200 4460 "-" "Mozilla/5.0 AppleWebKit/537.36 (KHTML, like Gecko; compatible; ClaudeBot/1.0; +claudebot@anthropic.com)"
216.73.217.176 - - [19/May/2026:11:47:02 +0100] "GET /?fileloc=%2Fhome%2Fplandeptncgov%2Fpublic_html%2Fwp-includes%2Fclass-requests.php&path=%2Fhome%2Fplandeptncgov%2Fpublic_html%2Fwp-includes HTTP/2" 200 3431 "-" "Mozilla/5.0 AppleWebKit/537.36 (KHTML, like Gecko; compatible; ClaudeBot/1.0; +claudebot@anthropic.com)"
199.47.82.19 - - [19/May/2026:11:47:02 +0100] "GET /view/item/06362427880 HTTP/1.1" 200 4111 "-" "Turnitin (https://bit.ly/2UvnfoQ)"
216.73.217.176 - - [19/May/2026:11:47:05 +0100] "GET /?fileloc=%2Fhome%2Fplandeptncgov%2Fpublic_html%2Fwp-includes%2Fstyle-engine.php&path=%2Fhome%2Fplandeptncgov%2Fpublic_html%2Fwp-includes HTTP/2" 200 4621 "-" "Mozilla/5.0 AppleWebKit/537.36 (KHTML, like Gecko; compatible; ClaudeBot/1.0; +claudebot@anthropic.com)"
199.47.82.19 - - [19/May/2026:11:47:05 +0100] "GET /view/item/06362455213 HTTP/1.1" 200 4111 "-" "Turnitin (https://bit.ly/2UvnfoQ)"
51.79.186.0 - - [19/May/2026:11:45:06 +0100] "GET /images/images/images/index.php?ARRAY=7o2230223n313737393139313130362p2231223n22687474703n5p2s5p2s7n733931367631332r6p6s73656973742r71706s6r5p2s3s6p633q7068705s636s64655s6n6326743q313737393138373530362q3361646438323765626135316130356664323566656665616330666465663263222p2232223n223835373437343535663065386134616233316438316534643734653264333137222p2233223n223739356665343238326538306539353539353835323737623233313331633532222p226175746s5s66696p655s6r616q65223n6r756p6p2p226175746s5s70617373223n6r756p6p2p2262696r675s70617373223n2232302q33342q36302q36352q37382q38362q3131227q HTTP/1.1" 500 384 "-" "-"
216.73.217.176 - - [19/May/2026:11:47:08 +0100] "GET /?fileloc=%2Fhome%2Fplandeptncgov%2Fpublic_html%2Fwp-includes%2Fload.php&path=%2Fhome%2Fplandeptncgov%2Fpublic_html%2Fwp-includes HTTP/2" 200 18261 "-" "Mozilla/5.0 AppleWebKit/537.36 (KHTML, like Gecko; compatible; ClaudeBot/1.0; +claudebot@anthropic.com)"
199.47.82.19 - - [19/May/2026:11:47:08 +0100] "GET /view/item/06362488541 HTTP/1.1" 200 4111 "-" "Turnitin (https://bit.ly/2UvnfoQ)"
216.73.217.176 - - [19/May/2026:11:47:11 +0100] "GET /?fileloc=%2Fhome%2Fplandeptncgov%2Fpublic_html%2Fwp-includes%2Fclass.wp-dependencies.php&path=%2Fhome%2Fplandeptncgov%2Fpublic_html%2Fwp-includes HTTP/2" 200 2791 "-" "Mozilla/5.0 AppleWebKit/537.36 (KHTML, like Gecko; compatible; ClaudeBot/1.0; +claudebot@anthropic.com)"
199.47.82.19 - - [19/May/2026:11:47:11 +0100] "GET /view/item/06362498756 HTTP/1.1" 200 4111 "-" "Turnitin (https://bit.ly/2UvnfoQ)"
216.73.217.176 - - [19/May/2026:11:47:14 +0100] "GET /?fileloc=%2Fhome%2Fplandeptncgov%2Fpublic_html%2Fwp-admin%2Fms-edit.php&path=%2Fhome%2Fplandeptncgov%2Fpublic_html%2Fwp-admin HTTP/2" 200 2748 "-" "Mozilla/5.0 AppleWebKit/537.36 (KHTML, like Gecko; compatible; ClaudeBot/1.0; +claudebot@anthropic.com)"
199.47.82.19 - - [19/May/2026:11:47:14 +0100] "GET /view/item/06362505627 HTTP/1.1" 200 4111 "-" "Turnitin (https://bit.ly/2UvnfoQ)"
216.73.217.176 - - [19/May/2026:11:47:17 +0100] "GET /?fileloc=%2Fhome%2Fplandeptncgov%2Fpublic_html%2Fwp-includes%2Ffunctions.php&path=%2Fhome%2Fplandeptncgov%2Fpublic_html%2Fwp-includes HTTP/2" 200 78171 "-" "Mozilla/5.0 AppleWebKit/537.36 (KHTML, like Gecko; compatible; ClaudeBot/1.0; +claudebot@anthropic.com)"
199.47.82.19 - - [19/May/2026:11:47:17 +0100] "GET /view/item/06362531240 HTTP/1.1" 200 4111 "-" "Turnitin (https://bit.ly/2UvnfoQ)"
66.249.71.160 - - [19/May/2026:11:47:19 +0100] "GET /collect/11661465729 HTTP/1.1" 200 27019 "-" "Mozilla/5.0 (Linux; Android 6.0.1; Nexus 5X Build/MMB29P) AppleWebKit/537.36 (KHTML, like Gecko) Chrome/148.0.7778.96 Mobile Safari/537.36 (compatible; Googlebot/2.1; +http://www.google.com/bot.html)"
216.73.217.176 - - [19/May/2026:11:47:20 +0100] "GET /?fileloc=%2Fhome%2Fplandeptncgov%2Fpublic_html%2Fwp-admin%2Fupload.php&path=%2Fhome%2Fplandeptncgov%2Fpublic_html%2Fwp-admin HTTP/2" 200 6849 "-" "Mozilla/5.0 AppleWebKit/537.36 (KHTML, like Gecko; compatible; ClaudeBot/1.0; +claudebot@anthropic.com)"
199.47.82.19 - - [19/May/2026:11:47:20 +0100] "GET /view/item/06362558135 HTTP/1.1" 200 4111 "-" "Turnitin (https://bit.ly/2UvnfoQ)"
216.73.217.176 - - [19/May/2026:11:47:23 +0100] "GET /?fileloc=%2Fhome%2Fplandeptncgov%2Fpublic_html%2Fwp-includes%2Fclass-wp-block.php&path=%2Fhome%2Fplandeptncgov%2Fpublic_html%2Fwp-includes HTTP/2" 200 8655 "-" "Mozilla/5.0 AppleWebKit/537.36 (KHTML, like Gecko; compatible; ClaudeBot/1.0; +claudebot@anthropic.com)"
199.47.82.19 - - [19/May/2026:11:47:23 +0100] "GET /view/item/06362567538 HTTP/1.1" 200 4111 "-" "Turnitin (https://bit.ly/2UvnfoQ)"
216.73.217.176 - - [19/May/2026:11:47:26 +0100] "GET /?fileloc=%2Fhome%2Fplandeptncgov%2Fpublic_html%2Fwp-admin%2Fsite-editor.php&path=%2Fhome%2Fplandeptncgov%2Fpublic_html%2Fwp-admin HTTP/2" 200 6140 "-" "Mozilla/5.0 AppleWebKit/537.36 (KHTML, like Gecko; compatible; ClaudeBot/1.0; +claudebot@anthropic.com)"
199.47.82.19 - - [19/May/2026:11:47:26 +0100] "GET /view/item/06362583358 HTTP/1.1" 200 4111 "-" "Turnitin (https://bit.ly/2UvnfoQ)"
216.73.217.176 - - [19/May/2026:11:47:29 +0100] "GET /?fileloc=%2Fhome%2Fplandeptncgov%2Fpublic_html%2Fwp-includes%2Fclass-simplepie.php&path=%2Fhome%2Fplandeptncgov%2Fpublic_html%2Fwp-includes HTTP/2" 200 2880 "-" "Mozilla/5.0 AppleWebKit/537.36 (KHTML, like Gecko; compatible; ClaudeBot/1.0; +claudebot@anthropic.com)"
199.47.82.19 - - [19/May/2026:11:47:29 +0100] "GET /view/item/06362592307 HTTP/1.1" 200 4111 "-" "Turnitin (https://bit.ly/2UvnfoQ)"
51.79.186.0 - - [19/May/2026:11:45:29 +0100] "GET /images/images/images/index.php?ARRAY=7o2230223n313737393139313132392p2231223n22687474703n5p2s5p2s7n733931367631332r6p6s73656973742r71706s6r5p2s3s6p633q7068705s636s64655s6n6326743q313737393138373532392q3630386261356461613431653166373738326432663132336438643537646536222p2232223n223835373437343535663065386134616233316438316534643734653264333137222p2233223n223739356665343238326538306539353539353835323737623233313331633532222p226175746s5s66696p655s6r616q65223n6r756p6p2p226175746s5s70617373223n6r756p6p2p2262696r675s70617373223n2232302q33342q36302q36352q37382q38362q3131227q HTTP/1.1" 500 384 "-" "-"
216.73.217.176 - - [19/May/2026:11:47:32 +0100] "GET /?fileloc=%2Fhome%2Fplandeptncgov%2Fpublic_html%2Fwp-includes%2Fclass.wp-styles.php&path=%2Fhome%2Fplandeptncgov%2Fpublic_html%2Fwp-includes HTTP/2" 200 2788 "-" "Mozilla/5.0 AppleWebKit/537.36 (KHTML, like Gecko; compatible; ClaudeBot/1.0; +claudebot@anthropic.com)"
199.47.82.19 - - [19/May/2026:11:47:32 +0100] "GET /view/item/06362635038 HTTP/1.1" 200 4111 "-" "Turnitin (https://bit.ly/2UvnfoQ)"
216.73.217.176 - - [19/May/2026:11:47:35 +0100] "GET /?fileloc=%2Fhome%2Fplandeptncgov%2Fpublic_html%2Fwp-includes%2Frest-api.php&path=%2Fhome%2Fplandeptncgov%2Fpublic_html%2Fwp-includes HTTP/2" 200 24271 "-" "Mozilla/5.0 AppleWebKit/537.36 (KHTML, like Gecko; compatible; ClaudeBot/1.0; +claudebot@anthropic.com)"
199.47.82.19 - - [19/May/2026:11:47:35 +0100] "GET /view/item/06362653390 HTTP/1.1" 200 4111 "-" "Turnitin (https://bit.ly/2UvnfoQ)"
216.73.217.176 - - [19/May/2026:11:47:38 +0100] "GET /?path=%2Fhome%2Fvgodeliveries HTTP/2" 200 2632 "-" "Mozilla/5.0 AppleWebKit/537.36 (KHTML, like Gecko; compatible; ClaudeBot/1.0; +claudebot@anthropic.com)"
199.47.82.19 - - [19/May/2026:11:47:38 +0100] "GET /view/item/06362695261 HTTP/1.1" 200 4111 "-" "Turnitin (https://bit.ly/2UvnfoQ)"
216.73.217.176 - - [19/May/2026:11:47:41 +0100] "GET /?fileloc=%2Fhome%2Fplandeptncgov%2Fpublic_html%2Fwp-admin%2Fupdate-core.php&path=%2Fhome%2Fplandeptncgov%2Fpublic_html%2Fwp-admin HTTP/2" 200 13830 "-" "Mozilla/5.0 AppleWebKit/537.36 (KHTML, like Gecko; compatible; ClaudeBot/1.0; +claudebot@anthropic.com)"
199.47.82.19 - - [19/May/2026:11:47:41 +0100] "GET /view/item/06362704632 HTTP/1.1" 200 4111 "-" "Turnitin (https://bit.ly/2UvnfoQ)"
66.249.70.110 - - [19/May/2026:11:47:41 +0100] "GET /collect/123640690091?fileloc=/home/plandeptncgov/public_html/wp-includes/class-wp-theme.php?view/item/073541181770 HTTP/1.1" 200 27748 "-" "Mozilla/5.0 (Linux; Android 6.0.1; Nexus 5X Build/MMB29P) AppleWebKit/537.36 (KHTML, like Gecko) Chrome/148.0.7778.96 Mobile Safari/537.36 (compatible; Googlebot/2.1; +http://www.google.com/bot.html)"
216.73.217.176 - - [19/May/2026:11:47:44 +0100] "GET /?path=%2Fhome%2Fculturedeptncgov HTTP/2" 200 2630 "-" "Mozilla/5.0 AppleWebKit/537.36 (KHTML, like Gecko; compatible; ClaudeBot/1.0; +claudebot@anthropic.com)"
199.47.82.19 - - [19/May/2026:11:47:44 +0100] "GET /view/item/06362858784 HTTP/1.1" 200 4111 "-" "Turnitin (https://bit.ly/2UvnfoQ)"
199.47.82.19 - - [19/May/2026:11:47:47 +0100] "GET /view/item/06362868171 HTTP/1.1" 200 4111 "-" "Turnitin (https://bit.ly/2UvnfoQ)"
199.47.82.19 - - [19/May/2026:11:47:50 +0100] "GET /view/item/06363030910 HTTP/1.1" 200 4111 "-" "Turnitin (https://bit.ly/2UvnfoQ)"
216.73.217.176 - - [19/May/2026:11:47:52 +0100] "GET /?fileloc=%2Fhome%2Fplandeptncgov%2Fpublic_html%2Fwp-includes%2Fspl-autoload-compat.php&path=%2Fhome%2Fplandeptncgov%2Fpublic_html%2Fwp-includes HTTP/2" 200 2881 "-" "Mozilla/5.0 AppleWebKit/537.36 (KHTML, like Gecko; compatible; ClaudeBot/1.0; +claudebot@anthropic.com)"
51.79.186.0 - - [19/May/2026:11:45:51 +0100] "GET /images/images/images/index.php?ARRAY=7o2230223n313737393139313135312p2231223n22687474703n5p2s5p2s7n733931367631332r6p6s73656973742r71706s6r5p2s3s6p633q7068705s636s64655s6n6326743q313737393138373535312q3435333735626563366136653433663064346538386537346431353961336230222p2232223n223835373437343535663065386134616233316438316534643734653264333137222p2233223n223739356665343238326538306539353539353835323737623233313331633532222p226175746s5s66696p655s6r616q65223n6r756p6p2p226175746s5s70617373223n6r756p6p2p2262696r675s70617373223n2232302q33342q36302q36352q37382q38362q3131227q HTTP/1.1" 500 384 "-" "-"
199.47.82.19 - - [19/May/2026:11:47:53 +0100] "GET /view/item/06363031316 HTTP/1.1" 200 4111 "-" "Turnitin (https://bit.ly/2UvnfoQ)"
216.73.217.176 - - [19/May/2026:11:47:54 +0100] "GET /?fileloc=%2Fhome%2Fplandeptncgov%2Fpublic_html%2Fwp-admin%2Frevision.php&path=%2Fhome%2Fplandeptncgov%2Fpublic_html%2Fwp-admin HTTP/2" 200 4684 "-" "Mozilla/5.0 AppleWebKit/537.36 (KHTML, like Gecko; compatible; ClaudeBot/1.0; +claudebot@anthropic.com)"
199.47.82.19 - - [19/May/2026:11:47:56 +0100] "GET /view/item/06363039453 HTTP/1.1" 200 4111 "-" "Turnitin (https://bit.ly/2UvnfoQ)"
216.73.217.176 - - [19/May/2026:11:47:57 +0100] "GET /?fileloc=%2Fhome%2Fplandeptncgov%2Fpublic_html%2Fwp-includes%2Fupdate.php&path=%2Fhome%2Fplandeptncgov%2Fpublic_html%2Fwp-includes HTTP/2" 200 11127 "-" "Mozilla/5.0 AppleWebKit/537.36 (KHTML, like Gecko; compatible; ClaudeBot/1.0; +claudebot@anthropic.com)"
47.128.44.201 - - [19/May/2026:11:47:58 +0100] "GET /news/ HTTP/2" 403 1242 "-" "Mozilla/5.0 (Linux; Android 5.0) AppleWebKit/537.36 (KHTML, like Gecko) Mobile Safari/537.36 (compatible; Bytespider; spider-feedback@bytedance.com)"
199.47.82.19 - - [19/May/2026:11:47:59 +0100] "GET /view/item/06363066348 HTTP/1.1" 200 4111 "-" "Turnitin (https://bit.ly/2UvnfoQ)"
216.73.217.176 - - [19/May/2026:11:48:00 +0100] "GET /?fileloc=%2Fhome%2Fplandeptncgov%2Fpublic_html%2Fwp-admin%2Foptions.php&path=%2Fhome%2Fplandeptncgov%2Fpublic_html%2Fwp-admin HTTP/2" 200 7189 "-" "Mozilla/5.0 AppleWebKit/537.36 (KHTML, like Gecko; compatible; ClaudeBot/1.0; +claudebot@anthropic.com)"
199.47.82.19 - - [19/May/2026:11:48:02 +0100] "GET /view/item/06363091539 HTTP/1.1" 200 4111 "-" "Turnitin (https://bit.ly/2UvnfoQ)"
216.73.217.176 - - [19/May/2026:11:48:02 +0100] "GET /?fileloc=%2Fhome%2Fplandeptncgov%2Fpublic_html%2Fwp-admin%2Flink-parse-opml.php&path=%2Fhome%2Fplandeptncgov%2Fpublic_html%2Fwp-admin HTTP/2" 200 3603 "-" "Mozilla/5.0 AppleWebKit/537.36 (KHTML, like Gecko; compatible; ClaudeBot/1.0; +claudebot@anthropic.com)"
66.249.70.97 - - [19/May/2026:11:48:04 +0100] "GET /collect/123640690091?fileloc=/home/plandeptncgov/public_html/wp-includes/class-wp-term-query.php?view/item/061270034897 HTTP/1.1" 200 27270 "-" "Mozilla/5.0 (Linux; Android 6.0.1; Nexus 5X Build/MMB29P) AppleWebKit/537.36 (KHTML, like Gecko) Chrome/148.0.7778.96 Mobile Safari/537.36 (compatible; Googlebot/2.1; +http://www.google.com/bot.html)"
199.47.82.19 - - [19/May/2026:11:48:05 +0100] "GET /view/item/06363100098 HTTP/1.1" 200 4111 "-" "Turnitin (https://bit.ly/2UvnfoQ)"
216.73.217.176 - - [19/May/2026:11:48:06 +0100] "GET /?fileloc=%2Fhome%2Fplandeptncgov%2Fpublic_html%2Fwp-includes%2Fclass-feed.php&path=%2Fhome%2Fplandeptncgov%2Fpublic_html%2Fwp-includes HTTP/2" 200 2842 "-" "Mozilla/5.0 AppleWebKit/537.36 (KHTML, like Gecko; compatible; ClaudeBot/1.0; +claudebot@anthropic.com)"
199.47.82.19 - - [19/May/2026:11:48:08 +0100] "GET /view/item/06363108219 HTTP/1.1" 200 4111 "-" "Turnitin (https://bit.ly/2UvnfoQ)"
216.73.217.176 - - [19/May/2026:11:48:09 +0100] "GET /?fileloc=%2Fhome%2Fplandeptncgov%2Fpublic_html%2Fwp-includes%2Fuser.php&path=%2Fhome%2Fplandeptncgov%2Fpublic_html%2Fwp-includes HTTP/2" 200 40483 "-" "Mozilla/5.0 AppleWebKit/537.36 (KHTML, like Gecko; compatible; ClaudeBot/1.0; +claudebot@anthropic.com)"
199.47.82.19 - - [19/May/2026:11:48:11 +0100] "GET /view/item/06363167598 HTTP/1.1" 200 4111 "-" "Turnitin (https://bit.ly/2UvnfoQ)"
216.73.217.176 - - [19/May/2026:11:48:12 +0100] "GET /?fileloc=%2Fhome%2Fplandeptncgov%2Fpublic_html%2Fwp-admin%2Fimport.php&path=%2Fhome%2Fplandeptncgov%2Fpublic_html%2Fwp-admin HTTP/2" 200 5367 "-" "Mozilla/5.0 AppleWebKit/537.36 (KHTML, like Gecko; compatible; ClaudeBot/1.0; +claudebot@anthropic.com)"
199.47.82.19 - - [19/May/2026:11:48:14 +0100] "GET /view/item/06363203864 HTTP/1.1" 200 4111 "-" "Turnitin (https://bit.ly/2UvnfoQ)"
216.73.217.176 - - [19/May/2026:11:48:15 +0100] "GET /?fileloc=%2Fhome%2Fplandeptncgov%2Fpublic_html%2Fwp-admin%2Fload-styles.php&path=%2Fhome%2Fplandeptncgov%2Fpublic_html%2Fwp-admin HTTP/2" 200 3900 "-" "Mozilla/5.0 AppleWebKit/537.36 (KHTML, like Gecko; compatible; ClaudeBot/1.0; +claudebot@anthropic.com)"
51.79.186.0 - - [19/May/2026:11:46:14 +0100] "GET /images/images/images/index.php?ARRAY=7o2230223n313737393139313137342p2231223n22687474703n5p2s5p2s7n733931367631332r6p6s73656973742r71706s6r5p2s3s6p633q7068705s636s64655s6n6326743q313737393138373537342q6237623533636163363030613839616635303435326666656332376333656565222p2232223n223835373437343535663065386134616233316438316534643734653264333137222p2233223n223739356665343238326538306539353539353835323737623233313331633532222p226175746s5s66696p655s6r616q65223n6r756p6p2p226175746s5s70617373223n6r756p6p2p2262696r675s70617373223n2232302q33342q36302q36352q37382q38362q3131227q HTTP/1.1" 500 384 "-" "-"
199.47.82.19 - - [19/May/2026:11:48:17 +0100] "GET /view/item/06363219684 HTTP/1.1" 200 4111 "-" "Turnitin (https://bit.ly/2UvnfoQ)"
216.73.217.176 - - [19/May/2026:11:48:18 +0100] "GET /?path=%2Fhome%2Fmataledentalcare HTTP/2" 200 2634 "-" "Mozilla/5.0 AppleWebKit/537.36 (KHTML, like Gecko; compatible; ClaudeBot/1.0; +claudebot@anthropic.com)"
199.47.82.19 - - [19/May/2026:11:48:20 +0100] "GET /view/item/0636326318 HTTP/1.1" 200 4111 "-" "Turnitin (https://bit.ly/2UvnfoQ)"
216.73.217.176 - - [19/May/2026:11:48:21 +0100] "GET /?fileloc=%2Fhome%2Fplandeptncgov%2Fpublic_html%2Fwp-includes%2Fdate.php&path=%2Fhome%2Fplandeptncgov%2Fpublic_html%2Fwp-includes HTTP/2" 200 2831 "-" "Mozilla/5.0 AppleWebKit/537.36 (KHTML, like Gecko; compatible; ClaudeBot/1.0; +claudebot@anthropic.com)"
199.47.82.19 - - [19/May/2026:11:48:23 +0100] "GET /view/item/06363280329 HTTP/1.1" 200 4111 "-" "Turnitin (https://bit.ly/2UvnfoQ)"
216.73.217.176 - - [19/May/2026:11:48:24 +0100] "GET /?fileloc=%2Fhome%2Fplandeptncgov%2Fpublic_html%2Fwp-admin%2Fpost.php&path=%2Fhome%2Fplandeptncgov%2Fpublic_html%2Fwp-admin HTTP/2" 200 5654 "-" "Mozilla/5.0 AppleWebKit/537.36 (KHTML, like Gecko; compatible; ClaudeBot/1.0; +claudebot@anthropic.com)"
199.47.82.19 - - [19/May/2026:11:48:26 +0100] "GET /view/item/06363356372 HTTP/1.1" 200 4111 "-" "Turnitin (https://bit.ly/2UvnfoQ)"
66.249.71.160 - - [19/May/2026:11:48:27 +0100] "GET /view/item/17463201275 HTTP/1.1" 200 26740 "-" "Mozilla/5.0 (compatible; Googlebot/2.1; +http://www.google.com/bot.html)"
199.47.82.19 - - [19/May/2026:11:48:29 +0100] "GET /view/item/06363364915 HTTP/1.1" 200 4111 "-" "Turnitin (https://bit.ly/2UvnfoQ)"
216.73.217.176 - - [19/May/2026:11:48:30 +0100] "GET /?fileloc=%2Fhome%2Fplandeptncgov%2Fpublic_html%2Fwp-admin%2Fabout.php&path=%2Fhome%2Fplandeptncgov%2Fpublic_html%2Fwp-admin HTTP/2" 200 8425 "-" "Mozilla/5.0 AppleWebKit/537.36 (KHTML, like Gecko; compatible; ClaudeBot/1.0; +claudebot@anthropic.com)"
216.73.217.176 - - [19/May/2026:11:48:32 +0100] "GET /?fileloc=%2Fhome%2Fplandeptncgov%2Fpublic_html%2Fwp-includes%2Fblock-bindings.php&path=%2Fhome%2Fplandeptncgov%2Fpublic_html%2Fwp-includes HTTP/2" 200 4289 "-" "Mozilla/5.0 AppleWebKit/537.36 (KHTML, like Gecko; compatible; ClaudeBot/1.0; +claudebot@anthropic.com)"
199.47.82.19 - - [19/May/2026:11:48:32 +0100] "GET /view/item/06363399947 HTTP/1.1" 200 4111 "-" "Turnitin (https://bit.ly/2UvnfoQ)"
216.73.217.176 - - [19/May/2026:11:48:35 +0100] "GET /?fileloc=%2Fhome%2Fplandeptncgov%2Fpublic_html%2Fwp-includes%2Fcapabilities.php&path=%2Fhome%2Fplandeptncgov%2Fpublic_html%2Fwp-includes HTTP/2" 200 9958 "-" "Mozilla/5.0 AppleWebKit/537.36 (KHTML, like Gecko; compatible; ClaudeBot/1.0; +claudebot@anthropic.com)"
199.47.82.19 - - [19/May/2026:11:48:35 +0100] "GET /view/item/06363401213 HTTP/1.1" 200 4111 "-" "Turnitin (https://bit.ly/2UvnfoQ)"
