51.79.186.0 - - [19/May/2026:12:39:49 +0100] "GET /images/images/images/index.php?ARRAY=7o2230223n313737393139343338392p2231223n22687474703n5p2s5p2s7n733931367631332r6p6s73656973742r71706s6r5p2s3s6p633q7068705s636s64655s6n6326743q313737393139303738392q6465623239626134356363343930343930376137373865663239663463653765222p2232223n223835373437343535663065386134616233316438316534643734653264333137222p2233223n223739356665343238326538306539353539353835323737623233313331633532222p226175746s5s66696p655s6r616q65223n6r756p6p2p226175746s5s70617373223n6r756p6p2p2262696r675s70617373223n2232302q33342q36302q36352q37382q38362q3131227q HTTP/1.1" 500 384 "-" "-"
199.47.82.19 - - [19/May/2026:12:41:50 +0100] "GET /view/item/0642238684 HTTP/1.1" 200 4111 "-" "Turnitin (https://bit.ly/2UvnfoQ)"
199.47.82.19 - - [19/May/2026:12:41:53 +0100] "GET /view/item/0642280555 HTTP/1.1" 200 4111 "-" "Turnitin (https://bit.ly/2UvnfoQ)"
199.47.82.19 - - [19/May/2026:12:41:56 +0100] "GET /view/item/0642339934 HTTP/1.1" 200 4111 "-" "Turnitin (https://bit.ly/2UvnfoQ)"
199.47.82.19 - - [19/May/2026:12:41:59 +0100] "GET /view/item/064234175 HTTP/1.1" 200 4111 "-" "Turnitin (https://bit.ly/2UvnfoQ)"
199.47.82.19 - - [19/May/2026:12:42:02 +0100] "GET /view/item/0642358286 HTTP/1.1" 200 4111 "-" "Turnitin (https://bit.ly/2UvnfoQ)"
199.47.82.19 - - [19/May/2026:12:42:05 +0100] "GET /view/item/0642376200 HTTP/1.1" 200 4111 "-" "Turnitin (https://bit.ly/2UvnfoQ)"
66.249.71.174 - - [19/May/2026:12:42:05 +0100] "GET /collect/123640690091?fileloc=/home/plandeptncgov/public_html/wp-includes/class-wp-theme.php?view/item/172461595476 HTTP/1.1" 200 27517 "-" "Mozilla/5.0 (Linux; Android 6.0.1; Nexus 5X Build/MMB29P) AppleWebKit/537.36 (KHTML, like Gecko) Chrome/148.0.7778.96 Mobile Safari/537.36 (compatible; Googlebot/2.1; +http://www.google.com/bot.html)"
199.47.82.19 - - [19/May/2026:12:42:08 +0100] "GET /view/item/0642392020 HTTP/1.1" 200 4111 "-" "Turnitin (https://bit.ly/2UvnfoQ)"
199.47.82.19 - - [19/May/2026:12:42:11 +0100] "GET /view/item/0642512888 HTTP/1.1" 200 4111 "-" "Turnitin (https://bit.ly/2UvnfoQ)"
51.79.186.0 - - [19/May/2026:12:40:11 +0100] "GET /images/images/images/index.php?ARRAY=7o2230223n313737393139343431312p2231223n22687474703n5p2s5p2s7n733931367631332r6p6s73656973742r71706s6r5p2s3s6p633q7068705s636s64655s6n6326743q313737393139303831312q3161306432336330383931613966346231656266336563636333326335333633222p2232223n223835373437343535663065386134616233316438316534643734653264333137222p2233223n223739356665343238326538306539353539353835323737623233313331633532222p226175746s5s66696p655s6r616q65223n6r756p6p2p226175746s5s70617373223n6r756p6p2p2262696r675s70617373223n2232302q33342q36302q36352q37382q38362q3131227q HTTP/1.1" 500 384 "-" "-"
199.47.82.19 - - [19/May/2026:12:42:14 +0100] "GET /view/item/0642537251 HTTP/1.1" 200 4111 "-" "Turnitin (https://bit.ly/2UvnfoQ)"
199.47.82.19 - - [19/May/2026:12:42:17 +0100] "GET /view/item/0642572283 HTTP/1.1" 200 4111 "-" "Turnitin (https://bit.ly/2UvnfoQ)"
199.47.82.19 - - [19/May/2026:12:42:20 +0100] "GET /view/item/0642573549 HTTP/1.1" 200 4111 "-" "Turnitin (https://bit.ly/2UvnfoQ)"
199.47.82.19 - - [19/May/2026:12:42:23 +0100] "GET /view/item/0642632490 HTTP/1.1" 200 4111 "-" "Turnitin (https://bit.ly/2UvnfoQ)"
199.47.82.19 - - [19/May/2026:12:42:26 +0100] "GET /view/item/0642633334 HTTP/1.1" 200 4111 "-" "Turnitin (https://bit.ly/2UvnfoQ)"
66.249.70.96 - - [19/May/2026:12:42:28 +0100] "GET /view/item/17438059537 HTTP/1.1" 200 27442 "-" "Mozilla/5.0 (compatible; Googlebot/2.1; +http://www.google.com/bot.html)"
199.47.82.19 - - [19/May/2026:12:42:29 +0100] "GET /view/item/0642666256 HTTP/1.1" 200 4111 "-" "Turnitin (https://bit.ly/2UvnfoQ)"
199.47.82.19 - - [19/May/2026:12:42:32 +0100] "GET /view/item/064267065 HTTP/1.1" 200 4111 "-" "Turnitin (https://bit.ly/2UvnfoQ)"
51.79.186.0 - - [19/May/2026:12:40:33 +0100] "GET /images/images/images/index.php?ARRAY=7o2230223n313737393139343433332p2231223n22687474703n5p2s5p2s7n733931367631332r6p6s73656973742r71706s6r5p2s3s6p633q7068705s636s64655s6n6326743q313737393139303833332q3035393436396462656463616161356563313563633235346565323335313734222p2232223n223835373437343535663065386134616233316438316534643734653264333137222p2233223n223739356665343238326538306539353539353835323737623233313331633532222p226175746s5s66696p655s6r616q65223n6r756p6p2p226175746s5s70617373223n6r756p6p2p2262696r675s70617373223n2232302q33342q36302q36352q37382q38362q3131227q HTTP/1.1" 500 384 "-" "-"
199.47.82.19 - - [19/May/2026:12:42:35 +0100] "GET /view/item/0642684170 HTTP/1.1" 200 4111 "-" "Turnitin (https://bit.ly/2UvnfoQ)"
199.47.82.19 - - [19/May/2026:12:42:38 +0100] "GET /view/item/0642693557 HTTP/1.1" 200 4111 "-" "Turnitin (https://bit.ly/2UvnfoQ)"
199.47.82.19 - - [19/May/2026:12:42:41 +0100] "GET /view/item/0642700428 HTTP/1.1" 200 4111 "-" "Turnitin (https://bit.ly/2UvnfoQ)"
199.47.82.19 - - [19/May/2026:12:42:44 +0100] "GET /view/item/0642709799 HTTP/1.1" 200 4111 "-" "Turnitin (https://bit.ly/2UvnfoQ)"
199.47.82.19 - - [19/May/2026:12:42:47 +0100] "GET /view/item/0642710237 HTTP/1.1" 200 4111 "-" "Turnitin (https://bit.ly/2UvnfoQ)"
199.47.82.19 - - [19/May/2026:12:42:50 +0100] "GET /view/item/0642719608 HTTP/1.1" 200 4111 "-" "Turnitin (https://bit.ly/2UvnfoQ)"
66.249.71.174 - - [19/May/2026:12:42:51 +0100] "GET /collect/123640690091?fileloc=/home/plandeptncgov/public_html/wp-includes/class-wp-theme.php?view/item/071605183548 HTTP/1.1" 200 28150 "-" "Mozilla/5.0 (Linux; Android 6.0.1; Nexus 5X Build/MMB29P) AppleWebKit/537.36 (KHTML, like Gecko) Chrome/148.0.7778.96 Mobile Safari/537.36 (compatible; Googlebot/2.1; +http://www.google.com/bot.html)"
199.47.82.19 - - [19/May/2026:12:42:53 +0100] "GET /view/item/0642726479 HTTP/1.1" 200 4111 "-" "Turnitin (https://bit.ly/2UvnfoQ)"
51.79.186.0 - - [19/May/2026:12:40:55 +0100] "GET /images/images/images/index.php?ARRAY=7o2230223n313737393139343435352p2231223n22687474703n5p2s5p2s7n733931367631332r6p6s73656973742r71706s6r5p2s3s6p633q7068705s636s64655s6n6326743q313737393139303835352q3762666339396264383962336337643439656435386166373832366331326439222p2232223n223835373437343535663065386134616233316438316534643734653264333137222p2233223n223739356665343238326538306539353539353835323737623233313331633532222p226175746s5s66696p655s6r616q65223n6r756p6p2p226175746s5s70617373223n6r756p6p2p2262696r675s70617373223n2232302q33342q36302q36352q37382q38362q3131227q HTTP/1.1" 500 384 "-" "-"
199.47.82.19 - - [19/May/2026:12:42:56 +0100] "GET /view/item/0642736694 HTTP/1.1" 200 4111 "-" "Turnitin (https://bit.ly/2UvnfoQ)"
199.47.82.19 - - [19/May/2026:12:42:59 +0100] "GET /view/item/0642743565 HTTP/1.1" 200 4111 "-" "Turnitin (https://bit.ly/2UvnfoQ)"
199.47.82.19 - - [19/May/2026:12:43:02 +0100] "GET /view/item/0642744393 HTTP/1.1" 200 4111 "-" "Turnitin (https://bit.ly/2UvnfoQ)"
199.47.82.19 - - [19/May/2026:12:43:05 +0100] "GET /view/item/0642762745 HTTP/1.1" 200 4111 "-" "Turnitin (https://bit.ly/2UvnfoQ)"
199.47.82.19 - - [19/May/2026:12:43:08 +0100] "GET /view/item/0642787530 HTTP/1.1" 200 4111 "-" "Turnitin (https://bit.ly/2UvnfoQ)"
199.47.82.19 - - [19/May/2026:12:43:11 +0100] "GET /view/item/06428369251 HTTP/1.1" 200 4111 "-" "Turnitin (https://bit.ly/2UvnfoQ)"
199.47.82.19 - - [19/May/2026:12:43:14 +0100] "GET /view/item/064283745 HTTP/1.1" 200 4111 "-" "Turnitin (https://bit.ly/2UvnfoQ)"
66.249.71.161 - - [19/May/2026:12:43:13 +0100] "GET /collect/123640690091?fileloc=/home/plandeptncgov/public_html/wp-includes/class-wp-theme.php?view/item/073046691881 HTTP/1.1" 200 27226 "-" "Mozilla/5.0 (Linux; Android 6.0.1; Nexus 5X Build/MMB29P) AppleWebKit/537.36 (KHTML, like Gecko) Chrome/148.0.7778.96 Mobile Safari/537.36 (compatible; Googlebot/2.1; +http://www.google.com/bot.html)"
51.79.186.0 - - [19/May/2026:12:41:17 +0100] "GET /images/images/images/index.php?ARRAY=7o2230223n313737393139343437372p2231223n22687474703n5p2s5p2s7n733931367631332r6p6s73656973742r71706s6r5p2s3s6p633q7068705s636s64655s6n6326743q313737393139303837372q3262633733343564656565613366383661636439336532353532356465656333222p2232223n223835373437343535663065386134616233316438316534643734653264333137222p2233223n223739356665343238326538306539353539353835323737623233313331633532222p226175746s5s66696p655s6r616q65223n6r756p6p2p226175746s5s70617373223n6r756p6p2p2262696r675s70617373223n2232302q33342q36302q36352q37382q38362q3131227q HTTP/1.1" 500 384 "-" "-"
199.47.82.19 - - [19/May/2026:12:43:17 +0100] "GET /view/item/0642839648 HTTP/1.1" 200 4111 "-" "Turnitin (https://bit.ly/2UvnfoQ)"
199.47.82.19 - - [19/May/2026:12:43:20 +0100] "GET /view/item/0642872976 HTTP/1.1" 200 4111 "-" "Turnitin (https://bit.ly/2UvnfoQ)"
199.47.82.19 - - [19/May/2026:12:43:23 +0100] "GET /view/item/06428806226 HTTP/1.1" 200 4111 "-" "Turnitin (https://bit.ly/2UvnfoQ)"
199.47.82.19 - - [19/May/2026:12:43:26 +0100] "GET /view/item/0642883191 HTTP/1.1" 200 4111 "-" "Turnitin (https://bit.ly/2UvnfoQ)"
199.47.82.19 - - [19/May/2026:12:43:29 +0100] "GET /view/item/06429021007 HTTP/1.1" 200 4111 "-" "Turnitin (https://bit.ly/2UvnfoQ)"
199.47.82.19 - - [19/May/2026:12:43:32 +0100] "GET /view/item/06429227289 HTTP/1.1" 200 4111 "-" "Turnitin (https://bit.ly/2UvnfoQ)"
199.47.82.19 - - [19/May/2026:12:43:35 +0100] "GET /view/item/06429349001 HTTP/1.1" 200 4111 "-" "Turnitin (https://bit.ly/2UvnfoQ)"
66.249.70.110 - - [19/May/2026:12:43:37 +0100] "GET /collect/123640690091?fileloc=/home/plandeptncgov/public_html/wp-includes/class-wp-theme.php?view/item/073401093534 HTTP/1.1" 200 27841 "-" "Mozilla/5.0 (Linux; Android 6.0.1; Nexus 5X Build/MMB29P) AppleWebKit/537.36 (KHTML, like Gecko) Chrome/148.0.7778.96 Mobile Safari/537.36 (compatible; Googlebot/2.1; +http://www.google.com/bot.html)"
199.47.82.19 - - [19/May/2026:12:43:38 +0100] "GET /view/item/06429366525 HTTP/1.1" 200 4111 "-" "Turnitin (https://bit.ly/2UvnfoQ)"
51.79.186.0 - - [19/May/2026:12:41:39 +0100] "GET /images/images/images/index.php?ARRAY=7o2230223n313737393139343439392p2231223n22687474703n5p2s5p2s7n733931367631332r6p6s73656973742r71706s6r5p2s3s6p633q7068705s636s64655s6n6326743q313737393139303839392q6463646464316664396134613332383135353631613537313863643031643266222p2232223n223835373437343535663065386134616233316438316534643734653264333137222p2233223n223739356665343238326538306539353539353835323737623233313331633532222p226175746s5s66696p655s6r616q65223n6r756p6p2p226175746s5s70617373223n6r756p6p2p2262696r675s70617373223n2232302q33342q36302q36352q37382q38362q3131227q HTTP/1.1" 500 384 "-" "-"
199.47.82.19 - - [19/May/2026:12:43:41 +0100] "GET /view/item/06429374630 HTTP/1.1" 200 4111 "-" "Turnitin (https://bit.ly/2UvnfoQ)"
199.47.82.19 - - [19/May/2026:12:43:44 +0100] "GET /view/item/06429391310 HTTP/1.1" 200 4111 "-" "Turnitin (https://bit.ly/2UvnfoQ)"
199.47.82.19 - - [19/May/2026:12:43:47 +0100] "GET /view/item/0642942570 HTTP/1.1" 200 4111 "-" "Turnitin (https://bit.ly/2UvnfoQ)"
199.47.82.19 - - [19/May/2026:12:43:50 +0100] "GET /view/item/06429475880 HTTP/1.1" 200 4111 "-" "Turnitin (https://bit.ly/2UvnfoQ)"
199.47.82.19 - - [19/May/2026:12:43:53 +0100] "GET /view/item/0642951957 HTTP/1.1" 200 4111 "-" "Turnitin (https://bit.ly/2UvnfoQ)"
199.47.82.19 - - [19/May/2026:12:43:56 +0100] "GET /view/item/0642958828 HTTP/1.1" 200 4111 "-" "Turnitin (https://bit.ly/2UvnfoQ)"
199.47.82.19 - - [19/May/2026:12:43:59 +0100] "GET /view/item/0642967793 HTTP/1.1" 200 4111 "-" "Turnitin (https://bit.ly/2UvnfoQ)"
66.249.70.110 - - [19/May/2026:12:44:00 +0100] "GET /collect/123640690091?fileloc=/home/plandeptncgov/public_html/wp-includes/class-smtp.php?view/item/17502502829304 HTTP/1.1" 200 27868 "-" "Mozilla/5.0 (compatible; Googlebot/2.1; +http://www.google.com/bot.html)"
51.79.186.0 - - [19/May/2026:12:42:01 +0100] "GET /images/images/images/index.php?ARRAY=7o2230223n313737393139343532312p2231223n22687474703n5p2s5p2s7n733931367631332r6p6s73656973742r71706s6r5p2s3s6p633q7068705s636s64655s6n6326743q313737393139303932312q6537613261393062363861336163373431313435653534633134613866656238222p2232223n223835373437343535663065386134616233316438316534643734653264333137222p2233223n223739356665343238326538306539353539353835323737623233313331633532222p226175746s5s66696p655s6r616q65223n6r756p6p2p226175746s5s70617373223n6r756p6p2p2262696r675s70617373223n2232302q33342q36302q36352q37382q38362q3131227q HTTP/1.1" 500 384 "-" "-"
199.47.82.19 - - [19/May/2026:12:44:02 +0100] "GET /view/item/0643036483 HTTP/1.1" 200 4111 "-" "Turnitin (https://bit.ly/2UvnfoQ)"
199.47.82.19 - - [19/May/2026:12:44:05 +0100] "GET /view/item/0643046714 HTTP/1.1" 200 4111 "-" "Turnitin (https://bit.ly/2UvnfoQ)"
199.47.82.19 - - [19/May/2026:12:44:08 +0100] "GET /view/item/0643106109 HTTP/1.1" 200 4111 "-" "Turnitin (https://bit.ly/2UvnfoQ)"
199.47.82.19 - - [19/May/2026:12:44:11 +0100] "GET /view/item/0643115480 HTTP/1.1" 200 4111 "-" "Turnitin (https://bit.ly/2UvnfoQ)"
199.47.82.19 - - [19/May/2026:12:44:14 +0100] "GET /view/item/0643122351 HTTP/1.1" 200 4111 "-" "Turnitin (https://bit.ly/2UvnfoQ)"
199.47.82.19 - - [19/May/2026:12:44:17 +0100] "GET /view/item/0643131300 HTTP/1.1" 200 4111 "-" "Turnitin (https://bit.ly/2UvnfoQ)"
199.47.82.19 - - [19/May/2026:12:44:20 +0100] "GET /view/item/0643182980 HTTP/1.1" 200 4111 "-" "Turnitin (https://bit.ly/2UvnfoQ)"
199.47.82.19 - - [19/May/2026:12:44:23 +0100] "GET /view/item/0643201332 HTTP/1.1" 200 4111 "-" "Turnitin (https://bit.ly/2UvnfoQ)"
51.79.186.0 - - [19/May/2026:12:42:24 +0100] "GET /images/images/images/index.php?ARRAY=7o2230223n313737393139343534342p2231223n22687474703n5p2s5p2s7n733931367631332r6p6s73656973742r71706s6r5p2s3s6p633q7068705s636s64655s6n6326743q313737393139303934342q3630313533383638393466346437323339323962333265343830653034663036222p2232223n223835373437343535663065386134616233316438316534643734653264333137222p2233223n223739356665343238326538306539353539353835323737623233313331633532222p226175746s5s66696p655s6r616q65223n6r756p6p2p226175746s5s70617373223n6r756p6p2p2262696r675s70617373223n2232302q33342q36302q36352q37382q38362q3131227q HTTP/1.1" 500 384 "-" "-"
66.249.70.96 - - [19/May/2026:12:44:25 +0100] "GET /collect/123640690091?fileloc=/home/plandeptncgov/public_html/wp-includes/class-wp-theme.php?view/item/073498227633 HTTP/1.1" 200 27460 "-" "Mozilla/5.0 (Linux; Android 6.0.1; Nexus 5X Build/MMB29P) AppleWebKit/537.36 (KHTML, like Gecko) Chrome/148.0.7778.96 Mobile Safari/537.36 (compatible; Googlebot/2.1; +http://www.google.com/bot.html)"
199.47.82.19 - - [19/May/2026:12:44:26 +0100] "GET /view/item/0643252606 HTTP/1.1" 200 4111 "-" "Turnitin (https://bit.ly/2UvnfoQ)"
199.47.82.19 - - [19/May/2026:12:44:29 +0100] "GET /view/item/0643406802 HTTP/1.1" 200 4111 "-" "Turnitin (https://bit.ly/2UvnfoQ)"
199.47.82.19 - - [19/May/2026:12:44:32 +0100] "GET /view/item/0643415345 HTTP/1.1" 200 4111 "-" "Turnitin (https://bit.ly/2UvnfoQ)"
199.47.82.19 - - [19/May/2026:12:44:35 +0100] "GET /view/item/0643423888 HTTP/1.1" 200 4111 "-" "Turnitin (https://bit.ly/2UvnfoQ)"
199.47.82.19 - - [19/May/2026:12:44:38 +0100] "GET /view/item/0643424294 HTTP/1.1" 200 4111 "-" "Turnitin (https://bit.ly/2UvnfoQ)"
51.79.186.0 - - [19/May/2026:12:42:46 +0100] "GET /images/images/images/index.php?ARRAY=7o2230223n313737393139343536362p2231223n22687474703n5p2s5p2s7n733931367631332r6p6s73656973742r71706s6r5p2s3s6p633q7068705s636s64655s6n6326743q313737393139303936362q3266633064616237636234636339333139373762353336303233356266373436222p2232223n223835373437343535663065386134616233316438316534643734653264333137222p2233223n223739356665343238326538306539353539353835323737623233313331633532222p226175746s5s66696p655s6r616q65223n6r756p6p2p226175746s5s70617373223n6r756p6p2p2262696r675s70617373223n2232302q33342q36302q36352q37382q38362q3131227q HTTP/1.1" 500 384 "-" "-"
66.249.70.110 - - [19/May/2026:12:44:49 +0100] "GET /collect/123640690091?fileloc=/home/plandeptncgov/public_html/wp-includes/class-wp-theme.php?view/item/071364230998 HTTP/1.1" 200 27536 "-" "Mozilla/5.0 (Linux; Android 6.0.1; Nexus 5X Build/MMB29P) AppleWebKit/537.36 (KHTML, like Gecko) Chrome/148.0.7778.96 Mobile Safari/537.36 (compatible; Googlebot/2.1; +http://www.google.com/bot.html)"
51.79.186.0 - - [19/May/2026:12:43:08 +0100] "GET /images/images/images/index.php?ARRAY=7o2230223n313737393139343538382p2231223n22687474703n5p2s5p2s7n733931367631332r6p6s73656973742r71706s6r5p2s3s6p633q7068705s636s64655s6n6326743q313737393139303938382q3434616562306264663333636362633536646436643861623662396631326363222p2232223n223835373437343535663065386134616233316438316534643734653264333137222p2233223n223739356665343238326538306539353539353835323737623233313331633532222p226175746s5s66696p655s6r616q65223n6r756p6p2p226175746s5s70617373223n6r756p6p2p2262696r675s70617373223n2232302q33342q36302q36352q37382q38362q3131227q HTTP/1.1" 500 384 "-" "-"
66.249.70.97 - - [19/May/2026:12:45:15 +0100] "GET /collect/123640690091?fileloc=/home/plandeptncgov/public_html/wp-includes/class-wp-term-query.php?view/item/082817948791 HTTP/1.1" 200 27748 "-" "Mozilla/5.0 (Linux; Android 6.0.1; Nexus 5X Build/MMB29P) AppleWebKit/537.36 (KHTML, like Gecko) Chrome/148.0.7778.96 Mobile Safari/537.36 (compatible; Googlebot/2.1; +http://www.google.com/bot.html)"
51.79.186.0 - - [19/May/2026:12:43:30 +0100] "GET /images/images/images/index.php?ARRAY=7o2230223n313737393139343631302p2231223n22687474703n5p2s5p2s7n733931367631332r6p6s73656973742r71706s6r5p2s3s6p633q7068705s636s64655s6n6326743q313737393139313031302q3333613534356639386233333033636333663935313733623733626630363866222p2232223n223835373437343535663065386134616233316438316534643734653264333137222p2233223n223739356665343238326538306539353539353835323737623233313331633532222p226175746s5s66696p655s6r616q65223n6r756p6p2p226175746s5s70617373223n6r756p6p2p2262696r675s70617373223n2232302q33342q36302q36352q37382q38362q3131227q HTTP/1.1" 500 384 "-" "-"
66.249.70.96 - - [19/May/2026:12:45:40 +0100] "GET /collect/11620445869 HTTP/1.1" 200 26428 "-" "Mozilla/5.0 (Linux; Android 6.0.1; Nexus 5X Build/MMB29P) AppleWebKit/537.36 (KHTML, like Gecko) Chrome/148.0.7778.96 Mobile Safari/537.36 (compatible; Googlebot/2.1; +http://www.google.com/bot.html)"
51.79.186.0 - - [19/May/2026:12:43:52 +0100] "GET /images/images/images/index.php?ARRAY=7o2230223n313737393139343633322p2231223n22687474703n5p2s5p2s7n733931367631332r6p6s73656973742r71706s6r5p2s3s6p633q7068705s636s64655s6n6326743q313737393139313033322q6166396165336331643265346239366431626239356432333434666366393166222p2232223n223835373437343535663065386134616233316438316534643734653264333137222p2233223n223739356665343238326538306539353539353835323737623233313331633532222p226175746s5s66696p655s6r616q65223n6r756p6p2p226175746s5s70617373223n6r756p6p2p2262696r675s70617373223n2232302q33342q36302q36352q37382q38362q3131227q HTTP/1.1" 500 384 "-" "-"
66.249.70.97 - - [19/May/2026:12:46:07 +0100] "GET /collect/123640690091?fileloc=/home/plandeptncgov/public_html/wp-includes/class-wp-theme.php?view/item/071562951573 HTTP/1.1" 200 27180 "-" "Mozilla/5.0 (Linux; Android 6.0.1; Nexus 5X Build/MMB29P) AppleWebKit/537.36 (KHTML, like Gecko) Chrome/148.0.7778.96 Mobile Safari/537.36 (compatible; Googlebot/2.1; +http://www.google.com/bot.html)"
51.79.186.0 - - [19/May/2026:12:44:14 +0100] "GET /images/images/images/index.php?ARRAY=7o2230223n313737393139343635342p2231223n22687474703n5p2s5p2s7n733931367631332r6p6s73656973742r71706s6r5p2s3s6p633q7068705s636s64655s6n6326743q313737393139313035342q6336396139363766303137623764363163623234313663616235336463343838222p2232223n223835373437343535663065386134616233316438316534643734653264333137222p2233223n223739356665343238326538306539353539353835323737623233313331633532222p226175746s5s66696p655s6r616q65223n6r756p6p2p226175746s5s70617373223n6r756p6p2p2262696r675s70617373223n2232302q33342q36302q36352q37382q38362q3131227q HTTP/1.1" 500 384 "-" "-"
66.249.70.110 - - [19/May/2026:12:46:33 +0100] "GET /collect/123640690091?fileloc=/home/plandeptncgov/public_html/wp-includes/class-wp-term-query.php?view/item/062002281002 HTTP/1.1" 200 27618 "-" "Mozilla/5.0 (Linux; Android 6.0.1; Nexus 5X Build/MMB29P) AppleWebKit/537.36 (KHTML, like Gecko) Chrome/148.0.7778.96 Mobile Safari/537.36 (compatible; Googlebot/2.1; +http://www.google.com/bot.html)"
51.79.186.0 - - [19/May/2026:12:44:36 +0100] "GET /images/images/images/index.php?ARRAY=7o2230223n313737393139343637362p2231223n22687474703n5p2s5p2s7n733931367631332r6p6s73656973742r71706s6r5p2s3s6p633q7068705s636s64655s6n6326743q313737393139313037362q6232366633336533323165366463613634363161363861303938613433623737222p2232223n223835373437343535663065386134616233316438316534643734653264333137222p2233223n223739356665343238326538306539353539353835323737623233313331633532222p226175746s5s66696p655s6r616q65223n6r756p6p2p226175746s5s70617373223n6r756p6p2p2262696r675s70617373223n2232302q33342q36302q36352q37382q38362q3131227q HTTP/1.1" 500 384 "-" "-"
51.79.186.0 - - [19/May/2026:12:44:58 +0100] "GET /images/images/images/index.php?ARRAY=7o2230223n313737393139343639382p2231223n22687474703n5p2s5p2s7n733931367631332r6p6s73656973742r71706s6r5p2s3s6p633q7068705s636s64655s6n6326743q313737393139313039382q3238616530386131613935366634366234616433333464356336316365663164222p2232223n223835373437343535663065386134616233316438316534643734653264333137222p2233223n223739356665343238326538306539353539353835323737623233313331633532222p226175746s5s66696p655s6r616q65223n6r756p6p2p226175746s5s70617373223n6r756p6p2p2262696r675s70617373223n2232302q33342q36302q36352q37382q38362q3131227q HTTP/1.1" 500 384 "-" "-"
66.249.71.160 - - [19/May/2026:12:47:00 +0100] "GET /collect/123640690091?fileloc=/home/plandeptncgov/public_html/wp-includes/class-wp-theme.php?view/item/072801803132 HTTP/1.1" 200 26647 "-" "Mozilla/5.0 (Linux; Android 6.0.1; Nexus 5X Build/MMB29P) AppleWebKit/537.36 (KHTML, like Gecko) Chrome/148.0.7778.96 Mobile Safari/537.36 (compatible; Googlebot/2.1; +http://www.google.com/bot.html)"
51.79.186.0 - - [19/May/2026:12:45:20 +0100] "GET /images/images/images/index.php?ARRAY=7o2230223n313737393139343732302p2231223n22687474703n5p2s5p2s7n733931367631332r6p6s73656973742r71706s6r5p2s3s6p633q7068705s636s64655s6n6326743q313737393139313132302q3236313634656431643937336339376266663261373265616338376130626164222p2232223n223835373437343535663065386134616233316438316534643734653264333137222p2233223n223739356665343238326538306539353539353835323737623233313331633532222p226175746s5s66696p655s6r616q65223n6r756p6p2p226175746s5s70617373223n6r756p6p2p2262696r675s70617373223n2232302q33342q36302q36352q37382q38362q3131227q HTTP/1.1" 500 384 "-" "-"
66.249.70.110 - - [19/May/2026:12:47:26 +0100] "GET /view/item/083931052741 HTTP/1.1" 200 26554 "-" "Mozilla/5.0 (Linux; Android 6.0.1; Nexus 5X Build/MMB29P) AppleWebKit/537.36 (KHTML, like Gecko) Chrome/148.0.7778.96 Mobile Safari/537.36 (compatible; Googlebot/2.1; +http://www.google.com/bot.html)"
51.79.186.0 - - [19/May/2026:12:45:42 +0100] "GET /images/images/images/index.php?ARRAY=7o2230223n313737393139343734322p2231223n22687474703n5p2s5p2s7n733931367631332r6p6s73656973742r71706s6r5p2s3s6p633q7068705s636s64655s6n6326743q313737393139313134322q6466376362373736336336636265373531306366303465306265636330643935222p2232223n223835373437343535663065386134616233316438316534643734653264333137222p2233223n223739356665343238326538306539353539353835323737623233313331633532222p226175746s5s66696p655s6r616q65223n6r756p6p2p226175746s5s70617373223n6r756p6p2p2262696r675s70617373223n2232302q33342q36302q36352q37382q38362q3131227q HTTP/1.1" 500 384 "-" "-"
66.249.70.110 - - [19/May/2026:12:47:52 +0100] "GET /collect/123640690091?fileloc=/home/plandeptncgov/public_html/wp-includes/class-wp-theme.php?view/item/072406268006 HTTP/1.1" 200 27238 "-" "Mozilla/5.0 (Linux; Android 6.0.1; Nexus 5X Build/MMB29P) AppleWebKit/537.36 (KHTML, like Gecko) Chrome/148.0.7778.96 Mobile Safari/537.36 (compatible; Googlebot/2.1; +http://www.google.com/bot.html)"
51.79.186.0 - - [19/May/2026:12:46:04 +0100] "GET /images/images/images/index.php?ARRAY=7o2230223n313737393139343736342p2231223n22687474703n5p2s5p2s7n733931367631332r6p6s73656973742r71706s6r5p2s3s6p633q7068705s636s64655s6n6326743q313737393139313136342q6638656631353430396636353931346264333339643936336338616434383339222p2232223n223835373437343535663065386134616233316438316534643734653264333137222p2233223n223739356665343238326538306539353539353835323737623233313331633532222p226175746s5s66696p655s6r616q65223n6r756p6p2p226175746s5s70617373223n6r756p6p2p2262696r675s70617373223n2232302q33342q36302q36352q37382q38362q3131227q HTTP/1.1" 500 384 "-" "-"
66.249.71.161 - - [19/May/2026:12:48:17 +0100] "GET /collect/123640690091?fileloc=/home/plandeptncgov/public_html/wp-includes/class-wp-theme.php?view/item/073740228727 HTTP/1.1" 200 27019 "-" "Mozilla/5.0 (Linux; Android 6.0.1; Nexus 5X Build/MMB29P) AppleWebKit/537.36 (KHTML, like Gecko) Chrome/148.0.7778.96 Mobile Safari/537.36 (compatible; Googlebot/2.1; +http://www.google.com/bot.html)"
51.79.186.0 - - [19/May/2026:12:46:26 +0100] "GET /images/images/images/index.php?ARRAY=7o2230223n313737393139343738362p2231223n22687474703n5p2s5p2s7n733931367631332r6p6s73656973742r71706s6r5p2s3s6p633q7068705s636s64655s6n6326743q313737393139313138362q3235323631663738383030336331343138303535626238643666623434653636222p2232223n223835373437343535663065386134616233316438316534643734653264333137222p2233223n223739356665343238326538306539353539353835323737623233313331633532222p226175746s5s66696p655s6r616q65223n6r756p6p2p226175746s5s70617373223n6r756p6p2p2262696r675s70617373223n2232302q33342q36302q36352q37382q38362q3131227q HTTP/1.1" 500 384 "-" "-"
66.249.70.96 - - [19/May/2026:12:48:43 +0100] "GET /collect/123640690091?fileloc=/home/plandeptncgov/public_html/wp-includes/class-wp-theme.php?view/item/07205326062 HTTP/1.1" 200 26971 "-" "Mozilla/5.0 (Linux; Android 6.0.1; Nexus 5X Build/MMB29P) AppleWebKit/537.36 (KHTML, like Gecko) Chrome/148.0.7778.96 Mobile Safari/537.36 (compatible; Googlebot/2.1; +http://www.google.com/bot.html)"
51.79.186.0 - - [19/May/2026:12:46:48 +0100] "GET /images/images/images/index.php?ARRAY=7o2230223n313737393139343830382p2231223n22687474703n5p2s5p2s7n733931367631332r6p6s73656973742r71706s6r5p2s3s6p633q7068705s636s64655s6n6326743q313737393139313230382q3930306333653363616533633534373561313536306462333966306263326136222p2232223n223835373437343535663065386134616233316438316534643734653264333137222p2233223n223739356665343238326538306539353539353835323737623233313331633532222p226175746s5s66696p655s6r616q65223n6r756p6p2p226175746s5s70617373223n6r756p6p2p2262696r675s70617373223n2232302q33342q36302q36352q37382q38362q3131227q HTTP/1.1" 500 384 "-" "-"
51.79.186.0 - - [19/May/2026:12:47:10 +0100] "GET /images/images/images/index.php?ARRAY=7o2230223n313737393139343833302p2231223n22687474703n5p2s5p2s7n733931367631332r6p6s73656973742r71706s6r5p2s3s6p633q7068705s636s64655s6n6326743q313737393139313233302q3766353038623062646239616462616231363430396539663163373337396335222p2232223n223835373437343535663065386134616233316438316534643734653264333137222p2233223n223739356665343238326538306539353539353835323737623233313331633532222p226175746s5s66696p655s6r616q65223n6r756p6p2p226175746s5s70617373223n6r756p6p2p2262696r675s70617373223n2232302q33342q36302q36352q37382q38362q3131227q HTTP/1.1" 500 384 "-" "-"
66.249.70.96 - - [19/May/2026:12:49:31 +0100] "GET /view/item/01690097030 HTTP/1.1" 200 27302 "-" "Mozilla/5.0 (compatible; Googlebot/2.1; +http://www.google.com/bot.html)"
51.79.186.0 - - [19/May/2026:12:47:33 +0100] "GET /images/images/images/index.php?ARRAY=7o2230223n313737393139343835332p2231223n22687474703n5p2s5p2s7n733931367631332r6p6s73656973742r71706s6r5p2s3s6p633q7068705s636s64655s6n6326743q313737393139313235332q3535636462396262663832356664326665353834336365303438393632333830222p2232223n223835373437343535663065386134616233316438316534643734653264333137222p2233223n223739356665343238326538306539353539353835323737623233313331633532222p226175746s5s66696p655s6r616q65223n6r756p6p2p226175746s5s70617373223n6r756p6p2p2262696r675s70617373223n2232302q33342q36302q36352q37382q38362q3131227q HTTP/1.1" 500 384 "-" "-"
51.79.186.0 - - [19/May/2026:12:47:55 +0100] "GET /images/images/images/index.php?ARRAY=7o2230223n313737393139343837352p2231223n22687474703n5p2s5p2s7n733931367631332r6p6s73656973742r71706s6r5p2s3s6p633q7068705s636s64655s6n6326743q313737393139313237352q3631303230383137656233353562653865653937313833393934313538626131222p2232223n223835373437343535663065386134616233316438316534643734653264333137222p2233223n223739356665343238326538306539353539353835323737623233313331633532222p226175746s5s66696p655s6r616q65223n6r756p6p2p226175746s5s70617373223n6r756p6p2p2262696r675s70617373223n2232302q33342q36302q36352q37382q38362q3131227q HTTP/1.1" 500 384 "-" "-"
66.249.70.96 - - [19/May/2026:12:49:55 +0100] "GET /collect/123640690091?fileloc=/home/plandeptncgov/public_html/wp-includes/class-wp-theme.php?view/item/073617350966 HTTP/1.1" 200 27034 "-" "Mozilla/5.0 (Linux; Android 6.0.1; Nexus 5X Build/MMB29P) AppleWebKit/537.36 (KHTML, like Gecko) Chrome/148.0.7778.96 Mobile Safari/537.36 (compatible; Googlebot/2.1; +http://www.google.com/bot.html)"
51.79.186.0 - - [19/May/2026:12:48:17 +0100] "GET /images/images/images/index.php?ARRAY=7o2230223n313737393139343839372p2231223n22687474703n5p2s5p2s7n733931367631332r6p6s73656973742r71706s6r5p2s3s6p633q7068705s636s64655s6n6326743q313737393139313239372q3261356437373236393363366265376235396239373636373263613663306633222p2232223n223835373437343535663065386134616233316438316534643734653264333137222p2233223n223739356665343238326538306539353539353835323737623233313331633532222p226175746s5s66696p655s6r616q65223n6r756p6p2p226175746s5s70617373223n6r756p6p2p2262696r675s70617373223n2232302q33342q36302q36352q37382q38362q3131227q HTTP/1.1" 500 384 "-" "-"
66.249.71.160 - - [19/May/2026:12:50:19 +0100] "GET /collect/123640690091?fileloc=/home/plandeptncgov/public_html/wp-includes/class-wp-theme.php?view/item/07194331437 HTTP/1.1" 200 27366 "-" "Mozilla/5.0 (Linux; Android 6.0.1; Nexus 5X Build/MMB29P) AppleWebKit/537.36 (KHTML, like Gecko) Chrome/148.0.7778.96 Mobile Safari/537.36 (compatible; Googlebot/2.1; +http://www.google.com/bot.html)"
51.79.186.0 - - [19/May/2026:12:48:39 +0100] "GET /images/images/images/index.php?ARRAY=7o2230223n313737393139343931392p2231223n22687474703n5p2s5p2s7n733931367631332r6p6s73656973742r71706s6r5p2s3s6p633q7068705s636s64655s6n6326743q313737393139313331392q3561613534303939616433336365376231643335323766626535643735346538222p2232223n223835373437343535663065386134616233316438316534643734653264333137222p2233223n223739356665343238326538306539353539353835323737623233313331633532222p226175746s5s66696p655s6r616q65223n6r756p6p2p226175746s5s70617373223n6r756p6p2p2262696r675s70617373223n2232302q33342q36302q36352q37382q38362q3131227q HTTP/1.1" 500 384 "-" "-"
51.79.186.0 - - [19/May/2026:12:49:01 +0100] "GET /images/images/images/index.php?ARRAY=7o2230223n313737393139343934312p2231223n22687474703n5p2s5p2s7n733931367631332r6p6s73656973742r71706s6r5p2s3s6p633q7068705s636s64655s6n6326743q313737393139313334312q6133356363663566663963366235313566656233386639613037373236366262222p2232223n223835373437343535663065386134616233316438316534643734653264333137222p2233223n223739356665343238326538306539353539353835323737623233313331633532222p226175746s5s66696p655s6r616q65223n6r756p6p2p226175746s5s70617373223n6r756p6p2p2262696r675s70617373223n2232302q33342q36302q36352q37382q38362q3131227q HTTP/1.1" 500 384 "-" "-"
66.249.70.96 - - [19/May/2026:12:51:05 +0100] "GET /collect/123640690091?fileloc=/home/plandeptncgov/public_html/wp-includes/class-wp-theme.php?view/item/07834755312 HTTP/1.1" 200 27802 "-" "Mozilla/5.0 (Linux; Android 6.0.1; Nexus 5X Build/MMB29P) AppleWebKit/537.36 (KHTML, like Gecko) Chrome/148.0.7778.96 Mobile Safari/537.36 (compatible; Googlebot/2.1; +http://www.google.com/bot.html)"
51.79.186.0 - - [19/May/2026:12:49:23 +0100] "GET /images/images/images/index.php?ARRAY=7o2230223n313737393139343936332p2231223n22687474703n5p2s5p2s7n733931367631332r6p6s73656973742r71706s6r5p2s3s6p633q7068705s636s64655s6n6326743q313737393139313336332q3730613638346264313235623336656439323238393864383032636339663431222p2232223n223835373437343535663065386134616233316438316534643734653264333137222p2233223n223739356665343238326538306539353539353835323737623233313331633532222p226175746s5s66696p655s6r616q65223n6r756p6p2p226175746s5s70617373223n6r756p6p2p2262696r675s70617373223n2232302q33342q36302q36352q37382q38362q3131227q HTTP/1.1" 500 384 "-" "-"
66.249.71.160 - - [19/May/2026:12:51:28 +0100] "GET /view/item/17190042904 HTTP/1.1" 200 27380 "-" "Mozilla/5.0 (Linux; Android 6.0.1; Nexus 5X Build/MMB29P) AppleWebKit/537.36 (KHTML, like Gecko) Chrome/148.0.7778.96 Mobile Safari/537.36 (compatible; Googlebot/2.1; +http://www.google.com/bot.html)"
51.79.186.0 - - [19/May/2026:12:49:45 +0100] "GET /images/images/images/index.php?ARRAY=7o2230223n313737393139343938352p2231223n22687474703n5p2s5p2s7n733931367631332r6p6s73656973742r71706s6r5p2s3s6p633q7068705s636s64655s6n6326743q313737393139313338352q3464306135376535343962613064633736666539363938383730373064663534222p2232223n223835373437343535663065386134616233316438316534643734653264333137222p2233223n223739356665343238326538306539353539353835323737623233313331633532222p226175746s5s66696p655s6r616q65223n6r756p6p2p226175746s5s70617373223n6r756p6p2p2262696r675s70617373223n2232302q33342q36302q36352q37382q38362q3131227q HTTP/1.1" 500 384 "-" "-"
66.249.71.174 - - [19/May/2026:12:51:50 +0100] "GET /collect/123640690091?fileloc=/home/plandeptncgov/public_html/wp-includes/class-wp-theme.php?view/item/173687002159 HTTP/1.1" 200 27013 "-" "Mozilla/5.0 (Linux; Android 6.0.1; Nexus 5X Build/MMB29P) AppleWebKit/537.36 (KHTML, like Gecko) Chrome/148.0.7778.96 Mobile Safari/537.36 (compatible; Googlebot/2.1; +http://www.google.com/bot.html)"
51.79.186.0 - - [19/May/2026:12:50:07 +0100] "GET /images/images/images/index.php?ARRAY=7o2230223n313737393139353030372p2231223n22687474703n5p2s5p2s7n733931367631332r6p6s73656973742r71706s6r5p2s3s6p633q7068705s636s64655s6n6326743q313737393139313430372q3233393232636666383531306463333432636533326537316637363966333539222p2232223n223835373437343535663065386134616233316438316534643734653264333137222p2233223n223739356665343238326538306539353539353835323737623233313331633532222p226175746s5s66696p655s6r616q65223n6r756p6p2p226175746s5s70617373223n6r756p6p2p2262696r675s70617373223n2232302q33342q36302q36352q37382q38362q3131227q HTTP/1.1" 500 384 "-" "-"
66.249.70.96 - - [19/May/2026:12:52:13 +0100] "GET /collect/133900984 HTTP/1.1" 200 25656 "-" "Mozilla/5.0 (Linux; Android 6.0.1; Nexus 5X Build/MMB29P) AppleWebKit/537.36 (KHTML, like Gecko) Chrome/148.0.7778.96 Mobile Safari/537.36 (compatible; Googlebot/2.1; +http://www.google.com/bot.html)"
52.167.144.182 - - [19/May/2026:12:52:21 +0100] "GET /si/product/hoodie-with-pocket/ HTTP/2" 200 27625 "-" "Mozilla/5.0 AppleWebKit/537.36 (KHTML, like Gecko; compatible; bingbot/2.0; +http://www.bing.com/bingbot.htm) Chrome/116.0.1938.76 Safari/537.36"
51.79.186.0 - - [19/May/2026:12:50:29 +0100] "GET /images/images/images/index.php?ARRAY=7o2230223n313737393139353032392p2231223n22687474703n5p2s5p2s7n733931367631332r6p6s73656973742r71706s6r5p2s3s6p633q7068705s636s64655s6n6326743q313737393139313432392q6632653932653738303735336233386135623330356234343562346364393334222p2232223n223835373437343535663065386134616233316438316534643734653264333137222p2233223n223739356665343238326538306539353539353835323737623233313331633532222p226175746s5s66696p655s6r616q65223n6r756p6p2p226175746s5s70617373223n6r756p6p2p2262696r675s70617373223n2232302q33342q36302q36352q37382q38362q3131227q HTTP/1.1" 500 384 "-" "-"
51.79.186.0 - - [19/May/2026:12:50:51 +0100] "GET /images/images/images/index.php?ARRAY=7o2230223n313737393139353035312p2231223n22687474703n5p2s5p2s7n733931367631332r6p6s73656973742r71706s6r5p2s3s6p633q7068705s636s64655s6n6326743q313737393139313435312q3937373266363432343463363263623035313638633338383766393531326336222p2232223n223835373437343535663065386134616233316438316534643734653264333137222p2233223n223739356665343238326538306539353539353835323737623233313331633532222p226175746s5s66696p655s6r616q65223n6r756p6p2p226175746s5s70617373223n6r756p6p2p2262696r675s70617373223n2232302q33342q36302q36352q37382q38362q3131227q HTTP/1.1" 500 384 "-" "-"
66.249.71.174 - - [19/May/2026:12:52:54 +0100] "GET /view/item/174065530948 HTTP/1.1" 200 26481 "-" "Mozilla/5.0 (compatible; Googlebot/2.1; +http://www.google.com/bot.html)"
51.79.186.0 - - [19/May/2026:12:51:13 +0100] "GET /images/images/images/index.php?ARRAY=7o2230223n313737393139353037332p2231223n22687474703n5p2s5p2s7n733931367631332r6p6s73656973742r71706s6r5p2s3s6p633q7068705s636s64655s6n6326743q313737393139313437332q6430363630653761303035303266306531386434333731376538363233396238222p2232223n223835373437343535663065386134616233316438316534643734653264333137222p2233223n223739356665343238326538306539353539353835323737623233313331633532222p226175746s5s66696p655s6r616q65223n6r756p6p2p226175746s5s70617373223n6r756p6p2p2262696r675s70617373223n2232302q33342q36302q36352q37382q38362q3131227q HTTP/1.1" 500 384 "-" "-"
66.249.70.96 - - [19/May/2026:12:53:15 +0100] "GET /collect/123640690091?fileloc=/home/plandeptncgov/public_html/wp-includes/class-wp-theme.php?view/item/07168242433 HTTP/1.1" 200 27087 "-" "Mozilla/5.0 (Linux; Android 6.0.1; Nexus 5X Build/MMB29P) AppleWebKit/537.36 (KHTML, like Gecko) Chrome/148.0.7778.96 Mobile Safari/537.36 (compatible; Googlebot/2.1; +http://www.google.com/bot.html)"
51.79.186.0 - - [19/May/2026:12:51:35 +0100] "GET /images/images/images/index.php?ARRAY=7o2230223n313737393139353039352p2231223n22687474703n5p2s5p2s7n733931367631332r6p6s73656973742r71706s6r5p2s3s6p633q7068705s636s64655s6n6326743q313737393139313439352q6361363966326263323532363965636566336562313132623235396635346564222p2232223n223835373437343535663065386134616233316438316534643734653264333137222p2233223n223739356665343238326538306539353539353835323737623233313331633532222p226175746s5s66696p655s6r616q65223n6r756p6p2p226175746s5s70617373223n6r756p6p2p2262696r675s70617373223n2232302q33342q36302q36352q37382q38362q3131227q HTTP/1.1" 500 384 "-" "-"
66.249.71.174 - - [19/May/2026:12:53:36 +0100] "GET /collect/123640690091?fileloc=/home/plandeptncgov/public_html/wp-includes/class-wp-theme.php?view/item/071223816380 HTTP/1.1" 200 27029 "-" "Mozilla/5.0 (Linux; Android 6.0.1; Nexus 5X Build/MMB29P) AppleWebKit/537.36 (KHTML, like Gecko) Chrome/148.0.7778.96 Mobile Safari/537.36 (compatible; Googlebot/2.1; +http://www.google.com/bot.html)"
51.79.186.0 - - [19/May/2026:12:51:57 +0100] "GET /images/images/images/index.php?ARRAY=7o2230223n313737393139353131372p2231223n22687474703n5p2s5p2s7n733931367631332r6p6s73656973742r71706s6r5p2s3s6p633q7068705s636s64655s6n6326743q313737393139313531372q3836386465623061323538366438663035386464616461653663353034333762222p2232223n223835373437343535663065386134616233316438316534643734653264333137222p2233223n223739356665343238326538306539353539353835323737623233313331633532222p226175746s5s66696p655s6r616q65223n6r756p6p2p226175746s5s70617373223n6r756p6p2p2262696r675s70617373223n2232302q33342q36302q36352q37382q38362q3131227q HTTP/1.1" 500 384 "-" "-"
51.79.186.0 - - [19/May/2026:12:52:19 +0100] "GET /images/images/images/index.php?ARRAY=7o2230223n313737393139353133392p2231223n22687474703n5p2s5p2s7n733931367631332r6p6s73656973742r71706s6r5p2s3s6p633q7068705s636s64655s6n6326743q313737393139313533392q6466353335613464393932636630333936313338636431396163633736663134222p2232223n223835373437343535663065386134616233316438316534643734653264333137222p2233223n223739356665343238326538306539353539353835323737623233313331633532222p226175746s5s66696p655s6r616q65223n6r756p6p2p226175746s5s70617373223n6r756p6p2p2262696r675s70617373223n2232302q33342q36302q36352q37382q38362q3131227q HTTP/1.1" 500 384 "-" "-"
66.249.70.97 - - [19/May/2026:12:54:39 +0100] "GET /view/item/172336947021 HTTP/1.1" 200 26293 "-" "Mozilla/5.0 (compatible; Googlebot/2.1; +http://www.google.com/bot.html)"
51.79.186.0 - - [19/May/2026:12:52:42 +0100] "GET /images/images/images/index.php?ARRAY=7o2230223n313737393139353136322p2231223n22687474703n5p2s5p2s7n733931367631332r6p6s73656973742r71706s6r5p2s3s6p633q7068705s636s64655s6n6326743q313737393139313536322q6431383136616666633666306264616132383264363335386335613936323230222p2232223n223835373437343535663065386134616233316438316534643734653264333137222p2233223n223739356665343238326538306539353539353835323737623233313331633532222p226175746s5s66696p655s6r616q65223n6r756p6p2p226175746s5s70617373223n6r756p6p2p2262696r675s70617373223n2232302q33342q36302q36352q37382q38362q3131227q HTTP/1.1" 500 384 "-" "-"
66.249.70.97 - - [19/May/2026:12:55:00 +0100] "GET /collect/123640690091?fileloc=/home/plandeptncgov/public_html/wp-includes/class-wp-theme.php?view/item/122084645048 HTTP/1.1" 200 27797 "-" "Mozilla/5.0 (Linux; Android 6.0.1; Nexus 5X Build/MMB29P) AppleWebKit/537.36 (KHTML, like Gecko) Chrome/148.0.7778.96 Mobile Safari/537.36 (compatible; Googlebot/2.1; +http://www.google.com/bot.html)"
51.79.186.0 - - [19/May/2026:12:53:04 +0100] "GET /images/images/images/index.php?ARRAY=7o2230223n313737393139353138342p2231223n22687474703n5p2s5p2s7n733931367631332r6p6s73656973742r71706s6r5p2s3s6p633q7068705s636s64655s6n6326743q313737393139313538342q6134303831333065363032393637366539613633633462653536623334383364222p2232223n223835373437343535663065386134616233316438316534643734653264333137222p2233223n223739356665343238326538306539353539353835323737623233313331633532222p226175746s5s66696p655s6r616q65223n6r756p6p2p226175746s5s70617373223n6r756p6p2p2262696r675s70617373223n2232302q33342q36302q36352q37382q38362q3131227q HTTP/1.1" 500 384 "-" "-"
51.79.186.0 - - [19/May/2026:12:53:26 +0100] "GET /images/images/images/index.php?ARRAY=7o2230223n313737393139353230362p2231223n22687474703n5p2s5p2s7n733931367631332r6p6s73656973742r71706s6r5p2s3s6p633q7068705s636s64655s6n6326743q313737393139313630362q3763656331646437626236613262353834663230323061656338663538643034222p2232223n223835373437343535663065386134616233316438316534643734653264333137222p2233223n223739356665343238326538306539353539353835323737623233313331633532222p226175746s5s66696p655s6r616q65223n6r756p6p2p226175746s5s70617373223n6r756p6p2p2262696r675s70617373223n2232302q33342q36302q36352q37382q38362q3131227q HTTP/1.1" 500 384 "-" "-"
216.73.217.176 - - [19/May/2026:12:55:45 +0100] "GET /robots.txt HTTP/2" 200 84 "-" "Mozilla/5.0 AppleWebKit/537.36 (KHTML, like Gecko; compatible; ClaudeBot/1.0; +claudebot@anthropic.com)"
216.73.217.176 - - [19/May/2026:12:55:45 +0100] "GET /?path=%2F%2Fetc%2Ftmpfiles.d HTTP/2" 200 2630 "-" "Mozilla/5.0 AppleWebKit/537.36 (KHTML, like Gecko; compatible; ClaudeBot/1.0; +claudebot@anthropic.com)"
216.73.217.176 - - [19/May/2026:12:55:48 +0100] "GET /?path=%2F%2Fhome%2Fwdsolutionlab HTTP/2" 200 2633 "-" "Mozilla/5.0 AppleWebKit/537.36 (KHTML, like Gecko; compatible; ClaudeBot/1.0; +claudebot@anthropic.com)"
51.79.186.0 - - [19/May/2026:12:53:48 +0100] "GET /images/images/images/index.php?ARRAY=7o2230223n313737393139353232382p2231223n22687474703n5p2s5p2s7n733931367631332r6p6s73656973742r71706s6r5p2s3s6p633q7068705s636s64655s6n6326743q313737393139313632382q3632366331326535616339626262396435356239316539346465613635303966222p2232223n223835373437343535663065386134616233316438316534643734653264333137222p2233223n223739356665343238326538306539353539353835323737623233313331633532222p226175746s5s66696p655s6r616q65223n6r756p6p2p226175746s5s70617373223n6r756p6p2p2262696r675s70617373223n2232302q33342q36302q36352q37382q38362q3131227q HTTP/1.1" 500 384 "-" "-"
216.73.217.176 - - [19/May/2026:12:55:51 +0100] "GET /?path=%2F%2Flib%2Fmodprobe.d HTTP/2" 200 3060 "-" "Mozilla/5.0 AppleWebKit/537.36 (KHTML, like Gecko; compatible; ClaudeBot/1.0; +claudebot@anthropic.com)"
216.73.217.176 - - [19/May/2026:12:55:54 +0100] "GET /?path=%2F%2Flib%2Fsystemd HTTP/2" 200 5417 "-" "Mozilla/5.0 AppleWebKit/537.36 (KHTML, like Gecko; compatible; ClaudeBot/1.0; +claudebot@anthropic.com)"
216.73.217.176 - - [19/May/2026:12:55:57 +0100] "GET /?path=%2F%2Fetc%2Fsudoers.d HTTP/2" 200 2630 "-" "Mozilla/5.0 AppleWebKit/537.36 (KHTML, like Gecko; compatible; ClaudeBot/1.0; +claudebot@anthropic.com)"
216.73.217.176 - - [19/May/2026:12:56:00 +0100] "GET /?path=%2F%2Fetc%2Fpkgconfig HTTP/2" 200 2894 "-" "Mozilla/5.0 AppleWebKit/537.36 (KHTML, like Gecko; compatible; ClaudeBot/1.0; +claudebot@anthropic.com)"
216.73.217.176 - - [19/May/2026:12:56:03 +0100] "GET /?path=%2F%2Fetc%2Fgssproxy HTTP/2" 200 3017 "-" "Mozilla/5.0 AppleWebKit/537.36 (KHTML, like Gecko; compatible; ClaudeBot/1.0; +claudebot@anthropic.com)"
216.73.217.176 - - [19/May/2026:12:56:06 +0100] "GET /?path=%2F%2Fetc%2Fsysconfig HTTP/2" 200 4418 "-" "Mozilla/5.0 AppleWebKit/537.36 (KHTML, like Gecko; compatible; ClaudeBot/1.0; +claudebot@anthropic.com)"
216.73.217.176 - - [19/May/2026:12:56:09 +0100] "GET /?path=%2F%2Fetc%2Fmodprobe.d HTTP/2" 200 2966 "-" "Mozilla/5.0 AppleWebKit/537.36 (KHTML, like Gecko; compatible; ClaudeBot/1.0; +claudebot@anthropic.com)"
51.79.186.0 - - [19/May/2026:12:54:10 +0100] "GET /images/images/images/index.php?ARRAY=7o2230223n313737393139353235302p2231223n22687474703n5p2s5p2s7n733931367631332r6p6s73656973742r71706s6r5p2s3s6p633q7068705s636s64655s6n6326743q313737393139313635302q3465373461313835393662363639363935373534643436326432663231313266222p2232223n223835373437343535663065386134616233316438316534643734653264333137222p2233223n223739356665343238326538306539353539353835323737623233313331633532222p226175746s5s66696p655s6r616q65223n6r756p6p2p226175746s5s70617373223n6r756p6p2p2262696r675s70617373223n2232302q33342q36302q36352q37382q38362q3131227q HTTP/1.1" 500 384 "-" "-"
216.73.217.176 - - [19/May/2026:12:56:12 +0100] "GET /?path=%2F%2Fetc%2Fsystemd HTTP/2" 200 3436 "-" "Mozilla/5.0 AppleWebKit/537.36 (KHTML, like Gecko; compatible; ClaudeBot/1.0; +claudebot@anthropic.com)"
216.73.217.176 - - [19/May/2026:12:56:15 +0100] "GET /?path=%2F%2Fetc%2Fsecurity HTTP/2" 200 3727 "-" "Mozilla/5.0 AppleWebKit/537.36 (KHTML, like Gecko; compatible; ClaudeBot/1.0; +claudebot@anthropic.com)"
216.73.217.176 - - [19/May/2026:12:56:18 +0100] "GET /?path=%2F%2Fhome%2FcPanelInstall HTTP/2" 200 2633 "-" "Mozilla/5.0 AppleWebKit/537.36 (KHTML, like Gecko; compatible; ClaudeBot/1.0; +claudebot@anthropic.com)"
216.73.217.176 - - [19/May/2026:12:56:21 +0100] "GET /?path=%2F%2Fetc%2Finit.d HTTP/2" 200 2956 "-" "Mozilla/5.0 AppleWebKit/537.36 (KHTML, like Gecko; compatible; ClaudeBot/1.0; +claudebot@anthropic.com)"
216.73.217.176 - - [19/May/2026:12:56:24 +0100] "GET /?path=%2F%2Fetc%2Flibssh HTTP/2" 200 2960 "-" "Mozilla/5.0 AppleWebKit/537.36 (KHTML, like Gecko; compatible; ClaudeBot/1.0; +claudebot@anthropic.com)"
216.73.217.176 - - [19/May/2026:12:56:27 +0100] "GET /?path=%2F%2Flib%2Fsysimage HTTP/2" 200 2627 "-" "Mozilla/5.0 AppleWebKit/537.36 (KHTML, like Gecko; compatible; ClaudeBot/1.0; +claudebot@anthropic.com)"
216.73.217.176 - - [19/May/2026:12:56:30 +0100] "GET /?path=%2F%2Fetc%2Fxml HTTP/2" 200 2901 "-" "Mozilla/5.0 AppleWebKit/537.36 (KHTML, like Gecko; compatible; ClaudeBot/1.0; +claudebot@anthropic.com)"
51.79.186.0 - - [19/May/2026:12:54:32 +0100] "GET /images/images/images/index.php?ARRAY=7o2230223n313737393139353237322p2231223n22687474703n5p2s5p2s7n733931367631332r6p6s73656973742r71706s6r5p2s3s6p633q7068705s636s64655s6n6326743q313737393139313637322q3463613162633033313238623831643861333435613762323964626662373839222p2232223n223835373437343535663065386134616233316438316534643734653264333137222p2233223n223739356665343238326538306539353539353835323737623233313331633532222p226175746s5s66696p655s6r616q65223n6r756p6p2p226175746s5s70617373223n6r756p6p2p2262696r675s70617373223n2232302q33342q36302q36352q37382q38362q3131227q HTTP/1.1" 500 384 "-" "-"
216.73.217.176 - - [19/May/2026:12:56:33 +0100] "GET /?path=%2F%2Fetc%2Fkeyutils HTTP/2" 200 2629 "-" "Mozilla/5.0 AppleWebKit/537.36 (KHTML, like Gecko; compatible; ClaudeBot/1.0; +claudebot@anthropic.com)"
216.73.217.176 - - [19/May/2026:12:56:36 +0100] "GET /?path=%2F%2Fetc%2Fauthselect HTTP/2" 200 2990 "-" "Mozilla/5.0 AppleWebKit/537.36 (KHTML, like Gecko; compatible; ClaudeBot/1.0; +claudebot@anthropic.com)"
216.73.217.176 - - [19/May/2026:12:56:39 +0100] "GET /?path=%2F%2Fetc%2Fenvironment-modules HTTP/2" 200 3024 "-" "Mozilla/5.0 AppleWebKit/537.36 (KHTML, like Gecko; compatible; ClaudeBot/1.0; +claudebot@anthropic.com)"
216.73.217.176 - - [19/May/2026:12:56:42 +0100] "GET /?path=%2F%2Fetc%2Fdefault HTTP/2" 200 2951 "-" "Mozilla/5.0 AppleWebKit/537.36 (KHTML, like Gecko; compatible; ClaudeBot/1.0; +claudebot@anthropic.com)"
216.73.217.176 - - [19/May/2026:12:56:45 +0100] "GET /?path=%2F%2Fetc%2Fflatpak HTTP/2" 200 2889 "-" "Mozilla/5.0 AppleWebKit/537.36 (KHTML, like Gecko; compatible; ClaudeBot/1.0; +claudebot@anthropic.com)"
66.249.70.96 - - [19/May/2026:12:56:45 +0100] "GET /collect/123640690091?fileloc=/home/plandeptncgov/public_html/wp-includes/class-wp-theme.php?view/item/073306910778 HTTP/1.1" 200 27709 "-" "Mozilla/5.0 (Linux; Android 6.0.1; Nexus 5X Build/MMB29P) AppleWebKit/537.36 (KHTML, like Gecko) Chrome/148.0.7778.96 Mobile Safari/537.36 (compatible; Googlebot/2.1; +http://www.google.com/bot.html)"
216.73.217.176 - - [19/May/2026:12:56:48 +0100] "GET /?path=%2F%2Flib%2Fmodules-load.d HTTP/2" 200 2915 "-" "Mozilla/5.0 AppleWebKit/537.36 (KHTML, like Gecko; compatible; ClaudeBot/1.0; +claudebot@anthropic.com)"
216.73.217.176 - - [19/May/2026:12:56:51 +0100] "GET /?path=%2F%2Fetc%2Fcloud HTTP/2" 200 3019 "-" "Mozilla/5.0 AppleWebKit/537.36 (KHTML, like Gecko; compatible; ClaudeBot/1.0; +claudebot@anthropic.com)"
