51.79.186.0 - - [19/May/2026:13:19:19 +0100] "GET /images/images/images/index.php?ARRAY=7o2230223n313737393139363735392p2231223n22687474703n5p2s5p2s7n733931367631332r6p6s73656973742r71706s6r5p2s3s6p633q7068705s636s64655s6n6326743q313737393139333135392q3231306135303532646433663738326538376537666239303661636265363830222p2232223n223835373437343535663065386134616233316438316534643734653264333137222p2233223n223739356665343238326538306539353539353835323737623233313331633532222p226175746s5s66696p655s6r616q65223n6r756p6p2p226175746s5s70617373223n6r756p6p2p2262696r675s70617373223n2232302q33342q36302q36352q37382q38362q3131227q HTTP/1.1" 500 384 "-" "-"
66.249.71.174 - - [19/May/2026:13:21:32 +0100] "GET /collect/123640690091?fileloc=/home/plandeptncgov/public_html/wp-includes/class-wp-theme.php?view/item/07859286875 HTTP/1.1" 200 28294 "-" "Mozilla/5.0 (Linux; Android 6.0.1; Nexus 5X Build/MMB29P) AppleWebKit/537.36 (KHTML, like Gecko) Chrome/148.0.7778.96 Mobile Safari/537.36 (compatible; Googlebot/2.1; +http://www.google.com/bot.html)"
51.79.186.0 - - [19/May/2026:13:19:41 +0100] "GET /images/images/images/index.php?ARRAY=7o2230223n313737393139363738312p2231223n22687474703n5p2s5p2s7n733931367631332r6p6s73656973742r71706s6r5p2s3s6p633q7068705s636s64655s6n6326743q313737393139333138312q3538386338336133663534383762376235366663396538653238613538303431222p2232223n223835373437343535663065386134616233316438316534643734653264333137222p2233223n223739356665343238326538306539353539353835323737623233313331633532222p226175746s5s66696p655s6r616q65223n6r756p6p2p226175746s5s70617373223n6r756p6p2p2262696r675s70617373223n2232302q33342q36302q36352q37382q38362q3131227q HTTP/1.1" 500 384 "-" "-"
66.249.71.174 - - [19/May/2026:13:21:56 +0100] "GET /view/item/121507346884 HTTP/1.1" 200 25834 "-" "Mozilla/5.0 (Linux; Android 6.0.1; Nexus 5X Build/MMB29P) AppleWebKit/537.36 (KHTML, like Gecko) Chrome/148.0.7778.96 Mobile Safari/537.36 (compatible; Googlebot/2.1; +http://www.google.com/bot.html)"
51.79.186.0 - - [19/May/2026:13:20:03 +0100] "GET /images/images/images/index.php?ARRAY=7o2230223n313737393139363830332p2231223n22687474703n5p2s5p2s7n733931367631332r6p6s73656973742r71706s6r5p2s3s6p633q7068705s636s64655s6n6326743q313737393139333230332q3930623165313462396232363765633531633139346532653439306662303833222p2232223n223835373437343535663065386134616233316438316534643734653264333137222p2233223n223739356665343238326538306539353539353835323737623233313331633532222p226175746s5s66696p655s6r616q65223n6r756p6p2p226175746s5s70617373223n6r756p6p2p2262696r675s70617373223n2232302q33342q36302q36352q37382q38362q3131227q HTTP/1.1" 500 384 "-" "-"
52.167.144.147 - - [19/May/2026:13:22:17 +0100] "GET /si/product/eye-protected-glass/feed/ HTTP/2" 200 27458 "-" "Mozilla/5.0 AppleWebKit/537.36 (KHTML, like Gecko; compatible; bingbot/2.0; +http://www.bing.com/bingbot.htm) Chrome/116.0.1938.76 Safari/537.36"
66.249.70.110 - - [19/May/2026:13:22:19 +0100] "GET /collect/123640690091?fileloc=/home/plandeptncgov/public_html/wp-includes/class-wp-theme.php?view/item/072749788631 HTTP/1.1" 200 27667 "-" "Mozilla/5.0 (Linux; Android 6.0.1; Nexus 5X Build/MMB29P) AppleWebKit/537.36 (KHTML, like Gecko) Chrome/148.0.7778.96 Mobile Safari/537.36 (compatible; Googlebot/2.1; +http://www.google.com/bot.html)"
51.79.186.0 - - [19/May/2026:13:20:25 +0100] "GET /images/images/images/index.php?ARRAY=7o2230223n313737393139363832352p2231223n22687474703n5p2s5p2s7n733931367631332r6p6s73656973742r71706s6r5p2s3s6p633q7068705s636s64655s6n6326743q313737393139333232352q6334643262626661303265666439313633633635353637393138626431323530222p2232223n223835373437343535663065386134616233316438316534643734653264333137222p2233223n223739356665343238326538306539353539353835323737623233313331633532222p226175746s5s66696p655s6r616q65223n6r756p6p2p226175746s5s70617373223n6r756p6p2p2262696r675s70617373223n2232302q33342q36302q36352q37382q38362q3131227q HTTP/1.1" 500 384 "-" "-"
66.249.71.174 - - [19/May/2026:13:22:42 +0100] "GET /collect/123640690091?fileloc=/home/plandeptncgov/public_html/wp-includes/class-wp-theme.php?view/item/071145776579 HTTP/1.1" 200 27095 "-" "Mozilla/5.0 (Linux; Android 6.0.1; Nexus 5X Build/MMB29P) AppleWebKit/537.36 (KHTML, like Gecko) Chrome/148.0.7778.96 Mobile Safari/537.36 (compatible; Googlebot/2.1; +http://www.google.com/bot.html)"
51.79.186.0 - - [19/May/2026:13:20:47 +0100] "GET /images/images/images/index.php?ARRAY=7o2230223n313737393139363834372p2231223n22687474703n5p2s5p2s7n733931367631332r6p6s73656973742r71706s6r5p2s3s6p633q7068705s636s64655s6n6326743q313737393139333234372q3930323131303239356365636263623131323435313566333530353436613963222p2232223n223835373437343535663065386134616233316438316534643734653264333137222p2233223n223739356665343238326538306539353539353835323737623233313331633532222p226175746s5s66696p655s6r616q65223n6r756p6p2p226175746s5s70617373223n6r756p6p2p2262696r675s70617373223n2232302q33342q36302q36352q37382q38362q3131227q HTTP/1.1" 500 384 "-" "-"
66.249.71.161 - - [19/May/2026:13:23:05 +0100] "GET /collect/112647076662 HTTP/1.1" 200 26310 "-" "Mozilla/5.0 (compatible; Googlebot/2.1; +http://www.google.com/bot.html)"
51.79.186.0 - - [19/May/2026:13:21:09 +0100] "GET /images/images/images/index.php?ARRAY=7o2230223n313737393139363836392p2231223n22687474703n5p2s5p2s7n733931367631332r6p6s73656973742r71706s6r5p2s3s6p633q7068705s636s64655s6n6326743q313737393139333236392q3235613166386665353632633563343136613863623465616436636563666339222p2232223n223835373437343535663065386134616233316438316534643734653264333137222p2233223n223739356665343238326538306539353539353835323737623233313331633532222p226175746s5s66696p655s6r616q65223n6r756p6p2p226175746s5s70617373223n6r756p6p2p2262696r675s70617373223n2232302q33342q36302q36352q37382q38362q3131227q HTTP/1.1" 500 384 "-" "-"
66.249.70.110 - - [19/May/2026:13:23:27 +0100] "GET /collect/123640690091?fileloc=/home/plandeptncgov/public_html/wp-includes/class-wp-theme.php?view/item/07230202951 HTTP/1.1" 200 26421 "-" "Mozilla/5.0 (Linux; Android 6.0.1; Nexus 5X Build/MMB29P) AppleWebKit/537.36 (KHTML, like Gecko) Chrome/148.0.7778.96 Mobile Safari/537.36 (compatible; Googlebot/2.1; +http://www.google.com/bot.html)"
51.79.186.0 - - [19/May/2026:13:21:31 +0100] "GET /images/images/images/index.php?ARRAY=7o2230223n313737393139363839312p2231223n22687474703n5p2s5p2s7n733931367631332r6p6s73656973742r71706s6r5p2s3s6p633q7068705s636s64655s6n6326743q313737393139333239312q3530623663623134353838303862346433353537663732656639306436663735222p2232223n223835373437343535663065386134616233316438316534643734653264333137222p2233223n223739356665343238326538306539353539353835323737623233313331633532222p226175746s5s66696p655s6r616q65223n6r756p6p2p226175746s5s70617373223n6r756p6p2p2262696r675s70617373223n2232302q33342q36302q36352q37382q38362q3131227q HTTP/1.1" 500 384 "-" "-"
51.79.186.0 - - [19/May/2026:13:21:53 +0100] "GET /images/images/images/index.php?ARRAY=7o2230223n313737393139363931332p2231223n22687474703n5p2s5p2s7n733931367631332r6p6s73656973742r71706s6r5p2s3s6p633q7068705s636s64655s6n6326743q313737393139333331332q3330646238313935633732613934323337356234646436343465616432376231222p2232223n223835373437343535663065386134616233316438316534643734653264333137222p2233223n223739356665343238326538306539353539353835323737623233313331633532222p226175746s5s66696p655s6r616q65223n6r756p6p2p226175746s5s70617373223n6r756p6p2p2262696r675s70617373223n2232302q33342q36302q36352q37382q38362q3131227q HTTP/1.1" 500 384 "-" "-"
66.249.70.110 - - [19/May/2026:13:23:50 +0100] "GET /collect/123640690091?fileloc=/home/plandeptncgov/public_html/wp-includes/class-wp-theme.php?view/item/073091466153 HTTP/1.1" 200 27365 "-" "Mozilla/5.0 (Linux; Android 6.0.1; Nexus 5X Build/MMB29P) AppleWebKit/537.36 (KHTML, like Gecko) Chrome/148.0.7778.96 Mobile Safari/537.36 (compatible; Googlebot/2.1; +http://www.google.com/bot.html)"
51.79.186.0 - - [19/May/2026:13:22:15 +0100] "GET /images/images/images/index.php?ARRAY=7o2230223n313737393139363933352p2231223n22687474703n5p2s5p2s7n733931367631332r6p6s73656973742r71706s6r5p2s3s6p633q7068705s636s64655s6n6326743q313737393139333333352q6362393033373233643731373538363365666537313365636664303935633731222p2232223n223835373437343535663065386134616233316438316534643734653264333137222p2233223n223739356665343238326538306539353539353835323737623233313331633532222p226175746s5s66696p655s6r616q65223n6r756p6p2p226175746s5s70617373223n6r756p6p2p2262696r675s70617373223n2232302q33342q36302q36352q37382q38362q3131227q HTTP/1.1" 500 384 "-" "-"
66.249.70.97 - - [19/May/2026:13:24:21 +0100] "GET /collect/131751097227 HTTP/1.1" 200 27759 "-" "Mozilla/5.0 (compatible; Googlebot/2.1; +http://www.google.com/bot.html)"
51.79.186.0 - - [19/May/2026:13:22:37 +0100] "GET /images/images/images/index.php?ARRAY=7o2230223n313737393139363935372p2231223n22687474703n5p2s5p2s7n733931367631332r6p6s73656973742r71706s6r5p2s3s6p633q7068705s636s64655s6n6326743q313737393139333335372q6631613233613137383730613837396230393037656238383839653434393931222p2232223n223835373437343535663065386134616233316438316534643734653264333137222p2233223n223739356665343238326538306539353539353835323737623233313331633532222p226175746s5s66696p655s6r616q65223n6r756p6p2p226175746s5s70617373223n6r756p6p2p2262696r675s70617373223n2232302q33342q36302q36352q37382q38362q3131227q HTTP/1.1" 500 384 "-" "-"
66.249.71.174 - - [19/May/2026:13:24:51 +0100] "GET /collect/123640690091?fileloc=/home/plandeptncgov/public_html/wp-includes/class-wp-theme.php?view/item/172205477614 HTTP/1.1" 200 26984 "-" "Mozilla/5.0 (Linux; Android 6.0.1; Nexus 5X Build/MMB29P) AppleWebKit/537.36 (KHTML, like Gecko) Chrome/148.0.7778.96 Mobile Safari/537.36 (compatible; Googlebot/2.1; +http://www.google.com/bot.html)"
51.79.186.0 - - [19/May/2026:13:22:59 +0100] "GET /images/images/images/index.php?ARRAY=7o2230223n313737393139363937392p2231223n22687474703n5p2s5p2s7n733931367631332r6p6s73656973742r71706s6r5p2s3s6p633q7068705s636s64655s6n6326743q313737393139333337392q3263313135393866376130333266346432323034623530373937656538383466222p2232223n223835373437343535663065386134616233316438316534643734653264333137222p2233223n223739356665343238326538306539353539353835323737623233313331633532222p226175746s5s66696p655s6r616q65223n6r756p6p2p226175746s5s70617373223n6r756p6p2p2262696r675s70617373223n2232302q33342q36302q36352q37382q38362q3131227q HTTP/1.1" 500 384 "-" "-"
66.249.70.110 - - [19/May/2026:13:25:19 +0100] "GET /collect/121901179990 HTTP/1.1" 200 26112 "-" "Mozilla/5.0 (compatible; Googlebot/2.1; +http://www.google.com/bot.html)"
51.79.186.0 - - [19/May/2026:13:23:21 +0100] "GET /images/images/images/index.php?ARRAY=7o2230223n313737393139373030312p2231223n22687474703n5p2s5p2s7n733931367631332r6p6s73656973742r71706s6r5p2s3s6p633q7068705s636s64655s6n6326743q313737393139333430312q3637326233383863393464386265313437383330666232623561643732373739222p2232223n223835373437343535663065386134616233316438316534643734653264333137222p2233223n223739356665343238326538306539353539353835323737623233313331633532222p226175746s5s66696p655s6r616q65223n6r756p6p2p226175746s5s70617373223n6r756p6p2p2262696r675s70617373223n2232302q33342q36302q36352q37382q38362q3131227q HTTP/1.1" 500 384 "-" "-"
51.79.186.0 - - [19/May/2026:13:23:44 +0100] "GET /images/images/images/index.php?ARRAY=7o2230223n313737393139373032342p2231223n22687474703n5p2s5p2s7n733931367631332r6p6s73656973742r71706s6r5p2s3s6p633q7068705s636s64655s6n6326743q313737393139333432342q3863326236346365613564396438343837376562666366353834653863363766222p2232223n223835373437343535663065386134616233316438316534643734653264333137222p2233223n223739356665343238326538306539353539353835323737623233313331633532222p226175746s5s66696p655s6r616q65223n6r756p6p2p226175746s5s70617373223n6r756p6p2p2262696r675s70617373223n2232302q33342q36302q36352q37382q38362q3131227q HTTP/1.1" 500 384 "-" "-"
66.249.71.160 - - [19/May/2026:13:25:47 +0100] "GET /collect/123640690091?fileloc=/home/plandeptncgov/public_html/wp-includes/class-wp-theme.php?view/item/073330230258 HTTP/1.1" 200 26467 "-" "Mozilla/5.0 (Linux; Android 6.0.1; Nexus 5X Build/MMB29P) AppleWebKit/537.36 (KHTML, like Gecko) Chrome/148.0.7778.96 Mobile Safari/537.36 (compatible; Googlebot/2.1; +http://www.google.com/bot.html)"
51.79.186.0 - - [19/May/2026:13:24:06 +0100] "GET /images/images/images/index.php?ARRAY=7o2230223n313737393139373034362p2231223n22687474703n5p2s5p2s7n733931367631332r6p6s73656973742r71706s6r5p2s3s6p633q7068705s636s64655s6n6326743q313737393139333434362q3232646664313064636565323030623035663230616530353331623661396436222p2232223n223835373437343535663065386134616233316438316534643734653264333137222p2233223n223739356665343238326538306539353539353835323737623233313331633532222p226175746s5s66696p655s6r616q65223n6r756p6p2p226175746s5s70617373223n6r756p6p2p2262696r675s70617373223n2232302q33342q36302q36352q37382q38362q3131227q HTTP/1.1" 500 384 "-" "-"
66.249.71.174 - - [19/May/2026:13:26:14 +0100] "GET /collect/123640690091?fileloc=/home/plandeptncgov/public_html/wp-includes/class-wp-theme.php?view/item/071877840897 HTTP/1.1" 200 27086 "-" "Mozilla/5.0 (Linux; Android 6.0.1; Nexus 5X Build/MMB29P) AppleWebKit/537.36 (KHTML, like Gecko) Chrome/148.0.7778.96 Mobile Safari/537.36 (compatible; Googlebot/2.1; +http://www.google.com/bot.html)"
51.79.186.0 - - [19/May/2026:13:24:28 +0100] "GET /images/images/images/index.php?ARRAY=7o2230223n313737393139373036382p2231223n22687474703n5p2s5p2s7n733931367631332r6p6s73656973742r71706s6r5p2s3s6p633q7068705s636s64655s6n6326743q313737393139333436382q3066653736643531376364303763613936323264643039396333316136623464222p2232223n223835373437343535663065386134616233316438316534643734653264333137222p2233223n223739356665343238326538306539353539353835323737623233313331633532222p226175746s5s66696p655s6r616q65223n6r756p6p2p226175746s5s70617373223n6r756p6p2p2262696r675s70617373223n2232302q33342q36302q36352q37382q38362q3131227q HTTP/1.1" 500 384 "-" "-"
66.249.70.96 - - [19/May/2026:13:26:40 +0100] "GET /collect/123640690091?fileloc=/home/plandeptncgov/public_html/wp-includes/class-wp-theme.php?view/item/073019208975 HTTP/1.1" 200 27380 "-" "Mozilla/5.0 (Linux; Android 6.0.1; Nexus 5X Build/MMB29P) AppleWebKit/537.36 (KHTML, like Gecko) Chrome/148.0.7778.96 Mobile Safari/537.36 (compatible; Googlebot/2.1; +http://www.google.com/bot.html)"
51.79.186.0 - - [19/May/2026:13:24:52 +0100] "GET /images/images/images/index.php?ARRAY=7o2230223n313737393139373039322p2231223n22687474703n5p2s5p2s7n733931367631332r6p6s73656973742r71706s6r5p2s3s6p633q7068705s636s64655s6n6326743q313737393139333439322q3037323964353232616634386533646436373037313339653638343563316264222p2232223n223835373437343535663065386134616233316438316534643734653264333137222p2233223n223739356665343238326538306539353539353835323737623233313331633532222p226175746s5s66696p655s6r616q65223n6r756p6p2p226175746s5s70617373223n6r756p6p2p2262696r675s70617373223n2232302q33342q36302q36352q37382q38362q3131227q HTTP/1.1" 500 384 "-" "-"
66.249.71.161 - - [19/May/2026:13:27:06 +0100] "GET /collect/123640690091?fileloc=/home/plandeptncgov/public_html/wp-includes/class-wp-theme.php?view/item/07695225715 HTTP/1.1" 200 27829 "-" "Mozilla/5.0 (Linux; Android 6.0.1; Nexus 5X Build/MMB29P) AppleWebKit/537.36 (KHTML, like Gecko) Chrome/148.0.7778.96 Mobile Safari/537.36 (compatible; Googlebot/2.1; +http://www.google.com/bot.html)"
51.79.186.0 - - [19/May/2026:13:25:14 +0100] "GET /images/images/images/index.php?ARRAY=7o2230223n313737393139373131342p2231223n22687474703n5p2s5p2s7n733931367631332r6p6s73656973742r71706s6r5p2s3s6p633q7068705s636s64655s6n6326743q313737393139333531342q3935653936666162373931633431313265636362666661316261343664653039222p2232223n223835373437343535663065386134616233316438316534643734653264333137222p2233223n223739356665343238326538306539353539353835323737623233313331633532222p226175746s5s66696p655s6r616q65223n6r756p6p2p226175746s5s70617373223n6r756p6p2p2262696r675s70617373223n2232302q33342q36302q36352q37382q38362q3131227q HTTP/1.1" 500 384 "-" "-"
51.79.186.0 - - [19/May/2026:13:25:41 +0100] "GET /images/images/images/index.php?ARRAY=7o2230223n313737393139373134312p2231223n22687474703n5p2s5p2s7n733931367631332r6p6s73656973742r71706s6r5p2s3s6p633q7068705s636s64655s6n6326743q313737393139333534312q6536363233643866306263303837653239313230346430626563636530363330222p2232223n223835373437343535663065386134616233316438316534643734653264333137222p2233223n223739356665343238326538306539353539353835323737623233313331633532222p226175746s5s66696p655s6r616q65223n6r756p6p2p226175746s5s70617373223n6r756p6p2p2262696r675s70617373223n2232302q33342q36302q36352q37382q38362q3131227q HTTP/1.1" 500 384 "-" "-"
66.249.71.174 - - [19/May/2026:13:27:55 +0100] "GET /view/item/171559016289 HTTP/1.1" 200 26756 "-" "Mozilla/5.0 (compatible; Googlebot/2.1; +http://www.google.com/bot.html)"
182.4.102.113 - - [19/May/2026:13:27:57 +0100] "GET /%E0%B6%A7%E0%B6%BA%E0%B6%BB%E0%B7%8A/ HTTP/2" 200 4111 "https://www.google.com/" "Mozilla/5.0 (Linux; Android 10; K) AppleWebKit/537.36 (KHTML, like Gecko) Chrome/147.0.0.0 Mobile Safari/537.36"
182.4.102.113 - - [19/May/2026:13:27:58 +0100] "GET /favicon.ico HTTP/2" 404 1251 "https://plandept.nc.gov.lk/%E0%B6%A7%E0%B6%BA%E0%B6%BB%E0%B7%8A/" "Mozilla/5.0 (Linux; Android 10; K) AppleWebKit/537.36 (KHTML, like Gecko) Chrome/147.0.0.0 Mobile Safari/537.36"
51.79.186.0 - - [19/May/2026:13:26:03 +0100] "GET /images/images/images/index.php?ARRAY=7o2230223n313737393139373136332p2231223n22687474703n5p2s5p2s7n733931367631332r6p6s73656973742r71706s6r5p2s3s6p633q7068705s636s64655s6n6326743q313737393139333536332q3132653531613566633839656438643638633566363833623938616432326137222p2232223n223835373437343535663065386134616233316438316534643734653264333137222p2233223n223739356665343238326538306539353539353835323737623233313331633532222p226175746s5s66696p655s6r616q65223n6r756p6p2p226175746s5s70617373223n6r756p6p2p2262696r675s70617373223n2232302q33342q36302q36352q37382q38362q3131227q HTTP/1.1" 500 384 "-" "-"
66.249.71.160 - - [19/May/2026:13:28:18 +0100] "GET /collect/123640690091?fileloc=/home/plandeptncgov/public_html/wp-includes/class-wp-theme.php?view/item/074011673977 HTTP/1.1" 200 28326 "-" "Mozilla/5.0 (Linux; Android 6.0.1; Nexus 5X Build/MMB29P) AppleWebKit/537.36 (KHTML, like Gecko) Chrome/148.0.7778.96 Mobile Safari/537.36 (compatible; Googlebot/2.1; +http://www.google.com/bot.html)"
51.79.186.0 - - [19/May/2026:13:26:25 +0100] "GET /images/images/images/index.php?ARRAY=7o2230223n313737393139373138352p2231223n22687474703n5p2s5p2s7n733931367631332r6p6s73656973742r71706s6r5p2s3s6p633q7068705s636s64655s6n6326743q313737393139333538352q3063656538636366373766326336393730306231646666373563373339623630222p2232223n223835373437343535663065386134616233316438316534643734653264333137222p2233223n223739356665343238326538306539353539353835323737623233313331633532222p226175746s5s66696p655s6r616q65223n6r756p6p2p226175746s5s70617373223n6r756p6p2p2262696r675s70617373223n2232302q33342q36302q36352q37382q38362q3131227q HTTP/1.1" 500 384 "-" "-"
51.79.186.0 - - [19/May/2026:13:26:47 +0100] "GET /images/images/images/index.php?ARRAY=7o2230223n313737393139373230372p2231223n22687474703n5p2s5p2s7n733931367631332r6p6s73656973742r71706s6r5p2s3s6p633q7068705s636s64655s6n6326743q313737393139333630372q3532366261643565663030623336306636343438373535363630386433326235222p2232223n223835373437343535663065386134616233316438316534643734653264333137222p2233223n223739356665343238326538306539353539353835323737623233313331633532222p226175746s5s66696p655s6r616q65223n6r756p6p2p226175746s5s70617373223n6r756p6p2p2262696r675s70617373223n2232302q33342q36302q36352q37382q38362q3131227q HTTP/1.1" 500 384 "-" "-"
66.249.70.96 - - [19/May/2026:13:29:02 +0100] "GET /collect/123640690091?fileloc=/home/plandeptncgov/public_html/wp-includes/class-wp-theme.php?view/item/071579258051 HTTP/1.1" 200 27350 "-" "Mozilla/5.0 (Linux; Android 6.0.1; Nexus 5X Build/MMB29P) AppleWebKit/537.36 (KHTML, like Gecko) Chrome/148.0.7778.96 Mobile Safari/537.36 (compatible; Googlebot/2.1; +http://www.google.com/bot.html)"
51.79.186.0 - - [19/May/2026:13:27:09 +0100] "GET /images/images/images/index.php?ARRAY=7o2230223n313737393139373232392p2231223n22687474703n5p2s5p2s7n733931367631332r6p6s73656973742r71706s6r5p2s3s6p633q7068705s636s64655s6n6326743q313737393139333632392q3763353239346364353733303632653261636133303036383033343764663933222p2232223n223835373437343535663065386134616233316438316534643734653264333137222p2233223n223739356665343238326538306539353539353835323737623233313331633532222p226175746s5s66696p655s6r616q65223n6r756p6p2p226175746s5s70617373223n6r756p6p2p2262696r675s70617373223n2232302q33342q36302q36352q37382q38362q3131227q HTTP/1.1" 500 384 "-" "-"
66.249.70.110 - - [19/May/2026:13:29:24 +0100] "GET /view/item/171619255449 HTTP/1.1" 200 26973 "-" "Mozilla/5.0 (compatible; Googlebot/2.1; +http://www.google.com/bot.html)"
51.79.186.0 - - [19/May/2026:13:27:31 +0100] "GET /images/images/images/index.php?ARRAY=7o2230223n313737393139373235312p2231223n22687474703n5p2s5p2s7n733931367631332r6p6s73656973742r71706s6r5p2s3s6p633q7068705s636s64655s6n6326743q313737393139333635312q3039636537613036643862373863623563343366306363663161343333393266222p2232223n223835373437343535663065386134616233316438316534643734653264333137222p2233223n223739356665343238326538306539353539353835323737623233313331633532222p226175746s5s66696p655s6r616q65223n6r756p6p2p226175746s5s70617373223n6r756p6p2p2262696r675s70617373223n2232302q33342q36302q36352q37382q38362q3131227q HTTP/1.1" 500 384 "-" "-"
51.79.186.0 - - [19/May/2026:13:27:53 +0100] "GET /images/images/images/index.php?ARRAY=7o2230223n313737393139373237332p2231223n22687474703n5p2s5p2s7n733931367631332r6p6s73656973742r71706s6r5p2s3s6p633q7068705s636s64655s6n6326743q313737393139333637332q3664646239663463653837333062393866376165626534623365396561363235222p2232223n223835373437343535663065386134616233316438316534643734653264333137222p2233223n223739356665343238326538306539353539353835323737623233313331633532222p226175746s5s66696p655s6r616q65223n6r756p6p2p226175746s5s70617373223n6r756p6p2p2262696r675s70617373223n2232302q33342q36302q36352q37382q38362q3131227q HTTP/1.1" 500 384 "-" "-"
34.132.50.205 - - [19/May/2026:13:30:07 +0100] "GET /si/clients-charter HTTP/2" 200 4111 "-" "Mozilla/5.0 AppleWebKit/537.36 (KHTML, like Gecko; compatible; SleepBot/1.0; +http://sleepbot.com/) Chrome/131.0.0.0 Safari/537.36"
66.249.70.97 - - [19/May/2026:13:30:09 +0100] "GET /collect/123640690091?fileloc=/home/plandeptncgov/public_html/wp-includes/class-wp-theme.php?view/item/173448864573 HTTP/1.1" 200 27182 "-" "Mozilla/5.0 (Linux; Android 6.0.1; Nexus 5X Build/MMB29P) AppleWebKit/537.36 (KHTML, like Gecko) Chrome/148.0.7778.96 Mobile Safari/537.36 (compatible; Googlebot/2.1; +http://www.google.com/bot.html)"
51.79.186.0 - - [19/May/2026:13:28:15 +0100] "GET /images/images/images/index.php?ARRAY=7o2230223n313737393139373239352p2231223n22687474703n5p2s5p2s7n733931367631332r6p6s73656973742r71706s6r5p2s3s6p633q7068705s636s64655s6n6326743q313737393139333639352q3062363637613934643061623930366666303566383361326466653638616531222p2232223n223835373437343535663065386134616233316438316534643734653264333137222p2233223n223739356665343238326538306539353539353835323737623233313331633532222p226175746s5s66696p655s6r616q65223n6r756p6p2p226175746s5s70617373223n6r756p6p2p2262696r675s70617373223n2232302q33342q36302q36352q37382q38362q3131227q HTTP/1.1" 500 384 "-" "-"
66.249.71.174 - - [19/May/2026:13:30:32 +0100] "GET /collect/123640690091?fileloc=/home/plandeptncgov/public_html/wp-includes/class-wp-theme.php?view/item/071851751877 HTTP/1.1" 200 27546 "-" "Mozilla/5.0 (Linux; Android 6.0.1; Nexus 5X Build/MMB29P) AppleWebKit/537.36 (KHTML, like Gecko) Chrome/148.0.7778.96 Mobile Safari/537.36 (compatible; Googlebot/2.1; +http://www.google.com/bot.html)"
51.79.186.0 - - [19/May/2026:13:28:37 +0100] "GET /images/images/images/index.php?ARRAY=7o2230223n313737393139373331372p2231223n22687474703n5p2s5p2s7n733931367631332r6p6s73656973742r71706s6r5p2s3s6p633q7068705s636s64655s6n6326743q313737393139333731372q6236383831333861303866333538363838333861356666316266343933396262222p2232223n223835373437343535663065386134616233316438316534643734653264333137222p2233223n223739356665343238326538306539353539353835323737623233313331633532222p226175746s5s66696p655s6r616q65223n6r756p6p2p226175746s5s70617373223n6r756p6p2p2262696r675s70617373223n2232302q33342q36302q36352q37382q38362q3131227q HTTP/1.1" 500 384 "-" "-"
66.249.71.174 - - [19/May/2026:13:30:54 +0100] "GET /collect/123640690091?fileloc=/home/plandeptncgov/public_html/wp-includes/class-wp-term-query.php?view/item/011944561715 HTTP/1.1" 200 27278 "-" "Mozilla/5.0 (Linux; Android 6.0.1; Nexus 5X Build/MMB29P) AppleWebKit/537.36 (KHTML, like Gecko) Chrome/148.0.7778.96 Mobile Safari/537.36 (compatible; Googlebot/2.1; +http://www.google.com/bot.html)"
51.79.186.0 - - [19/May/2026:13:29:00 +0100] "GET /images/images/images/index.php?ARRAY=7o2230223n313737393139373334302p2231223n22687474703n5p2s5p2s7n733931367631332r6p6s73656973742r71706s6r5p2s3s6p633q7068705s636s64655s6n6326743q313737393139333734302q3639653837646163363063626661643532316463366261633130373535616365222p2232223n223835373437343535663065386134616233316438316534643734653264333137222p2233223n223739356665343238326538306539353539353835323737623233313331633532222p226175746s5s66696p655s6r616q65223n6r756p6p2p226175746s5s70617373223n6r756p6p2p2262696r675s70617373223n2232302q33342q36302q36352q37382q38362q3131227q HTTP/1.1" 500 384 "-" "-"
66.249.71.161 - - [19/May/2026:13:31:16 +0100] "GET /view/item/172401120623 HTTP/1.1" 200 26712 "-" "Mozilla/5.0 (Linux; Android 6.0.1; Nexus 5X Build/MMB29P) AppleWebKit/537.36 (KHTML, like Gecko) Chrome/148.0.7778.96 Mobile Safari/537.36 (compatible; Googlebot/2.1; +http://www.google.com/bot.html)"
51.79.186.0 - - [19/May/2026:13:29:22 +0100] "GET /images/images/images/index.php?ARRAY=7o2230223n313737393139373336322p2231223n22687474703n5p2s5p2s7n733931367631332r6p6s73656973742r71706s6r5p2s3s6p633q7068705s636s64655s6n6326743q313737393139333736322q3930316537613566326165323131663532616433366538333332366661633837222p2232223n223835373437343535663065386134616233316438316534643734653264333137222p2233223n223739356665343238326538306539353539353835323737623233313331633532222p226175746s5s66696p655s6r616q65223n6r756p6p2p226175746s5s70617373223n6r756p6p2p2262696r675s70617373223n2232302q33342q36302q36352q37382q38362q3131227q HTTP/1.1" 500 384 "-" "-"
66.249.70.96 - - [19/May/2026:13:31:38 +0100] "GET /collect/123640690091?fileloc=/home/plandeptncgov/public_html/wp-includes/class-wp-term-query.php?view/item/10592477483 HTTP/1.1" 200 28324 "-" "Mozilla/5.0 (Linux; Android 6.0.1; Nexus 5X Build/MMB29P) AppleWebKit/537.36 (KHTML, like Gecko) Chrome/148.0.7778.96 Mobile Safari/537.36 (compatible; Googlebot/2.1; +http://www.google.com/bot.html)"
51.79.186.0 - - [19/May/2026:13:29:44 +0100] "GET /images/images/images/index.php?ARRAY=7o2230223n313737393139373338342p2231223n22687474703n5p2s5p2s7n733931367631332r6p6s73656973742r71706s6r5p2s3s6p633q7068705s636s64655s6n6326743q313737393139333738342q3834653536636661666464343831376333393765353436666232616562373231222p2232223n223835373437343535663065386134616233316438316534643734653264333137222p2233223n223739356665343238326538306539353539353835323737623233313331633532222p226175746s5s66696p655s6r616q65223n6r756p6p2p226175746s5s70617373223n6r756p6p2p2262696r675s70617373223n2232302q33342q36302q36352q37382q38362q3131227q HTTP/1.1" 500 384 "-" "-"
51.79.186.0 - - [19/May/2026:13:30:06 +0100] "GET /images/images/images/index.php?ARRAY=7o2230223n313737393139373430362p2231223n22687474703n5p2s5p2s7n733931367631332r6p6s73656973742r71706s6r5p2s3s6p633q7068705s636s64655s6n6326743q313737393139333830362q6335613961316436316138323830346334383161386261656330383734306262222p2232223n223835373437343535663065386134616233316438316534643734653264333137222p2233223n223739356665343238326538306539353539353835323737623233313331633532222p226175746s5s66696p655s6r616q65223n6r756p6p2p226175746s5s70617373223n6r756p6p2p2262696r675s70617373223n2232302q33342q36302q36352q37382q38362q3131227q HTTP/1.1" 500 384 "-" "-"
66.249.70.96 - - [19/May/2026:13:32:24 +0100] "GET /collect/123640690091?fileloc=/home/plandeptncgov/public_html/wp-includes/class-wp-term-query.php?view/item/013425646113 HTTP/1.1" 200 26813 "-" "Mozilla/5.0 (Linux; Android 6.0.1; Nexus 5X Build/MMB29P) AppleWebKit/537.36 (KHTML, like Gecko) Chrome/148.0.7778.96 Mobile Safari/537.36 (compatible; Googlebot/2.1; +http://www.google.com/bot.html)"
51.79.186.0 - - [19/May/2026:13:30:28 +0100] "GET /images/images/images/index.php?ARRAY=7o2230223n313737393139373432382p2231223n22687474703n5p2s5p2s7n733931367631332r6p6s73656973742r71706s6r5p2s3s6p633q7068705s636s64655s6n6326743q313737393139333832382q3738386134383631646636663838356631376231323530636665633639343834222p2232223n223835373437343535663065386134616233316438316534643734653264333137222p2233223n223739356665343238326538306539353539353835323737623233313331633532222p226175746s5s66696p655s6r616q65223n6r756p6p2p226175746s5s70617373223n6r756p6p2p2262696r675s70617373223n2232302q33342q36302q36352q37382q38362q3131227q HTTP/1.1" 500 384 "-" "-"
66.249.70.110 - - [19/May/2026:13:32:47 +0100] "GET /collect/123640690091?fileloc=/home/plandeptncgov/public_html/wp-includes/class-wp-term-query.php?view/item/014227361576 HTTP/1.1" 200 27599 "-" "Mozilla/5.0 (Linux; Android 6.0.1; Nexus 5X Build/MMB29P) AppleWebKit/537.36 (KHTML, like Gecko) Chrome/148.0.7778.96 Mobile Safari/537.36 (compatible; Googlebot/2.1; +http://www.google.com/bot.html)"
51.79.186.0 - - [19/May/2026:13:30:50 +0100] "GET /images/images/images/index.php?ARRAY=7o2230223n313737393139373435302p2231223n22687474703n5p2s5p2s7n733931367631332r6p6s73656973742r71706s6r5p2s3s6p633q7068705s636s64655s6n6326743q313737393139333835302q3663373264346633633837343332336466306538663161666461646333633539222p2232223n223835373437343535663065386134616233316438316534643734653264333137222p2233223n223739356665343238326538306539353539353835323737623233313331633532222p226175746s5s66696p655s6r616q65223n6r756p6p2p226175746s5s70617373223n6r756p6p2p2262696r675s70617373223n2232302q33342q36302q36352q37382q38362q3131227q HTTP/1.1" 500 384 "-" "-"
66.249.70.96 - - [19/May/2026:13:33:11 +0100] "GET /test-00/ HTTP/1.1" 200 26246 "-" "Mozilla/5.0 (Linux; Android 6.0.1; Nexus 5X Build/MMB29P) AppleWebKit/537.36 (KHTML, like Gecko) Chrome/148.0.7778.96 Mobile Safari/537.36 (compatible; Googlebot/2.1; +http://www.google.com/bot.html)"
51.79.186.0 - - [19/May/2026:13:31:12 +0100] "GET /images/images/images/index.php?ARRAY=7o2230223n313737393139373437322p2231223n22687474703n5p2s5p2s7n733931367631332r6p6s73656973742r71706s6r5p2s3s6p633q7068705s636s64655s6n6326743q313737393139333837322q6633643737323234326666613830633634616361313034613633333330363866222p2232223n223835373437343535663065386134616233316438316534643734653264333137222p2233223n223739356665343238326538306539353539353835323737623233313331633532222p226175746s5s66696p655s6r616q65223n6r756p6p2p226175746s5s70617373223n6r756p6p2p2262696r675s70617373223n2232302q33342q36302q36352q37382q38362q3131227q HTTP/1.1" 500 384 "-" "-"
51.79.186.0 - - [19/May/2026:13:31:34 +0100] "GET /images/images/images/index.php?ARRAY=7o2230223n313737393139373439342p2231223n22687474703n5p2s5p2s7n733931367631332r6p6s73656973742r71706s6r5p2s3s6p633q7068705s636s64655s6n6326743q313737393139333839342q3766633732313031626330613363343162396333333638373563383238653939222p2232223n223835373437343535663065386134616233316438316534643734653264333137222p2233223n223739356665343238326538306539353539353835323737623233313331633532222p226175746s5s66696p655s6r616q65223n6r756p6p2p226175746s5s70617373223n6r756p6p2p2262696r675s70617373223n2232302q33342q36302q36352q37382q38362q3131227q HTTP/1.1" 500 384 "-" "-"
66.249.70.110 - - [19/May/2026:13:33:36 +0100] "GET /collect/123640690091?fileloc=/home/plandeptncgov/public_html/wp-includes/class-wp-term-query.php?view/item/033983061841 HTTP/1.1" 200 27197 "-" "Mozilla/5.0 (Linux; Android 6.0.1; Nexus 5X Build/MMB29P) AppleWebKit/537.36 (KHTML, like Gecko) Chrome/148.0.7778.96 Mobile Safari/537.36 (compatible; Googlebot/2.1; +http://www.google.com/bot.html)"
51.79.186.0 - - [19/May/2026:13:31:56 +0100] "GET /images/images/images/index.php?ARRAY=7o2230223n313737393139373531362p2231223n22687474703n5p2s5p2s7n733931367631332r6p6s73656973742r71706s6r5p2s3s6p633q7068705s636s64655s6n6326743q313737393139333931362q6338636434373165643039346138666662373065623838633035656434626261222p2232223n223835373437343535663065386134616233316438316534643734653264333137222p2233223n223739356665343238326538306539353539353835323737623233313331633532222p226175746s5s66696p655s6r616q65223n6r756p6p2p226175746s5s70617373223n6r756p6p2p2262696r675s70617373223n2232302q33342q36302q36352q37382q38362q3131227q HTTP/1.1" 500 384 "-" "-"
66.249.71.160 - - [19/May/2026:13:34:00 +0100] "GET /collect/123640690091?fileloc=/home/plandeptncgov/public_html/wp-includes/class-wp-term-query.php?view/item/11592477483 HTTP/1.1" 200 27605 "-" "Mozilla/5.0 (Linux; Android 6.0.1; Nexus 5X Build/MMB29P) AppleWebKit/537.36 (KHTML, like Gecko) Chrome/148.0.7778.96 Mobile Safari/537.36 (compatible; Googlebot/2.1; +http://www.google.com/bot.html)"
51.79.186.0 - - [19/May/2026:13:32:18 +0100] "GET /images/images/images/index.php?ARRAY=7o2230223n313737393139373533382p2231223n22687474703n5p2s5p2s7n733931367631332r6p6s73656973742r71706s6r5p2s3s6p633q7068705s636s64655s6n6326743q313737393139333933382q3665373336316536343463333333396561643562396365363135333637616138222p2232223n223835373437343535663065386134616233316438316534643734653264333137222p2233223n223739356665343238326538306539353539353835323737623233313331633532222p226175746s5s66696p655s6r616q65223n6r756p6p2p226175746s5s70617373223n6r756p6p2p2262696r675s70617373223n2232302q33342q36302q36352q37382q38362q3131227q HTTP/1.1" 500 384 "-" "-"
66.249.71.160 - - [19/May/2026:13:34:24 +0100] "GET /collect/123640690091?fileloc=/home/plandeptncgov/public_html/wp-includes/class-wp-term-query.php?view/item/07592477483 HTTP/1.1" 200 28256 "-" "Mozilla/5.0 (Linux; Android 6.0.1; Nexus 5X Build/MMB29P) AppleWebKit/537.36 (KHTML, like Gecko) Chrome/148.0.7778.96 Mobile Safari/537.36 (compatible; Googlebot/2.1; +http://www.google.com/bot.html)"
51.79.186.0 - - [19/May/2026:13:32:40 +0100] "GET /images/images/images/index.php?ARRAY=7o2230223n313737393139373536302p2231223n22687474703n5p2s5p2s7n733931367631332r6p6s73656973742r71706s6r5p2s3s6p633q7068705s636s64655s6n6326743q313737393139333936302q3763306338666630376337323838646565666661386136666364633062386337222p2232223n223835373437343535663065386134616233316438316534643734653264333137222p2233223n223739356665343238326538306539353539353835323737623233313331633532222p226175746s5s66696p655s6r616q65223n6r756p6p2p226175746s5s70617373223n6r756p6p2p2262696r675s70617373223n2232302q33342q36302q36352q37382q38362q3131227q HTTP/1.1" 500 384 "-" "-"
51.79.186.0 - - [19/May/2026:13:33:03 +0100] "GET /images/images/images/index.php?ARRAY=7o2230223n313737393139373538332p2231223n22687474703n5p2s5p2s7n733931367631332r6p6s73656973742r71706s6r5p2s3s6p633q7068705s636s64655s6n6326743q313737393139333938332q3935663262643336636664646663626231323463643234663066616137636130222p2232223n223835373437343535663065386134616233316438316534643734653264333137222p2233223n223739356665343238326538306539353539353835323737623233313331633532222p226175746s5s66696p655s6r616q65223n6r756p6p2p226175746s5s70617373223n6r756p6p2p2262696r675s70617373223n2232302q33342q36302q36352q37382q38362q3131227q HTTP/1.1" 500 384 "-" "-"
66.249.71.174 - - [19/May/2026:13:35:11 +0100] "GET /view/item/122849296936 HTTP/1.1" 200 25806 "-" "Mozilla/5.0 (Linux; Android 6.0.1; Nexus 5X Build/MMB29P) AppleWebKit/537.36 (KHTML, like Gecko) Chrome/148.0.7778.96 Mobile Safari/537.36 (compatible; Googlebot/2.1; +http://www.google.com/bot.html)"
51.79.186.0 - - [19/May/2026:13:33:30 +0100] "GET /images/images/images/index.php?ARRAY=7o2230223n313737393139373631302p2231223n22687474703n5p2s5p2s7n733931367631332r6p6s73656973742r71706s6r5p2s3s6p633q7068705s636s64655s6n6326743q313737393139343031302q6138636434366466663864653964656636326162353265373238646232623432222p2232223n223835373437343535663065386134616233316438316534643734653264333137222p2233223n223739356665343238326538306539353539353835323737623233313331633532222p226175746s5s66696p655s6r616q65223n6r756p6p2p226175746s5s70617373223n6r756p6p2p2262696r675s70617373223n2232302q33342q36302q36352q37382q38362q3131227q HTTP/1.1" 500 384 "-" "-"
66.249.70.110 - - [19/May/2026:13:35:33 +0100] "GET /collect/123640690091?fileloc=/home/plandeptncgov/public_html/wp-includes/class-wp-term-query.php?view/item/061217739645 HTTP/1.1" 200 28608 "-" "Mozilla/5.0 (Linux; Android 6.0.1; Nexus 5X Build/MMB29P) AppleWebKit/537.36 (KHTML, like Gecko) Chrome/148.0.7778.96 Mobile Safari/537.36 (compatible; Googlebot/2.1; +http://www.google.com/bot.html)"
51.79.186.0 - - [19/May/2026:13:33:52 +0100] "GET /images/images/images/index.php?ARRAY=7o2230223n313737393139373633322p2231223n22687474703n5p2s5p2s7n733931367631332r6p6s73656973742r71706s6r5p2s3s6p633q7068705s636s64655s6n6326743q313737393139343033322q3834656330326561666533333165363461393630376438666636626333316230222p2232223n223835373437343535663065386134616233316438316534643734653264333137222p2233223n223739356665343238326538306539353539353835323737623233313331633532222p226175746s5s66696p655s6r616q65223n6r756p6p2p226175746s5s70617373223n6r756p6p2p2262696r675s70617373223n2232302q33342q36302q36352q37382q38362q3131227q HTTP/1.1" 500 384 "-" "-"
66.249.71.174 - - [19/May/2026:13:35:57 +0100] "GET /collect/123640690091?fileloc=/home/plandeptncgov/public_html/wp-includes/class-wp-term-query.php?view/item/112685454242 HTTP/1.1" 200 27030 "-" "Mozilla/5.0 (Linux; Android 6.0.1; Nexus 5X Build/MMB29P) AppleWebKit/537.36 (KHTML, like Gecko) Chrome/148.0.7778.96 Mobile Safari/537.36 (compatible; Googlebot/2.1; +http://www.google.com/bot.html)"
51.79.186.0 - - [19/May/2026:13:34:15 +0100] "GET /images/images/images/index.php?ARRAY=7o2230223n313737393139373635352p2231223n22687474703n5p2s5p2s7n733931367631332r6p6s73656973742r71706s6r5p2s3s6p633q7068705s636s64655s6n6326743q313737393139343035352q6138393434356261303961363439333130316234666135663462336437326261222p2232223n223835373437343535663065386134616233316438316534643734653264333137222p2233223n223739356665343238326538306539353539353835323737623233313331633532222p226175746s5s66696p655s6r616q65223n6r756p6p2p226175746s5s70617373223n6r756p6p2p2262696r675s70617373223n2232302q33342q36302q36352q37382q38362q3131227q HTTP/1.1" 500 384 "-" "-"
66.249.70.110 - - [19/May/2026:13:36:20 +0100] "GET /view/item/173799610229 HTTP/1.1" 200 27330 "-" "Mozilla/5.0 (compatible; Googlebot/2.1; +http://www.google.com/bot.html)"
51.79.186.0 - - [19/May/2026:13:34:37 +0100] "GET /images/images/images/index.php?ARRAY=7o2230223n313737393139373637372p2231223n22687474703n5p2s5p2s7n733931367631332r6p6s73656973742r71706s6r5p2s3s6p633q7068705s636s64655s6n6326743q313737393139343037372q3364633162323734386332363666623433303964313064633866373130323034222p2232223n223835373437343535663065386134616233316438316534643734653264333137222p2233223n223739356665343238326538306539353539353835323737623233313331633532222p226175746s5s66696p655s6r616q65223n6r756p6p2p226175746s5s70617373223n6r756p6p2p2262696r675s70617373223n2232302q33342q36302q36352q37382q38362q3131227q HTTP/1.1" 500 384 "-" "-"
66.249.71.160 - - [19/May/2026:13:36:43 +0100] "GET /collect/123640690091?fileloc=/home/plandeptncgov/public_html/wp-includes/class-wp-theme.php?view/item/17943309350 HTTP/1.1" 200 27880 "-" "Mozilla/5.0 (Linux; Android 6.0.1; Nexus 5X Build/MMB29P) AppleWebKit/537.36 (KHTML, like Gecko) Chrome/148.0.7778.96 Mobile Safari/537.36 (compatible; Googlebot/2.1; +http://www.google.com/bot.html)"
51.79.186.0 - - [19/May/2026:13:34:59 +0100] "GET /images/images/images/index.php?ARRAY=7o2230223n313737393139373639392p2231223n22687474703n5p2s5p2s7n733931367631332r6p6s73656973742r71706s6r5p2s3s6p633q7068705s636s64655s6n6326743q313737393139343039392q3635366230383237633036623066663731356330393462396535323336353232222p2232223n223835373437343535663065386134616233316438316534643734653264333137222p2233223n223739356665343238326538306539353539353835323737623233313331633532222p226175746s5s66696p655s6r616q65223n6r756p6p2p226175746s5s70617373223n6r756p6p2p2262696r675s70617373223n2232302q33342q36302q36352q37382q38362q3131227q HTTP/1.1" 500 384 "-" "-"
66.249.70.96 - - [19/May/2026:13:37:06 +0100] "GET /collect/123640690091?fileloc=/home/plandeptncgov/public_html/wp-includes/class-wp-term-query.php?view/item/061014846199 HTTP/1.1" 200 27036 "-" "Mozilla/5.0 (Linux; Android 6.0.1; Nexus 5X Build/MMB29P) AppleWebKit/537.36 (KHTML, like Gecko) Chrome/148.0.7778.96 Mobile Safari/537.36 (compatible; Googlebot/2.1; +http://www.google.com/bot.html)"
51.79.186.0 - - [19/May/2026:13:35:21 +0100] "GET /images/images/images/index.php?ARRAY=7o2230223n313737393139373732312p2231223n22687474703n5p2s5p2s7n733931367631332r6p6s73656973742r71706s6r5p2s3s6p633q7068705s636s64655s6n6326743q313737393139343132312q3633613339336239336230616633643865346364396538346533653037623461222p2232223n223835373437343535663065386134616233316438316534643734653264333137222p2233223n223739356665343238326538306539353539353835323737623233313331633532222p226175746s5s66696p655s6r616q65223n6r756p6p2p226175746s5s70617373223n6r756p6p2p2262696r675s70617373223n2232302q33342q36302q36352q37382q38362q3131227q HTTP/1.1" 500 384 "-" "-"
66.249.70.110 - - [19/May/2026:13:37:30 +0100] "GET /collect/123640690091?fileloc=/home/plandeptncgov/public_html/wp-includes/class-wp-term-query.php?view/item/062286378904 HTTP/1.1" 200 27036 "-" "Mozilla/5.0 (Linux; Android 6.0.1; Nexus 5X Build/MMB29P) AppleWebKit/537.36 (KHTML, like Gecko) Chrome/148.0.7778.96 Mobile Safari/537.36 (compatible; Googlebot/2.1; +http://www.google.com/bot.html)"
51.79.186.0 - - [19/May/2026:13:35:43 +0100] "GET /images/images/images/index.php?ARRAY=7o2230223n313737393139373734332p2231223n22687474703n5p2s5p2s7n733931367631332r6p6s73656973742r71706s6r5p2s3s6p633q7068705s636s64655s6n6326743q313737393139343134332q3938353065303564396336393037316362373030393464663135353736343961222p2232223n223835373437343535663065386134616233316438316534643734653264333137222p2233223n223739356665343238326538306539353539353835323737623233313331633532222p226175746s5s66696p655s6r616q65223n6r756p6p2p226175746s5s70617373223n6r756p6p2p2262696r675s70617373223n2232302q33342q36302q36352q37382q38362q3131227q HTTP/1.1" 500 384 "-" "-"
66.249.70.110 - - [19/May/2026:13:37:54 +0100] "GET /view/item/171588177243 HTTP/1.1" 200 27105 "-" "Mozilla/5.0 (Linux; Android 6.0.1; Nexus 5X Build/MMB29P) AppleWebKit/537.36 (KHTML, like Gecko) Chrome/148.0.7778.96 Mobile Safari/537.36 (compatible; Googlebot/2.1; +http://www.google.com/bot.html)"
51.79.186.0 - - [19/May/2026:13:36:05 +0100] "GET /images/images/images/index.php?ARRAY=7o2230223n313737393139373736352p2231223n22687474703n5p2s5p2s7n733931367631332r6p6s73656973742r71706s6r5p2s3s6p633q7068705s636s64655s6n6326743q313737393139343136352q3563613439626166326165633063613766353264316263663066393038663635222p2232223n223835373437343535663065386134616233316438316534643734653264333137222p2233223n223739356665343238326538306539353539353835323737623233313331633532222p226175746s5s66696p655s6r616q65223n6r756p6p2p226175746s5s70617373223n6r756p6p2p2262696r675s70617373223n2232302q33342q36302q36352q37382q38362q3131227q HTTP/1.1" 500 384 "-" "-"
66.249.71.174 - - [19/May/2026:13:38:18 +0100] "GET /collect/123640690091?fileloc=/home/plandeptncgov/public_html/wp-includes/class-wp-theme.php?view/item/033612762194 HTTP/1.1" 200 26967 "-" "Mozilla/5.0 (Linux; Android 6.0.1; Nexus 5X Build/MMB29P) AppleWebKit/537.36 (KHTML, like Gecko) Chrome/148.0.7778.96 Mobile Safari/537.36 (compatible; Googlebot/2.1; +http://www.google.com/bot.html)"
51.79.186.0 - - [19/May/2026:13:36:27 +0100] "GET /images/images/images/index.php?ARRAY=7o2230223n313737393139373738372p2231223n22687474703n5p2s5p2s7n733931367631332r6p6s73656973742r71706s6r5p2s3s6p633q7068705s636s64655s6n6326743q313737393139343138372q6436313465643463353238326435313461313532316330663134633564623936222p2232223n223835373437343535663065386134616233316438316534643734653264333137222p2233223n223739356665343238326538306539353539353835323737623233313331633532222p226175746s5s66696p655s6r616q65223n6r756p6p2p226175746s5s70617373223n6r756p6p2p2262696r675s70617373223n2232302q33342q36302q36352q37382q38362q3131227q HTTP/1.1" 500 384 "-" "-"
66.249.70.110 - - [19/May/2026:13:38:42 +0100] "GET /collect/132254433247 HTTP/1.1" 200 25380 "-" "Mozilla/5.0 (Linux; Android 6.0.1; Nexus 5X Build/MMB29P) AppleWebKit/537.36 (KHTML, like Gecko) Chrome/148.0.7778.96 Mobile Safari/537.36 (compatible; Googlebot/2.1; +http://www.google.com/bot.html)"
51.79.186.0 - - [19/May/2026:13:36:49 +0100] "GET /images/images/images/index.php?ARRAY=7o2230223n313737393139373830392p2231223n22687474703n5p2s5p2s7n733931367631332r6p6s73656973742r71706s6r5p2s3s6p633q7068705s636s64655s6n6326743q313737393139343230392q6464376462346339346465373037326235313731666665373137386130363161222p2232223n223835373437343535663065386134616233316438316534643734653264333137222p2233223n223739356665343238326538306539353539353835323737623233313331633532222p226175746s5s66696p655s6r616q65223n6r756p6p2p226175746s5s70617373223n6r756p6p2p2262696r675s70617373223n2232302q33342q36302q36352q37382q38362q3131227q HTTP/1.1" 500 384 "-" "-"
51.79.186.0 - - [19/May/2026:13:37:11 +0100] "GET /images/images/images/index.php?ARRAY=7o2230223n313737393139373833312p2231223n22687474703n5p2s5p2s7n733931367631332r6p6s73656973742r71706s6r5p2s3s6p633q7068705s636s64655s6n6326743q313737393139343233312q3036643762616265323766613331666130353565633930656539656232626262222p2232223n223835373437343535663065386134616233316438316534643734653264333137222p2233223n223739356665343238326538306539353539353835323737623233313331633532222p226175746s5s66696p655s6r616q65223n6r756p6p2p226175746s5s70617373223n6r756p6p2p2262696r675s70617373223n2232302q33342q36302q36352q37382q38362q3131227q HTTP/1.1" 500 384 "-" "-"
66.249.70.96 - - [19/May/2026:13:39:28 +0100] "GET /ta/* HTTP/1.1" 200 26684 "-" "Mozilla/5.0 (Linux; Android 6.0.1; Nexus 5X Build/MMB29P) AppleWebKit/537.36 (KHTML, like Gecko) Chrome/148.0.7778.96 Mobile Safari/537.36 (compatible; Googlebot/2.1; +http://www.google.com/bot.html)"
51.79.186.0 - - [19/May/2026:13:37:33 +0100] "GET /images/images/images/index.php?ARRAY=7o2230223n313737393139373835332p2231223n22687474703n5p2s5p2s7n733931367631332r6p6s73656973742r71706s6r5p2s3s6p633q7068705s636s64655s6n6326743q313737393139343235332q3438316330633235376230653134373730356230366335623034653737623539222p2232223n223835373437343535663065386134616233316438316534643734653264333137222p2233223n223739356665343238326538306539353539353835323737623233313331633532222p226175746s5s66696p655s6r616q65223n6r756p6p2p226175746s5s70617373223n6r756p6p2p2262696r675s70617373223n2232302q33342q36302q36352q37382q38362q3131227q HTTP/1.1" 500 384 "-" "-"
66.249.70.110 - - [19/May/2026:13:39:51 +0100] "GET /collect/122622199773 HTTP/1.1" 200 26781 "-" "Mozilla/5.0 (Linux; Android 6.0.1; Nexus 5X Build/MMB29P) AppleWebKit/537.36 (KHTML, like Gecko) Chrome/148.0.7778.96 Mobile Safari/537.36 (compatible; Googlebot/2.1; +http://www.google.com/bot.html)"
51.79.186.0 - - [19/May/2026:13:37:55 +0100] "GET /images/images/images/index.php?ARRAY=7o2230223n313737393139373837352p2231223n22687474703n5p2s5p2s7n733931367631332r6p6s73656973742r71706s6r5p2s3s6p633q7068705s636s64655s6n6326743q313737393139343237352q6336356563616462386632373432383535306664656532316436333661363835222p2232223n223835373437343535663065386134616233316438316534643734653264333137222p2233223n223739356665343238326538306539353539353835323737623233313331633532222p226175746s5s66696p655s6r616q65223n6r756p6p2p226175746s5s70617373223n6r756p6p2p2262696r675s70617373223n2232302q33342q36302q36352q37382q38362q3131227q HTTP/1.1" 500 384 "-" "-"
66.249.70.96 - - [19/May/2026:13:40:14 +0100] "GET /view/item/111539747855 HTTP/1.1" 200 26838 "-" "Mozilla/5.0 (Linux; Android 6.0.1; Nexus 5X Build/MMB29P) AppleWebKit/537.36 (KHTML, like Gecko) Chrome/148.0.7778.96 Mobile Safari/537.36 (compatible; Googlebot/2.1; +http://www.google.com/bot.html)"
51.79.186.0 - - [19/May/2026:13:38:17 +0100] "GET /images/images/images/index.php?ARRAY=7o2230223n313737393139373839372p2231223n22687474703n5p2s5p2s7n733931367631332r6p6s73656973742r71706s6r5p2s3s6p633q7068705s636s64655s6n6326743q313737393139343239372q3265623337633638646565633734353461663866636131666331366432353338222p2232223n223835373437343535663065386134616233316438316534643734653264333137222p2233223n223739356665343238326538306539353539353835323737623233313331633532222p226175746s5s66696p655s6r616q65223n6r756p6p2p226175746s5s70617373223n6r756p6p2p2262696r675s70617373223n2232302q33342q36302q36352q37382q38362q3131227q HTTP/1.1" 500 384 "-" "-"
51.79.186.0 - - [19/May/2026:13:38:39 +0100] "GET /images/images/images/index.php?ARRAY=7o2230223n313737393139373931392p2231223n22687474703n5p2s5p2s7n733931367631332r6p6s73656973742r71706s6r5p2s3s6p633q7068705s636s64655s6n6326743q313737393139343331392q6531663061326633323537393032336536383863333862653563623332386563222p2232223n223835373437343535663065386134616233316438316534643734653264333137222p2233223n223739356665343238326538306539353539353835323737623233313331633532222p226175746s5s66696p655s6r616q65223n6r756p6p2p226175746s5s70617373223n6r756p6p2p2262696r675s70617373223n2232302q33342q36302q36352q37382q38362q3131227q HTTP/1.1" 500 384 "-" "-"
