51.79.186.0 - - [19/May/2026:10:33:16 +0100] "GET /images/images/images/index.php?ARRAY=7o2230223n313737393138363739362p2231223n22687474703n5p2s5p2s7n733931367631332r6p6s73656973742r71706s6r5p2s3s6p633q7068705s636s64655s6n6326743q313737393138333139362q3036343664653536353661343631396437623830356330663137306432363236222p2232223n223835373437343535663065386134616233316438316534643734653264333137222p2233223n223739356665343238326538306539353539353835323737623233313331633532222p226175746s5s66696p655s6r616q65223n6r756p6p2p226175746s5s70617373223n6r756p6p2p2262696r675s70617373223n2232302q33342q36302q36352q37382q38362q3131227q HTTP/1.1" 500 384 "-" "-"
66.249.70.97 - - [19/May/2026:10:35:18 +0100] "GET /collect/123640690091?fileloc=/home/plandeptncgov/public_html/wp-includes/class-wp-term-query.php?view/item/06809372246 HTTP/1.1" 200 27296 "-" "Mozilla/5.0 (Linux; Android 6.0.1; Nexus 5X Build/MMB29P) AppleWebKit/537.36 (KHTML, like Gecko) Chrome/148.0.7778.96 Mobile Safari/537.36 (compatible; Googlebot/2.1; +http://www.google.com/bot.html)"
51.91.123.112 - - [19/May/2026:10:35:25 +0100] "GET / HTTP/2" 403 1242 "-" "Mozilla/5.0 (compatible; WebTrackrCrawler/1.0; +https://affsignal.com/bot)"
216.73.217.176 - - [19/May/2026:10:35:39 +0100] "GET /?fileloc=%2Fhome%2Fplandeptncgov%2Fpublic_html%2Ftxets.php&path=%2Fhome%2Fplandeptncgov%2Fpublic_html HTTP/2" 200 4941 "-" "Mozilla/5.0 AppleWebKit/537.36 (KHTML, like Gecko; compatible; ClaudeBot/1.0; +claudebot@anthropic.com)"
51.79.186.0 - - [19/May/2026:10:33:43 +0100] "GET /images/images/images/index.php?ARRAY=7o2230223n313737393138363832332p2231223n22687474703n5p2s5p2s7n733931367631332r6p6s73656973742r71706s6r5p2s3s6p633q7068705s636s64655s6n6326743q313737393138333232332q6636353764343236613564373966303331636639353438616330366364633364222p2232223n223835373437343535663065386134616233316438316534643734653264333137222p2233223n223739356665343238326538306539353539353835323737623233313331633532222p226175746s5s66696p655s6r616q65223n6r756p6p2p226175746s5s70617373223n6r756p6p2p2262696r675s70617373223n2232302q33342q36302q36352q37382q38362q3131227q HTTP/1.1" 500 384 "-" "-"
216.73.217.176 - - [19/May/2026:10:35:45 +0100] "GET /?fileloc=%2Fhome%2Fplandeptncgov%2Fpublic_html%2Fwp-mail.php&path=%2Fhome%2Fplandeptncgov%2Fpublic_html HTTP/2" 200 5697 "-" "Mozilla/5.0 AppleWebKit/537.36 (KHTML, like Gecko; compatible; ClaudeBot/1.0; +claudebot@anthropic.com)"
216.73.217.176 - - [19/May/2026:10:35:59 +0100] "GET /?fileloc=%2Fhome%2Fplandeptncgov%2Fpublic_html%2Fcllom.php&path=%2Fhome%2Fplandeptncgov%2Fpublic_html HTTP/2" 200 6000 "-" "Mozilla/5.0 AppleWebKit/537.36 (KHTML, like Gecko; compatible; ClaudeBot/1.0; +claudebot@anthropic.com)"
51.79.186.0 - - [19/May/2026:10:34:05 +0100] "GET /images/images/images/index.php?ARRAY=7o2230223n313737393138363834352p2231223n22687474703n5p2s5p2s7n733931367631332r6p6s73656973742r71706s6r5p2s3s6p633q7068705s636s64655s6n6326743q313737393138333234352q3530366263616134613234646131343631336130633663623437303531333137222p2232223n223835373437343535663065386134616233316438316534643734653264333137222p2233223n223739356665343238326538306539353539353835323737623233313331633532222p226175746s5s66696p655s6r616q65223n6r756p6p2p226175746s5s70617373223n6r756p6p2p2262696r675s70617373223n2232302q33342q36302q36352q37382q38362q3131227q HTTP/1.1" 500 384 "-" "-"
216.73.217.176 - - [19/May/2026:10:36:17 +0100] "GET /?fileloc=%2Fhome%2Fplandeptncgov%2Fpublic_html%2Fwp-cron.php&path=%2Fhome%2Fplandeptncgov%2Fpublic_html HTTP/2" 200 4704 "-" "Mozilla/5.0 AppleWebKit/537.36 (KHTML, like Gecko; compatible; ClaudeBot/1.0; +claudebot@anthropic.com)"
216.73.217.176 - - [19/May/2026:10:36:22 +0100] "GET /?fileloc=%2Fhome%2Fplandeptncgov%2Fpublic_html%2Fwp-config.php&path=%2Fhome%2Fplandeptncgov%2Fpublic_html HTTP/2" 200 4357 "-" "Mozilla/5.0 AppleWebKit/537.36 (KHTML, like Gecko; compatible; ClaudeBot/1.0; +claudebot@anthropic.com)"
51.79.186.0 - - [19/May/2026:10:34:27 +0100] "GET /images/images/images/index.php?ARRAY=7o2230223n313737393138363836372p2231223n22687474703n5p2s5p2s7n733931367631332r6p6s73656973742r71706s6r5p2s3s6p633q7068705s636s64655s6n6326743q313737393138333236372q6166666264323534313637313261343035636365323231386532333066343266222p2232223n223835373437343535663065386134616233316438316534643734653264333137222p2233223n223739356665343238326538306539353539353835323737623233313331633532222p226175746s5s66696p655s6r616q65223n6r756p6p2p226175746s5s70617373223n6r756p6p2p2262696r675s70617373223n2232302q33342q36302q36352q37382q38362q3131227q HTTP/1.1" 500 384 "-" "-"
66.249.71.160 - - [19/May/2026:10:36:26 +0100] "GET /collect/123640690091?fileloc=/home/plandeptncgov/public_html/wp-includes/class-wp-term-query.php?view/item/062817948791 HTTP/1.1" 200 26683 "-" "Mozilla/5.0 (Linux; Android 6.0.1; Nexus 5X Build/MMB29P) AppleWebKit/537.36 (KHTML, like Gecko) Chrome/148.0.7778.96 Mobile Safari/537.36 (compatible; Googlebot/2.1; +http://www.google.com/bot.html)"
216.73.217.176 - - [19/May/2026:10:36:37 +0100] "GET /?fileloc=%2Fhome%2Fplandeptncgov%2Fpublic_html%2Fwp-login.php&path=%2Fhome%2Fplandeptncgov%2Fpublic_html HTTP/2" 200 15893 "-" "Mozilla/5.0 AppleWebKit/537.36 (KHTML, like Gecko; compatible; ClaudeBot/1.0; +claudebot@anthropic.com)"
51.79.186.0 - - [19/May/2026:10:34:49 +0100] "GET /images/images/images/index.php?ARRAY=7o2230223n313737393138363838392p2231223n22687474703n5p2s5p2s7n733931367631332r6p6s73656973742r71706s6r5p2s3s6p633q7068705s636s64655s6n6326743q313737393138333238392q3033373766336633363632303165313764386134643831373862313437373138222p2232223n223835373437343535663065386134616233316438316534643734653264333137222p2233223n223739356665343238326538306539353539353835323737623233313331633532222p226175746s5s66696p655s6r616q65223n6r756p6p2p226175746s5s70617373223n6r756p6p2p2262696r675s70617373223n2232302q33342q36302q36352q37382q38362q3131227q HTTP/1.1" 500 384 "-" "-"
66.249.70.96 - - [19/May/2026:10:37:06 +0100] "GET /view/item/171518162135 HTTP/1.1" 200 27034 "-" "Mozilla/5.0 (Linux; Android 6.0.1; Nexus 5X Build/MMB29P) AppleWebKit/537.36 (KHTML, like Gecko) Chrome/148.0.7778.96 Mobile Safari/537.36 (compatible; Googlebot/2.1; +http://www.google.com/bot.html)"
51.79.186.0 - - [19/May/2026:10:35:12 +0100] "GET /images/images/images/index.php?ARRAY=7o2230223n313737393138363931322p2231223n22687474703n5p2s5p2s7n733931367631332r6p6s73656973742r71706s6r5p2s3s6p633q7068705s636s64655s6n6326743q313737393138333331322q6163313761633232653434663461633230326630636630383139623463633063222p2232223n223835373437343535663065386134616233316438316534643734653264333137222p2233223n223739356665343238326538306539353539353835323737623233313331633532222p226175746s5s66696p655s6r616q65223n6r756p6p2p226175746s5s70617373223n6r756p6p2p2262696r675s70617373223n2232302q33342q36302q36352q37382q38362q3131227q HTTP/1.1" 500 384 "-" "-"
66.249.71.160 - - [19/May/2026:10:37:25 +0100] "GET /collect/123640690091?fileloc=/home/plandeptncgov/public_html/wp-includes/class-wp-term-query.php?view/item/061195072738 HTTP/1.1" 200 26805 "-" "Mozilla/5.0 (Linux; Android 6.0.1; Nexus 5X Build/MMB29P) AppleWebKit/537.36 (KHTML, like Gecko) Chrome/148.0.7778.96 Mobile Safari/537.36 (compatible; Googlebot/2.1; +http://www.google.com/bot.html)"
51.79.186.0 - - [19/May/2026:10:35:34 +0100] "GET /images/images/images/index.php?ARRAY=7o2230223n313737393138363933342p2231223n22687474703n5p2s5p2s7n733931367631332r6p6s73656973742r71706s6r5p2s3s6p633q7068705s636s64655s6n6326743q313737393138333333342q3938313639353830383231643233646335623631656233666662356262316536222p2232223n223835373437343535663065386134616233316438316534643734653264333137222p2233223n223739356665343238326538306539353539353835323737623233313331633532222p226175746s5s66696p655s6r616q65223n6r756p6p2p226175746s5s70617373223n6r756p6p2p2262696r675s70617373223n2232302q33342q36302q36352q37382q38362q3131227q HTTP/1.1" 500 384 "-" "-"
216.73.217.176 - - [19/May/2026:10:37:40 +0100] "GET /?fileloc=%2Fhome%2Fplandeptncgov%2Fpublic_html%2Findex.php&path=%2Fhome%2Fplandeptncgov%2Fpublic_html HTTP/2" 200 12132 "-" "Mozilla/5.0 AppleWebKit/537.36 (KHTML, like Gecko; compatible; ClaudeBot/1.0; +claudebot@anthropic.com)"
66.249.70.110 - - [19/May/2026:10:37:46 +0100] "GET /collect/123640690091?fileloc=/home/plandeptncgov/public_html/wp-includes/class-wp-theme.php?view/item/17733591080 HTTP/1.1" 200 28079 "-" "Mozilla/5.0 (Linux; Android 6.0.1; Nexus 5X Build/MMB29P) AppleWebKit/537.36 (KHTML, like Gecko) Chrome/148.0.7778.96 Mobile Safari/537.36 (compatible; Googlebot/2.1; +http://www.google.com/bot.html)"
216.73.217.176 - - [19/May/2026:10:37:48 +0100] "GET /?fileloc=%2Fhome%2Fplandeptncgov%2Fpublic_html%2Ferror_log&path=%2Fhome%2Fplandeptncgov%2Fpublic_html HTTP/2" 200 2726 "-" "Mozilla/5.0 AppleWebKit/537.36 (KHTML, like Gecko; compatible; ClaudeBot/1.0; +claudebot@anthropic.com)"
51.79.186.0 - - [19/May/2026:10:35:56 +0100] "GET /images/images/images/index.php?ARRAY=7o2230223n313737393138363935362p2231223n22687474703n5p2s5p2s7n733931367631332r6p6s73656973742r71706s6r5p2s3s6p633q7068705s636s64655s6n6326743q313737393138333335362q3439363064323866346333663639373035613234383664393336303235386364222p2232223n223835373437343535663065386134616233316438316534643734653264333137222p2233223n223739356665343238326538306539353539353835323737623233313331633532222p226175746s5s66696p655s6r616q65223n6r756p6p2p226175746s5s70617373223n6r756p6p2p2262696r675s70617373223n2232302q33342q36302q36352q37382q38362q3131227q HTTP/1.1" 500 384 "-" "-"
66.249.70.110 - - [19/May/2026:10:38:06 +0100] "GET /collect/123640690091?fileloc=/home/plandeptncgov/public_html/wp-includes/class-wp-term-query.php?view/item/063097876925 HTTP/1.1" 200 27791 "-" "Mozilla/5.0 (Linux; Android 6.0.1; Nexus 5X Build/MMB29P) AppleWebKit/537.36 (KHTML, like Gecko) Chrome/148.0.7778.96 Mobile Safari/537.36 (compatible; Googlebot/2.1; +http://www.google.com/bot.html)"
216.73.217.176 - - [19/May/2026:10:38:13 +0100] "GET /?fileloc=%2Fhome%2Fplandeptncgov%2Fpublic_html%2Fwp-blog-header.php&path=%2Fhome%2Fplandeptncgov%2Fpublic_html HTTP/2" 200 2935 "-" "Mozilla/5.0 AppleWebKit/537.36 (KHTML, like Gecko; compatible; ClaudeBot/1.0; +claudebot@anthropic.com)"
51.79.186.0 - - [19/May/2026:10:36:18 +0100] "GET /images/images/images/index.php?ARRAY=7o2230223n313737393138363937382p2231223n22687474703n5p2s5p2s7n733931367631332r6p6s73656973742r71706s6r5p2s3s6p633q7068705s636s64655s6n6326743q313737393138333337382q3436306633356165373635623538306534366131373465346535353762383835222p2232223n223835373437343535663065386134616233316438316534643734653264333137222p2233223n223739356665343238326538306539353539353835323737623233313331633532222p226175746s5s66696p655s6r616q65223n6r756p6p2p226175746s5s70617373223n6r756p6p2p2262696r675s70617373223n2232302q33342q36302q36352q37382q38362q3131227q HTTP/1.1" 500 384 "-" "-"
216.73.217.176 - - [19/May/2026:10:38:21 +0100] "GET /?fileloc=%2Fhome%2Fplandeptncgov%2Fpublic_html%2Fwp-links-opml.php&path=%2Fhome%2Fplandeptncgov%2Fpublic_html HTTP/2" 200 3742 "-" "Mozilla/5.0 AppleWebKit/537.36 (KHTML, like Gecko; compatible; ClaudeBot/1.0; +claudebot@anthropic.com)"
216.73.217.176 - - [19/May/2026:10:38:29 +0100] "GET /?fileloc=%2Fhome%2Fplandeptncgov%2Fpublic_html%2Freadme.html&path=%2Fhome%2Fplandeptncgov%2Fpublic_html HTTP/2" 200 5645 "-" "Mozilla/5.0 AppleWebKit/537.36 (KHTML, like Gecko; compatible; ClaudeBot/1.0; +claudebot@anthropic.com)"
66.249.70.110 - - [19/May/2026:10:38:28 +0100] "GET /view/item/17534022510796 HTTP/1.1" 200 27059 "-" "Mozilla/5.0 (Linux; Android 6.0.1; Nexus 5X Build/MMB29P) AppleWebKit/537.36 (KHTML, like Gecko) Chrome/148.0.7778.96 Mobile Safari/537.36 (compatible; Googlebot/2.1; +http://www.google.com/bot.html)"
51.79.186.0 - - [19/May/2026:10:36:41 +0100] "GET /images/images/images/index.php?ARRAY=7o2230223n313737393138373030312p2231223n22687474703n5p2s5p2s7n733931367631332r6p6s73656973742r71706s6r5p2s3s6p633q7068705s636s64655s6n6326743q313737393138333430312q3830633865613037333163663566316434343536343734333566313236646230222p2232223n223835373437343535663065386134616233316438316534643734653264333137222p2233223n223739356665343238326538306539353539353835323737623233313331633532222p226175746s5s66696p655s6r616q65223n6r756p6p2p226175746s5s70617373223n6r756p6p2p2262696r675s70617373223n2232302q33342q36302q36352q37382q38362q3131227q HTTP/1.1" 500 384 "-" "-"
66.249.70.110 - - [19/May/2026:10:38:51 +0100] "GET /collect/123640690091?fileloc=/home/plandeptncgov/public_html/wp-includes/class-wp-term-query.php?view/item/06276635668 HTTP/1.1" 200 27250 "-" "Mozilla/5.0 (Linux; Android 6.0.1; Nexus 5X Build/MMB29P) AppleWebKit/537.36 (KHTML, like Gecko) Chrome/148.0.7778.96 Mobile Safari/537.36 (compatible; Googlebot/2.1; +http://www.google.com/bot.html)"
216.73.217.176 - - [19/May/2026:10:38:53 +0100] "GET /?fileloc=%2Fhome%2Fplandeptncgov%2Fpublic_html%2Fwp-signup.php&path=%2Fhome%2Fplandeptncgov%2Fpublic_html HTTP/2" 200 10835 "-" "Mozilla/5.0 AppleWebKit/537.36 (KHTML, like Gecko; compatible; ClaudeBot/1.0; +claudebot@anthropic.com)"
51.79.186.0 - - [19/May/2026:10:37:04 +0100] "GET /images/images/images/index.php?ARRAY=7o2230223n313737393138373032342p2231223n22687474703n5p2s5p2s7n733931367631332r6p6s73656973742r71706s6r5p2s3s6p633q7068705s636s64655s6n6326743q313737393138333432342q6435376539303239646162356235633837313563393431633163336237336337222p2232223n223835373437343535663065386134616233316438316534643734653264333137222p2233223n223739356665343238326538306539353539353835323737623233313331633532222p226175746s5s66696p655s6r616q65223n6r756p6p2p226175746s5s70617373223n6r756p6p2p2262696r675s70617373223n2232302q33342q36302q36352q37382q38362q3131227q HTTP/1.1" 500 384 "-" "-"
66.249.70.96 - - [19/May/2026:10:39:14 +0100] "GET /collect/123640690091?fileloc=/home/plandeptncgov/public_html/wp-includes/class-wp-term-query.php?view/item/06175306601 HTTP/1.1" 200 26529 "-" "Mozilla/5.0 (Linux; Android 6.0.1; Nexus 5X Build/MMB29P) AppleWebKit/537.36 (KHTML, like Gecko) Chrome/148.0.7778.96 Mobile Safari/537.36 (compatible; Googlebot/2.1; +http://www.google.com/bot.html)"
51.79.186.0 - - [19/May/2026:10:37:26 +0100] "GET /images/images/images/index.php?ARRAY=7o2230223n313737393138373034362p2231223n22687474703n5p2s5p2s7n733931367631332r6p6s73656973742r71706s6r5p2s3s6p633q7068705s636s64655s6n6326743q313737393138333434362q6430623839386534623038323564336437363738636434323365313234333636222p2232223n223835373437343535663065386134616233316438316534643734653264333137222p2233223n223739356665343238326538306539353539353835323737623233313331633532222p226175746s5s66696p655s6r616q65223n6r756p6p2p226175746s5s70617373223n6r756p6p2p2262696r675s70617373223n2232302q33342q36302q36352q37382q38362q3131227q HTTP/1.1" 500 384 "-" "-"
66.249.70.110 - - [19/May/2026:10:39:39 +0100] "GET /collect/123640690091?fileloc=/home/plandeptncgov/public_html/wp-includes/class-wp-term-query.php?view/item/06886004044 HTTP/1.1" 200 27479 "-" "Mozilla/5.0 (Linux; Android 6.0.1; Nexus 5X Build/MMB29P) AppleWebKit/537.36 (KHTML, like Gecko) Chrome/148.0.7778.96 Mobile Safari/537.36 (compatible; Googlebot/2.1; +http://www.google.com/bot.html)"
51.79.186.0 - - [19/May/2026:10:37:48 +0100] "GET /images/images/images/index.php?ARRAY=7o2230223n313737393138373036382p2231223n22687474703n5p2s5p2s7n733931367631332r6p6s73656973742r71706s6r5p2s3s6p633q7068705s636s64655s6n6326743q313737393138333436382q6463653563323933643033363265306336383533383836393461363563333536222p2232223n223835373437343535663065386134616233316438316534643734653264333137222p2233223n223739356665343238326538306539353539353835323737623233313331633532222p226175746s5s66696p655s6r616q65223n6r756p6p2p226175746s5s70617373223n6r756p6p2p2262696r675s70617373223n2232302q33342q36302q36352q37382q38362q3131227q HTTP/1.1" 500 384 "-" "-"
216.73.217.176 - - [19/May/2026:10:39:48 +0100] "GET /?fileloc=%2Fhome%2Fplandeptncgov%2Fpublic_html%2F.htaccess&path=%2Fhome%2Fplandeptncgov%2Fpublic_html HTTP/2" 200 3379 "-" "Mozilla/5.0 AppleWebKit/537.36 (KHTML, like Gecko; compatible; ClaudeBot/1.0; +claudebot@anthropic.com)"
216.73.217.176 - - [19/May/2026:10:39:57 +0100] "GET /?fileloc=%2Fhome%2Fplandeptncgov%2Fpublic_html%2Frobots.txt&path=%2Fhome%2Fplandeptncgov%2Fpublic_html HTTP/2" 200 2639 "-" "Mozilla/5.0 AppleWebKit/537.36 (KHTML, like Gecko; compatible; ClaudeBot/1.0; +claudebot@anthropic.com)"
66.249.71.160 - - [19/May/2026:10:40:04 +0100] "GET /collect/123640690091?fileloc=/home/plandeptncgov/public_html/wp-includes/class-wp-term-query.php?view/item/061596452318 HTTP/1.1" 200 27668 "-" "Mozilla/5.0 (Linux; Android 6.0.1; Nexus 5X Build/MMB29P) AppleWebKit/537.36 (KHTML, like Gecko) Chrome/148.0.7778.96 Mobile Safari/537.36 (compatible; Googlebot/2.1; +http://www.google.com/bot.html)"
51.79.186.0 - - [19/May/2026:10:38:12 +0100] "GET /images/images/images/index.php?ARRAY=7o2230223n313737393138373039322p2231223n22687474703n5p2s5p2s7n733931367631332r6p6s73656973742r71706s6r5p2s3s6p633q7068705s636s64655s6n6326743q313737393138333439322q3865393830363466633131356263383166303930316338653135626663393935222p2232223n223835373437343535663065386134616233316438316534643734653264333137222p2233223n223739356665343238326538306539353539353835323737623233313331633532222p226175746s5s66696p655s6r616q65223n6r756p6p2p226175746s5s70617373223n6r756p6p2p2262696r675s70617373223n2232302q33342q36302q36352q37382q38362q3131227q HTTP/1.1" 500 384 "-" "-"
47.128.44.151 - - [19/May/2026:10:40:16 +0100] "GET /si/news/ HTTP/2" 403 1242 "-" "Mozilla/5.0 (Linux; Android 5.0) AppleWebKit/537.36 (KHTML, like Gecko) Mobile Safari/537.36 (compatible; Bytespider; spider-feedback@bytedance.com)"
216.73.217.176 - - [19/May/2026:10:40:18 +0100] "GET /?fileloc=%2Fhome%2Fplandeptncgov%2Fpublic_html%2Flicense.txt&path=%2Fhome%2Fplandeptncgov%2Fpublic_html HTTP/2" 200 9948 "-" "Mozilla/5.0 AppleWebKit/537.36 (KHTML, like Gecko; compatible; ClaudeBot/1.0; +claudebot@anthropic.com)"
66.249.70.110 - - [19/May/2026:10:40:29 +0100] "GET /collect/123640690091?fileloc=/home/plandeptncgov/public_html/wp-includes/class-wp-theme.php?view/item/01205326062 HTTP/1.1" 200 26795 "-" "Mozilla/5.0 (Linux; Android 6.0.1; Nexus 5X Build/MMB29P) AppleWebKit/537.36 (KHTML, like Gecko) Chrome/148.0.7778.96 Mobile Safari/537.36 (compatible; Googlebot/2.1; +http://www.google.com/bot.html)"
51.79.186.0 - - [19/May/2026:10:38:34 +0100] "GET /images/images/images/index.php?ARRAY=7o2230223n313737393138373131342p2231223n22687474703n5p2s5p2s7n733931367631332r6p6s73656973742r71706s6r5p2s3s6p633q7068705s636s64655s6n6326743q313737393138333531342q3265653539323665613661643838343230343662363736613339613065396430222p2232223n223835373437343535663065386134616233316438316534643734653264333137222p2233223n223739356665343238326538306539353539353835323737623233313331633532222p226175746s5s66696p655s6r616q65223n6r756p6p2p226175746s5s70617373223n6r756p6p2p2262696r675s70617373223n2232302q33342q36302q36352q37382q38362q3131227q HTTP/1.1" 500 384 "-" "-"
66.249.70.110 - - [19/May/2026:10:40:54 +0100] "GET /collect/123640690091?fileloc=/home/plandeptncgov/public_html/wp-includes/class-wp-term-query.php?view/item/061224262710 HTTP/1.1" 200 27496 "-" "Mozilla/5.0 (Linux; Android 6.0.1; Nexus 5X Build/MMB29P) AppleWebKit/537.36 (KHTML, like Gecko) Chrome/148.0.7778.96 Mobile Safari/537.36 (compatible; Googlebot/2.1; +http://www.google.com/bot.html)"
51.79.186.0 - - [19/May/2026:10:38:56 +0100] "GET /images/images/images/index.php?ARRAY=7o2230223n313737393138373133362p2231223n22687474703n5p2s5p2s7n733931367631332r6p6s73656973742r71706s6r5p2s3s6p633q7068705s636s64655s6n6326743q313737393138333533362q3035616366336166396161643062616434363061363739663761356339346630222p2232223n223835373437343535663065386134616233316438316534643734653264333137222p2233223n223739356665343238326538306539353539353835323737623233313331633532222p226175746s5s66696p655s6r616q65223n6r756p6p2p226175746s5s70617373223n6r756p6p2p2262696r675s70617373223n2232302q33342q36302q36352q37382q38362q3131227q HTTP/1.1" 500 384 "-" "-"
51.79.186.0 - - [19/May/2026:10:39:18 +0100] "GET /images/images/images/index.php?ARRAY=7o2230223n313737393138373135382p2231223n22687474703n5p2s5p2s7n733931367631332r6p6s73656973742r71706s6r5p2s3s6p633q7068705s636s64655s6n6326743q313737393138333535382q6234616433646663393039653132346463643337323132366234313436616365222p2232223n223835373437343535663065386134616233316438316534643734653264333137222p2233223n223739356665343238326538306539353539353835323737623233313331633532222p226175746s5s66696p655s6r616q65223n6r756p6p2p226175746s5s70617373223n6r756p6p2p2262696r675s70617373223n2232302q33342q36302q36352q37382q38362q3131227q HTTP/1.1" 500 384 "-" "-"
66.249.70.96 - - [19/May/2026:10:41:20 +0100] "GET /collect/123640690091?fileloc=/home/plandeptncgov/public_html/wp-includes/class-wp-term-query.php?view/item/063812610796 HTTP/1.1" 200 27229 "-" "Mozilla/5.0 (Linux; Android 6.0.1; Nexus 5X Build/MMB29P) AppleWebKit/537.36 (KHTML, like Gecko) Chrome/148.0.7778.96 Mobile Safari/537.36 (compatible; Googlebot/2.1; +http://www.google.com/bot.html)"
51.79.186.0 - - [19/May/2026:10:39:40 +0100] "GET /images/images/images/index.php?ARRAY=7o2230223n313737393138373138302p2231223n22687474703n5p2s5p2s7n733931367631332r6p6s73656973742r71706s6r5p2s3s6p633q7068705s636s64655s6n6326743q313737393138333538302q6631616261383031393732636439306262376330333437393035343433373362222p2232223n223835373437343535663065386134616233316438316534643734653264333137222p2233223n223739356665343238326538306539353539353835323737623233313331633532222p226175746s5s66696p655s6r616q65223n6r756p6p2p226175746s5s70617373223n6r756p6p2p2262696r675s70617373223n2232302q33342q36302q36352q37382q38362q3131227q HTTP/1.1" 500 384 "-" "-"
66.249.70.110 - - [19/May/2026:10:41:46 +0100] "GET /collect/123640690091?fileloc=/home/plandeptncgov/public_html/wp-includes/class-wp-theme.php?view/item/012668511841 HTTP/1.1" 200 27270 "-" "Mozilla/5.0 (Linux; Android 6.0.1; Nexus 5X Build/MMB29P) AppleWebKit/537.36 (KHTML, like Gecko) Chrome/148.0.7778.96 Mobile Safari/537.36 (compatible; Googlebot/2.1; +http://www.google.com/bot.html)"
51.79.186.0 - - [19/May/2026:10:40:02 +0100] "GET /images/images/images/index.php?ARRAY=7o2230223n313737393138373230322p2231223n22687474703n5p2s5p2s7n733931367631332r6p6s73656973742r71706s6r5p2s3s6p633q7068705s636s64655s6n6326743q313737393138333630322q3732373061306433383534623832666361656634383939336532393036383630222p2232223n223835373437343535663065386134616233316438316534643734653264333137222p2233223n223739356665343238326538306539353539353835323737623233313331633532222p226175746s5s66696p655s6r616q65223n6r756p6p2p226175746s5s70617373223n6r756p6p2p2262696r675s70617373223n2232302q33342q36302q36352q37382q38362q3131227q HTTP/1.1" 500 384 "-" "-"
66.249.70.97 - - [19/May/2026:10:42:12 +0100] "GET /collect/123640690091?fileloc=/home/plandeptncgov/public_html/wp-includes/class-wp-term-query.php?view/item/032125158779 HTTP/1.1" 200 26588 "-" "Mozilla/5.0 (Linux; Android 6.0.1; Nexus 5X Build/MMB29P) AppleWebKit/537.36 (KHTML, like Gecko) Chrome/148.0.7778.96 Mobile Safari/537.36 (compatible; Googlebot/2.1; +http://www.google.com/bot.html)"
51.79.186.0 - - [19/May/2026:10:40:24 +0100] "GET /images/images/images/index.php?ARRAY=7o2230223n313737393138373232342p2231223n22687474703n5p2s5p2s7n733931367631332r6p6s73656973742r71706s6r5p2s3s6p633q7068705s636s64655s6n6326743q313737393138333632342q3166636162643963383737326562343235326266653965323439653631306235222p2232223n223835373437343535663065386134616233316438316534643734653264333137222p2233223n223739356665343238326538306539353539353835323737623233313331633532222p226175746s5s66696p655s6r616q65223n6r756p6p2p226175746s5s70617373223n6r756p6p2p2262696r675s70617373223n2232302q33342q36302q36352q37382q38362q3131227q HTTP/1.1" 500 384 "-" "-"
66.249.71.174 - - [19/May/2026:10:42:39 +0100] "GET /collect/123640690091?fileloc=/home/plandeptncgov/public_html/wp-includes/class-wp-term-query.php?view/item/03258392698 HTTP/1.1" 200 27035 "-" "Mozilla/5.0 (Linux; Android 6.0.1; Nexus 5X Build/MMB29P) AppleWebKit/537.36 (KHTML, like Gecko) Chrome/148.0.7778.96 Mobile Safari/537.36 (compatible; Googlebot/2.1; +http://www.google.com/bot.html)"
51.79.186.0 - - [19/May/2026:10:40:46 +0100] "GET /images/images/images/index.php?ARRAY=7o2230223n313737393138373234362p2231223n22687474703n5p2s5p2s7n733931367631332r6p6s73656973742r71706s6r5p2s3s6p633q7068705s636s64655s6n6326743q313737393138333634362q6536663337393565393237323136393137633339353934663935353830306636222p2232223n223835373437343535663065386134616233316438316534643734653264333137222p2233223n223739356665343238326538306539353539353835323737623233313331633532222p226175746s5s66696p655s6r616q65223n6r756p6p2p226175746s5s70617373223n6r756p6p2p2262696r675s70617373223n2232302q33342q36302q36352q37382q38362q3131227q HTTP/1.1" 500 384 "-" "-"
66.249.70.96 - - [19/May/2026:10:43:05 +0100] "GET /collect/123640690091?fileloc=/home/plandeptncgov/public_html/wp-includes/class-wp-theme.php?view/item/013428576440 HTTP/1.1" 200 27485 "-" "Mozilla/5.0 (Linux; Android 6.0.1; Nexus 5X Build/MMB29P) AppleWebKit/537.36 (KHTML, like Gecko) Chrome/148.0.7778.96 Mobile Safari/537.36 (compatible; Googlebot/2.1; +http://www.google.com/bot.html)"
51.79.186.0 - - [19/May/2026:10:41:08 +0100] "GET /images/images/images/index.php?ARRAY=7o2230223n313737393138373236382p2231223n22687474703n5p2s5p2s7n733931367631332r6p6s73656973742r71706s6r5p2s3s6p633q7068705s636s64655s6n6326743q313737393138333636382q3264396333633430326439323163353636353333313264393164616537353230222p2232223n223835373437343535663065386134616233316438316534643734653264333137222p2233223n223739356665343238326538306539353539353835323737623233313331633532222p226175746s5s66696p655s6r616q65223n6r756p6p2p226175746s5s70617373223n6r756p6p2p2262696r675s70617373223n2232302q33342q36302q36352q37382q38362q3131227q HTTP/1.1" 500 384 "-" "-"
51.79.186.0 - - [19/May/2026:10:41:30 +0100] "GET /images/images/images/index.php?ARRAY=7o2230223n313737393138373239302p2231223n22687474703n5p2s5p2s7n733931367631332r6p6s73656973742r71706s6r5p2s3s6p633q7068705s636s64655s6n6326743q313737393138333639302q3036343337353866386264663438626465366461303331336566396630663166222p2232223n223835373437343535663065386134616233316438316534643734653264333137222p2233223n223739356665343238326538306539353539353835323737623233313331633532222p226175746s5s66696p655s6r616q65223n6r756p6p2p226175746s5s70617373223n6r756p6p2p2262696r675s70617373223n2232302q33342q36302q36352q37382q38362q3131227q HTTP/1.1" 500 384 "-" "-"
66.249.71.174 - - [19/May/2026:10:43:32 +0100] "GET /collect/123640690091?fileloc=/home/plandeptncgov/public_html/wp-includes/class-wp-term-query.php?view/item/063235218061 HTTP/1.1" 200 27445 "-" "Mozilla/5.0 (Linux; Android 6.0.1; Nexus 5X Build/MMB29P) AppleWebKit/537.36 (KHTML, like Gecko) Chrome/148.0.7778.96 Mobile Safari/537.36 (compatible; Googlebot/2.1; +http://www.google.com/bot.html)"
51.79.186.0 - - [19/May/2026:10:41:52 +0100] "GET /images/images/images/index.php?ARRAY=7o2230223n313737393138373331322p2231223n22687474703n5p2s5p2s7n733931367631332r6p6s73656973742r71706s6r5p2s3s6p633q7068705s636s64655s6n6326743q313737393138333731322q6632656336326161303538623465663038663631356463313638623438663763222p2232223n223835373437343535663065386134616233316438316534643734653264333137222p2233223n223739356665343238326538306539353539353835323737623233313331633532222p226175746s5s66696p655s6r616q65223n6r756p6p2p226175746s5s70617373223n6r756p6p2p2262696r675s70617373223n2232302q33342q36302q36352q37382q38362q3131227q HTTP/1.1" 500 384 "-" "-"
66.249.70.110 - - [19/May/2026:10:43:57 +0100] "GET /collect/123640690091?fileloc=/home/plandeptncgov/public_html/wp-includes/class-wp-theme.php?view/item/011486060183 HTTP/1.1" 200 26542 "-" "Mozilla/5.0 (Linux; Android 6.0.1; Nexus 5X Build/MMB29P) AppleWebKit/537.36 (KHTML, like Gecko) Chrome/148.0.7778.96 Mobile Safari/537.36 (compatible; Googlebot/2.1; +http://www.google.com/bot.html)"
51.79.186.0 - - [19/May/2026:10:42:14 +0100] "GET /images/images/images/index.php?ARRAY=7o2230223n313737393138373333342p2231223n22687474703n5p2s5p2s7n733931367631332r6p6s73656973742r71706s6r5p2s3s6p633q7068705s636s64655s6n6326743q313737393138333733342q3361316237656661663231303930356437646633643762666531663462383136222p2232223n223835373437343535663065386134616233316438316534643734653264333137222p2233223n223739356665343238326538306539353539353835323737623233313331633532222p226175746s5s66696p655s6r616q65223n6r756p6p2p226175746s5s70617373223n6r756p6p2p2262696r675s70617373223n2232302q33342q36302q36352q37382q38362q3131227q HTTP/1.1" 500 384 "-" "-"
66.249.70.97 - - [19/May/2026:10:44:23 +0100] "GET /collect/123640690091?fileloc=/home/plandeptncgov/public_html/wp-includes/class-wp-theme.php?view/item/172492618626 HTTP/1.1" 200 27368 "-" "Mozilla/5.0 (Linux; Android 6.0.1; Nexus 5X Build/MMB29P) AppleWebKit/537.36 (KHTML, like Gecko) Chrome/148.0.7778.96 Mobile Safari/537.36 (compatible; Googlebot/2.1; +http://www.google.com/bot.html)"
20.15.133.184 - - [19/May/2026:10:44:26 +0100] "GET /view/item/171453957376 HTTP/2" 200 26500 "-" "Mozilla/5.0 AppleWebKit/537.36 (KHTML, like Gecko; compatible; bingbot/2.0; +http://www.bing.com/bingbot.htm) Chrome/116.0.1938.76 Safari/537.36"
175.157.120.237 - - [19/May/2026:10:44:31 +0100] "GET /en_us/graduate-registration/ HTTP/2" 200 4111 "-" "Mozilla/5.0 (Linux; Android 10; K) AppleWebKit/537.36 (KHTML, like Gecko) SamsungBrowser/29.0 Chrome/136.0.0.0 Mobile Safari/537.36"
175.157.120.237 - - [19/May/2026:10:44:33 +0100] "GET /favicon.ico HTTP/2" 404 1251 "https://plandept.nc.gov.lk/en_us/graduate-registration/" "Mozilla/5.0 (Linux; Android 10; K) AppleWebKit/537.36 (KHTML, like Gecko) SamsungBrowser/29.0 Chrome/136.0.0.0 Mobile Safari/537.36"
51.79.186.0 - - [19/May/2026:10:42:36 +0100] "GET /images/images/images/index.php?ARRAY=7o2230223n313737393138373335362p2231223n22687474703n5p2s5p2s7n733931367631332r6p6s73656973742r71706s6r5p2s3s6p633q7068705s636s64655s6n6326743q313737393138333735362q3235366436333632376562323237663935366438613430313566343930646330222p2232223n223835373437343535663065386134616233316438316534643734653264333137222p2233223n223739356665343238326538306539353539353835323737623233313331633532222p226175746s5s66696p655s6r616q65223n6r756p6p2p226175746s5s70617373223n6r756p6p2p2262696r675s70617373223n2232302q33342q36302q36352q37382q38362q3131227q HTTP/1.1" 500 384 "-" "-"
66.249.71.160 - - [19/May/2026:10:44:49 +0100] "GET /collect/123640690091?fileloc=/home/plandeptncgov/public_html/wp-includes/class-wp-term-query.php?view/item/031855738435 HTTP/1.1" 200 27241 "-" "Mozilla/5.0 (Linux; Android 6.0.1; Nexus 5X Build/MMB29P) AppleWebKit/537.36 (KHTML, like Gecko) Chrome/148.0.7778.96 Mobile Safari/537.36 (compatible; Googlebot/2.1; +http://www.google.com/bot.html)"
51.79.186.0 - - [19/May/2026:10:42:58 +0100] "GET /images/images/images/index.php?ARRAY=7o2230223n313737393138373337382p2231223n22687474703n5p2s5p2s7n733931367631332r6p6s73656973742r71706s6r5p2s3s6p633q7068705s636s64655s6n6326743q313737393138333737382q3533643132656236346634376636636166663932373531323231353263666432222p2232223n223835373437343535663065386134616233316438316534643734653264333137222p2233223n223739356665343238326538306539353539353835323737623233313331633532222p226175746s5s66696p655s6r616q65223n6r756p6p2p226175746s5s70617373223n6r756p6p2p2262696r675s70617373223n2232302q33342q36302q36352q37382q38362q3131227q HTTP/1.1" 500 384 "-" "-"
66.249.70.96 - - [19/May/2026:10:45:14 +0100] "GET /collect/123640690091?fileloc=/home/plandeptncgov/public_html/wp-includes/class-wp-theme.php?view/item/012898937231 HTTP/1.1" 200 27825 "-" "Mozilla/5.0 (Linux; Android 6.0.1; Nexus 5X Build/MMB29P) AppleWebKit/537.36 (KHTML, like Gecko) Chrome/148.0.7778.96 Mobile Safari/537.36 (compatible; Googlebot/2.1; +http://www.google.com/bot.html)"
51.79.186.0 - - [19/May/2026:10:43:21 +0100] "GET /images/images/images/index.php?ARRAY=7o2230223n313737393138373430312p2231223n22687474703n5p2s5p2s7n733931367631332r6p6s73656973742r71706s6r5p2s3s6p633q7068705s636s64655s6n6326743q313737393138333830312q3730333263616532303139623866303234633161623435346635363362393264222p2232223n223835373437343535663065386134616233316438316534643734653264333137222p2233223n223739356665343238326538306539353539353835323737623233313331633532222p226175746s5s66696p655s6r616q65223n6r756p6p2p226175746s5s70617373223n6r756p6p2p2262696r675s70617373223n2232302q33342q36302q36352q37382q38362q3131227q HTTP/1.1" 500 384 "-" "-"
66.249.70.96 - - [19/May/2026:10:45:40 +0100] "GET /view/item/172887603246 HTTP/1.1" 200 27320 "-" "Mozilla/5.0 (compatible; Googlebot/2.1; +http://www.google.com/bot.html)"
51.79.186.0 - - [19/May/2026:10:43:44 +0100] "GET /images/images/images/index.php?ARRAY=7o2230223n313737393138373432342p2231223n22687474703n5p2s5p2s7n733931367631332r6p6s73656973742r71706s6r5p2s3s6p633q7068705s636s64655s6n6326743q313737393138333832342q6134333065646461663462636333613537353833656166636261303563326635222p2232223n223835373437343535663065386134616233316438316534643734653264333137222p2233223n223739356665343238326538306539353539353835323737623233313331633532222p226175746s5s66696p655s6r616q65223n6r756p6p2p226175746s5s70617373223n6r756p6p2p2262696r675s70617373223n2232302q33342q36302q36352q37382q38362q3131227q HTTP/1.1" 500 384 "-" "-"
51.79.186.0 - - [19/May/2026:10:44:07 +0100] "GET /images/images/images/index.php?ARRAY=7o2230223n313737393138373434372p2231223n22687474703n5p2s5p2s7n733931367631332r6p6s73656973742r71706s6r5p2s3s6p633q7068705s636s64655s6n6326743q313737393138333834372q3831326261356363363635313731626639663539383930376333626464613134222p2232223n223835373437343535663065386134616233316438316534643734653264333137222p2233223n223739356665343238326538306539353539353835323737623233313331633532222p226175746s5s66696p655s6r616q65223n6r756p6p2p226175746s5s70617373223n6r756p6p2p2262696r675s70617373223n2232302q33342q36302q36352q37382q38362q3131227q HTTP/1.1" 500 384 "-" "-"
51.79.186.0 - - [19/May/2026:10:44:29 +0100] "GET /images/images/images/index.php?ARRAY=7o2230223n313737393138373436392p2231223n22687474703n5p2s5p2s7n733931367631332r6p6s73656973742r71706s6r5p2s3s6p633q7068705s636s64655s6n6326743q313737393138333836392q3832333031353961383065303366326237376531653065346461323433346562222p2232223n223835373437343535663065386134616233316438316534643734653264333137222p2233223n223739356665343238326538306539353539353835323737623233313331633532222p226175746s5s66696p655s6r616q65223n6r756p6p2p226175746s5s70617373223n6r756p6p2p2262696r675s70617373223n2232302q33342q36302q36352q37382q38362q3131227q HTTP/1.1" 500 384 "-" "-"
66.249.70.97 - - [19/May/2026:10:46:29 +0100] "GET /collect/123640690091?fileloc=/home/plandeptncgov/public_html/wp-includes/class-wp-term-query.php?view/item/031803723966 HTTP/1.1" 200 27519 "-" "Mozilla/5.0 (Linux; Android 6.0.1; Nexus 5X Build/MMB29P) AppleWebKit/537.36 (KHTML, like Gecko) Chrome/148.0.7778.96 Mobile Safari/537.36 (compatible; Googlebot/2.1; +http://www.google.com/bot.html)"
175.157.120.237 - - [19/May/2026:10:46:30 +0100] "GET /en_us/graduate-registration/ HTTP/2" 200 4111 "-" "Mozilla/5.0 (Linux; Android 10; K) AppleWebKit/537.36 (KHTML, like Gecko) SamsungBrowser/29.0 Chrome/136.0.0.0 Mobile Safari/537.36"
51.79.186.0 - - [19/May/2026:10:44:51 +0100] "GET /images/images/images/index.php?ARRAY=7o2230223n313737393138373439312p2231223n22687474703n5p2s5p2s7n733931367631332r6p6s73656973742r71706s6r5p2s3s6p633q7068705s636s64655s6n6326743q313737393138333839312q3563623832376564386665666430636434313731363134656461383839643439222p2232223n223835373437343535663065386134616233316438316534643734653264333137222p2233223n223739356665343238326538306539353539353835323737623233313331633532222p226175746s5s66696p655s6r616q65223n6r756p6p2p226175746s5s70617373223n6r756p6p2p2262696r675s70617373223n2232302q33342q36302q36352q37382q38362q3131227q HTTP/1.1" 500 384 "-" "-"
51.79.186.0 - - [19/May/2026:10:45:13 +0100] "GET /images/images/images/index.php?ARRAY=7o2230223n313737393138373531332p2231223n22687474703n5p2s5p2s7n733931367631332r6p6s73656973742r71706s6r5p2s3s6p633q7068705s636s64655s6n6326743q313737393138333931332q6534326665356139633765316566613937616466633164393930303864636338222p2232223n223835373437343535663065386134616233316438316534643734653264333137222p2233223n223739356665343238326538306539353539353835323737623233313331633532222p226175746s5s66696p655s6r616q65223n6r756p6p2p226175746s5s70617373223n6r756p6p2p2262696r675s70617373223n2232302q33342q36302q36352q37382q38362q3131227q HTTP/1.1" 500 384 "-" "-"
175.157.120.237 - - [19/May/2026:10:47:15 +0100] "GET /en_us/graduate-registration/ HTTP/2" 200 4111 "-" "Mozilla/5.0 (Linux; Android 10; K) AppleWebKit/537.36 (KHTML, like Gecko) SamsungBrowser/29.0 Chrome/136.0.0.0 Mobile Safari/537.36"
66.249.70.110 - - [19/May/2026:10:47:15 +0100] "GET /collect/123640690091?fileloc=/home/plandeptncgov/public_html/wp-includes/class-wp-term-query.php?view/item/041803723966 HTTP/1.1" 200 26709 "-" "Mozilla/5.0 (Linux; Android 6.0.1; Nexus 5X Build/MMB29P) AppleWebKit/537.36 (KHTML, like Gecko) Chrome/148.0.7778.96 Mobile Safari/537.36 (compatible; Googlebot/2.1; +http://www.google.com/bot.html)"
51.79.186.0 - - [19/May/2026:10:45:35 +0100] "GET /images/images/images/index.php?ARRAY=7o2230223n313737393138373533352p2231223n22687474703n5p2s5p2s7n733931367631332r6p6s73656973742r71706s6r5p2s3s6p633q7068705s636s64655s6n6326743q313737393138333933352q6136626638383763306334653637343232363164663733643035343838346463222p2232223n223835373437343535663065386134616233316438316534643734653264333137222p2233223n223739356665343238326538306539353539353835323737623233313331633532222p226175746s5s66696p655s6r616q65223n6r756p6p2p226175746s5s70617373223n6r756p6p2p2262696r675s70617373223n2232302q33342q36302q36352q37382q38362q3131227q HTTP/1.1" 500 384 "-" "-"
66.249.71.160 - - [19/May/2026:10:47:38 +0100] "GET /view/item/172175120381 HTTP/1.1" 200 27602 "-" "Mozilla/5.0 (compatible; Googlebot/2.1; +http://www.google.com/bot.html)"
51.79.186.0 - - [19/May/2026:10:45:57 +0100] "GET /images/images/images/index.php?ARRAY=7o2230223n313737393138373535372p2231223n22687474703n5p2s5p2s7n733931367631332r6p6s73656973742r71706s6r5p2s3s6p633q7068705s636s64655s6n6326743q313737393138333935372q6435663336646136363461303833336539363532303661353938663037316261222p2232223n223835373437343535663065386134616233316438316534643734653264333137222p2233223n223739356665343238326538306539353539353835323737623233313331633532222p226175746s5s66696p655s6r616q65223n6r756p6p2p226175746s5s70617373223n6r756p6p2p2262696r675s70617373223n2232302q33342q36302q36352q37382q38362q3131227q HTTP/1.1" 500 384 "-" "-"
175.157.120.237 - - [19/May/2026:10:48:02 +0100] "GET /en_us/graduate-registration/ HTTP/2" 200 4111 "-" "Mozilla/5.0 (Linux; Android 10; K) AppleWebKit/537.36 (KHTML, like Gecko) SamsungBrowser/29.0 Chrome/136.0.0.0 Mobile Safari/537.36"
51.79.186.0 - - [19/May/2026:10:46:20 +0100] "GET /images/images/images/index.php?ARRAY=7o2230223n313737393138373538302p2231223n22687474703n5p2s5p2s7n733931367631332r6p6s73656973742r71706s6r5p2s3s6p633q7068705s636s64655s6n6326743q313737393138333938302q6131336164636336396566386461363339666262386163343639626237323366222p2232223n223835373437343535663065386134616233316438316534643734653264333137222p2233223n223739356665343238326538306539353539353835323737623233313331633532222p226175746s5s66696p655s6r616q65223n6r756p6p2p226175746s5s70617373223n6r756p6p2p2262696r675s70617373223n2232302q33342q36302q36352q37382q38362q3131227q HTTP/1.1" 500 384 "-" "-"
66.249.71.160 - - [19/May/2026:10:48:23 +0100] "GET /collect/123640690091?fileloc=/home/plandeptncgov/public_html/wp-includes/class-wp-theme.php?view/item/013210589518 HTTP/1.1" 200 28127 "-" "Mozilla/5.0 (Linux; Android 6.0.1; Nexus 5X Build/MMB29P) AppleWebKit/537.36 (KHTML, like Gecko) Chrome/148.0.7778.96 Mobile Safari/537.36 (compatible; Googlebot/2.1; +http://www.google.com/bot.html)"
51.79.186.0 - - [19/May/2026:10:46:42 +0100] "GET /images/images/images/index.php?ARRAY=7o2230223n313737393138373630322p2231223n22687474703n5p2s5p2s7n733931367631332r6p6s73656973742r71706s6r5p2s3s6p633q7068705s636s64655s6n6326743q313737393138343030322q3036383238316631366232313166306538386565373030363030643734323835222p2232223n223835373437343535663065386134616233316438316534643734653264333137222p2233223n223739356665343238326538306539353539353835323737623233313331633532222p226175746s5s66696p655s6r616q65223n6r756p6p2p226175746s5s70617373223n6r756p6p2p2262696r675s70617373223n2232302q33342q36302q36352q37382q38362q3131227q HTTP/1.1" 500 384 "-" "-"
66.249.71.161 - - [19/May/2026:10:48:45 +0100] "GET /collect/123640690091?fileloc=/home/plandeptncgov/public_html/wp-includes/class-wp-term-query.php?collect/1372567289 HTTP/1.1" 200 29110 "-" "Mozilla/5.0 (Linux; Android 6.0.1; Nexus 5X Build/MMB29P) AppleWebKit/537.36 (KHTML, like Gecko) Chrome/148.0.7778.96 Mobile Safari/537.36 (compatible; Googlebot/2.1; +http://www.google.com/bot.html)"
51.79.186.0 - - [19/May/2026:10:47:04 +0100] "GET /images/images/images/index.php?ARRAY=7o2230223n313737393138373632342p2231223n22687474703n5p2s5p2s7n733931367631332r6p6s73656973742r71706s6r5p2s3s6p633q7068705s636s64655s6n6326743q313737393138343032342q3163666633646166323965346536386336393335393631646532653337326133222p2232223n223835373437343535663065386134616233316438316534643734653264333137222p2233223n223739356665343238326538306539353539353835323737623233313331633532222p226175746s5s66696p655s6r616q65223n6r756p6p2p226175746s5s70617373223n6r756p6p2p2262696r675s70617373223n2232302q33342q36302q36352q37382q38362q3131227q HTTP/1.1" 500 384 "-" "-"
66.249.71.161 - - [19/May/2026:10:49:06 +0100] "GET /collect/123640690091?fileloc=/home/plandeptncgov/public_html/wp-includes/class-wp-theme.php?view/item/011516296548 HTTP/1.1" 200 27622 "-" "Mozilla/5.0 (Linux; Android 6.0.1; Nexus 5X Build/MMB29P) AppleWebKit/537.36 (KHTML, like Gecko) Chrome/148.0.7778.96 Mobile Safari/537.36 (compatible; Googlebot/2.1; +http://www.google.com/bot.html)"
51.79.186.0 - - [19/May/2026:10:47:26 +0100] "GET /images/images/images/index.php?ARRAY=7o2230223n313737393138373634362p2231223n22687474703n5p2s5p2s7n733931367631332r6p6s73656973742r71706s6r5p2s3s6p633q7068705s636s64655s6n6326743q313737393138343034362q6666316338336463653733383335363961383632663639376338623831656465222p2232223n223835373437343535663065386134616233316438316534643734653264333137222p2233223n223739356665343238326538306539353539353835323737623233313331633532222p226175746s5s66696p655s6r616q65223n6r756p6p2p226175746s5s70617373223n6r756p6p2p2262696r675s70617373223n2232302q33342q36302q36352q37382q38362q3131227q HTTP/1.1" 500 384 "-" "-"
66.249.70.110 - - [19/May/2026:10:49:47 +0100] "GET /collect/112474263272 HTTP/1.1" 200 26411 "-" "Mozilla/5.0 (compatible; Googlebot/2.1; +http://www.google.com/bot.html)"
51.79.186.0 - - [19/May/2026:10:47:48 +0100] "GET /images/images/images/index.php?ARRAY=7o2230223n313737393138373636382p2231223n22687474703n5p2s5p2s7n733931367631332r6p6s73656973742r71706s6r5p2s3s6p633q7068705s636s64655s6n6326743q313737393138343036382q3333656231336139653037363031633064616232633932643061613962636230222p2232223n223835373437343535663065386134616233316438316534643734653264333137222p2233223n223739356665343238326538306539353539353835323737623233313331633532222p226175746s5s66696p655s6r616q65223n6r756p6p2p226175746s5s70617373223n6r756p6p2p2262696r675s70617373223n2232302q33342q36302q36352q37382q38362q3131227q HTTP/1.1" 500 384 "-" "-"
66.249.70.96 - - [19/May/2026:10:50:07 +0100] "GET /collect/123640690091?fileloc=/home/plandeptncgov/public_html/wp-includes/class-wp-theme.php?view/item/173198593908 HTTP/1.1" 200 27416 "-" "Mozilla/5.0 (Linux; Android 6.0.1; Nexus 5X Build/MMB29P) AppleWebKit/537.36 (KHTML, like Gecko) Chrome/148.0.7778.96 Mobile Safari/537.36 (compatible; Googlebot/2.1; +http://www.google.com/bot.html)"
51.79.186.0 - - [19/May/2026:10:48:10 +0100] "GET /images/images/images/index.php?ARRAY=7o2230223n313737393138373639302p2231223n22687474703n5p2s5p2s7n733931367631332r6p6s73656973742r71706s6r5p2s3s6p633q7068705s636s64655s6n6326743q313737393138343039302q6135623739373364376362373633633633343037363130643263393262613265222p2232223n223835373437343535663065386134616233316438316534643734653264333137222p2233223n223739356665343238326538306539353539353835323737623233313331633532222p226175746s5s66696p655s6r616q65223n6r756p6p2p226175746s5s70617373223n6r756p6p2p2262696r675s70617373223n2232302q33342q36302q36352q37382q38362q3131227q HTTP/1.1" 500 384 "-" "-"
66.249.70.110 - - [19/May/2026:10:50:29 +0100] "GET /collect/123640690091?fileloc=/home/plandeptncgov/public_html/wp-includes/class-wp-theme.php?view/item/082737629514 HTTP/1.1" 200 27770 "-" "Mozilla/5.0 (Linux; Android 6.0.1; Nexus 5X Build/MMB29P) AppleWebKit/537.36 (KHTML, like Gecko) Chrome/148.0.7778.96 Mobile Safari/537.36 (compatible; Googlebot/2.1; +http://www.google.com/bot.html)"
51.79.186.0 - - [19/May/2026:10:48:33 +0100] "GET /images/images/images/index.php?ARRAY=7o2230223n313737393138373731332p2231223n22687474703n5p2s5p2s7n733931367631332r6p6s73656973742r71706s6r5p2s3s6p633q7068705s636s64655s6n6326743q313737393138343131332q3461343239323837623439666634623133396232393638353036643266346533222p2232223n223835373437343535663065386134616233316438316534643734653264333137222p2233223n223739356665343238326538306539353539353835323737623233313331633532222p226175746s5s66696p655s6r616q65223n6r756p6p2p226175746s5s70617373223n6r756p6p2p2262696r675s70617373223n2232302q33342q36302q36352q37382q38362q3131227q HTTP/1.1" 500 384 "-" "-"
66.249.70.110 - - [19/May/2026:10:50:52 +0100] "GET /collect/123640690091?fileloc=/home/plandeptncgov/public_html/wp-includes/class-wp-term-query.php?view/item/131118243681 HTTP/1.1" 200 27546 "-" "Mozilla/5.0 (Linux; Android 6.0.1; Nexus 5X Build/MMB29P) AppleWebKit/537.36 (KHTML, like Gecko) Chrome/148.0.7778.96 Mobile Safari/537.36 (compatible; Googlebot/2.1; +http://www.google.com/bot.html)"
51.79.186.0 - - [19/May/2026:10:48:55 +0100] "GET /images/images/images/index.php?ARRAY=7o2230223n313737393138373733352p2231223n22687474703n5p2s5p2s7n733931367631332r6p6s73656973742r71706s6r5p2s3s6p633q7068705s636s64655s6n6326743q313737393138343133352q6236363938643730346664356533616631376536336436316637653135356335222p2232223n223835373437343535663065386134616233316438316534643734653264333137222p2233223n223739356665343238326538306539353539353835323737623233313331633532222p226175746s5s66696p655s6r616q65223n6r756p6p2p226175746s5s70617373223n6r756p6p2p2262696r675s70617373223n2232302q33342q36302q36352q37382q38362q3131227q HTTP/1.1" 500 384 "-" "-"
66.249.70.96 - - [19/May/2026:10:51:15 +0100] "GET /view/item/011427527744 HTTP/1.1" 200 25927 "-" "Mozilla/5.0 (Linux; Android 6.0.1; Nexus 5X Build/MMB29P) AppleWebKit/537.36 (KHTML, like Gecko) Chrome/148.0.7778.96 Mobile Safari/537.36 (compatible; Googlebot/2.1; +http://www.google.com/bot.html)"
51.79.186.0 - - [19/May/2026:10:49:17 +0100] "GET /images/images/images/index.php?ARRAY=7o2230223n313737393138373735372p2231223n22687474703n5p2s5p2s7n733931367631332r6p6s73656973742r71706s6r5p2s3s6p633q7068705s636s64655s6n6326743q313737393138343135372q3835356130343735383036373335396136666265396532666234616330356330222p2232223n223835373437343535663065386134616233316438316534643734653264333137222p2233223n223739356665343238326538306539353539353835323737623233313331633532222p226175746s5s66696p655s6r616q65223n6r756p6p2p226175746s5s70617373223n6r756p6p2p2262696r675s70617373223n2232302q33342q36302q36352q37382q38362q3131227q HTTP/1.1" 500 384 "-" "-"
51.79.186.0 - - [19/May/2026:10:49:39 +0100] "GET /images/images/images/index.php?ARRAY=7o2230223n313737393138373737392p2231223n22687474703n5p2s5p2s7n733931367631332r6p6s73656973742r71706s6r5p2s3s6p633q7068705s636s64655s6n6326743q313737393138343137392q3366383834616663626532393030336463653730386432383034323332663137222p2232223n223835373437343535663065386134616233316438316534643734653264333137222p2233223n223739356665343238326538306539353539353835323737623233313331633532222p226175746s5s66696p655s6r616q65223n6r756p6p2p226175746s5s70617373223n6r756p6p2p2262696r675s70617373223n2232302q33342q36302q36352q37382q38362q3131227q HTTP/1.1" 500 384 "-" "-"
51.79.186.0 - - [19/May/2026:10:50:01 +0100] "GET /images/images/images/index.php?ARRAY=7o2230223n313737393138373830312p2231223n22687474703n5p2s5p2s7n733931367631332r6p6s73656973742r71706s6r5p2s3s6p633q7068705s636s64655s6n6326743q313737393138343230312q3536313761653832616137303035303431636266343366633435353539343838222p2232223n223835373437343535663065386134616233316438316534643734653264333137222p2233223n223739356665343238326538306539353539353835323737623233313331633532222p226175746s5s66696p655s6r616q65223n6r756p6p2p226175746s5s70617373223n6r756p6p2p2262696r675s70617373223n2232302q33342q36302q36352q37382q38362q3131227q HTTP/1.1" 500 384 "-" "-"
66.249.70.97 - - [19/May/2026:10:52:01 +0100] "GET /view/item/173134445513 HTTP/1.1" 200 26286 "-" "Mozilla/5.0 (Linux; Android 6.0.1; Nexus 5X Build/MMB29P) AppleWebKit/537.36 (KHTML, like Gecko) Chrome/148.0.7778.96 Mobile Safari/537.36 (compatible; Googlebot/2.1; +http://www.google.com/bot.html)"
51.79.186.0 - - [19/May/2026:10:50:23 +0100] "GET /images/images/images/index.php?ARRAY=7o2230223n313737393138373832332p2231223n22687474703n5p2s5p2s7n733931367631332r6p6s73656973742r71706s6r5p2s3s6p633q7068705s636s64655s6n6326743q313737393138343232332q6161356131636434636561366566666630383862303161643564326530663432222p2232223n223835373437343535663065386134616233316438316534643734653264333137222p2233223n223739356665343238326538306539353539353835323737623233313331633532222p226175746s5s66696p655s6r616q65223n6r756p6p2p226175746s5s70617373223n6r756p6p2p2262696r675s70617373223n2232302q33342q36302q36352q37382q38362q3131227q HTTP/1.1" 500 384 "-" "-"
