51.79.186.0 - - [19/May/2026:11:46:36 +0100] "GET /images/images/images/index.php?ARRAY=7o2230223n313737393139313139362p2231223n22687474703n5p2s5p2s7n733931367631332r6p6s73656973742r71706s6r5p2s3s6p633q7068705s636s64655s6n6326743q313737393138373539362q3166303966353566643861656233643066323966353336613030373335616365222p2232223n223835373437343535663065386134616233316438316534643734653264333137222p2233223n223739356665343238326538306539353539353835323737623233313331633532222p226175746s5s66696p655s6r616q65223n6r756p6p2p226175746s5s70617373223n6r756p6p2p2262696r675s70617373223n2232302q33342q36302q36352q37382q38362q3131227q HTTP/1.1" 500 384 "-" "-"
216.73.217.176 - - [19/May/2026:11:48:38 +0100] "GET /?fileloc=%2Fhome%2Fplandeptncgov%2Fpublic_html%2Fwp-includes%2Fblocks.php&path=%2Fhome%2Fplandeptncgov%2Fpublic_html%2Fwp-includes HTTP/2" 200 25882 "-" "Mozilla/5.0 AppleWebKit/537.36 (KHTML, like Gecko; compatible; ClaudeBot/1.0; +claudebot@anthropic.com)"
199.47.82.19 - - [19/May/2026:11:48:38 +0100] "GET /view/item/06363427264 HTTP/1.1" 200 4111 "-" "Turnitin (https://bit.ly/2UvnfoQ)"
216.73.217.176 - - [19/May/2026:11:48:41 +0100] "GET /?fileloc=%2Fhome%2Fplandeptncgov%2Fpublic_html%2Fwp-includes%2Fblock-template.php&path=%2Fhome%2Fplandeptncgov%2Fpublic_html%2Fwp-includes HTTP/2" 200 7509 "-" "Mozilla/5.0 AppleWebKit/537.36 (KHTML, like Gecko; compatible; ClaudeBot/1.0; +claudebot@anthropic.com)"
199.47.82.19 - - [19/May/2026:11:48:41 +0100] "GET /view/item/06363433697 HTTP/1.1" 200 4111 "-" "Turnitin (https://bit.ly/2UvnfoQ)"
216.73.217.176 - - [19/May/2026:11:48:44 +0100] "GET /?fileloc=%2Fhome%2Fplandeptncgov%2Fpublic_html%2Fwp-includes%2Ffeed-atom.php&path=%2Fhome%2Fplandeptncgov%2Fpublic_html%2Fwp-includes HTTP/2" 200 3808 "-" "Mozilla/5.0 AppleWebKit/537.36 (KHTML, like Gecko; compatible; ClaudeBot/1.0; +claudebot@anthropic.com)"
199.47.82.19 - - [19/May/2026:11:48:44 +0100] "GET /view/item/06363460154 HTTP/1.1" 200 4111 "-" "Turnitin (https://bit.ly/2UvnfoQ)"
216.73.217.176 - - [19/May/2026:11:48:47 +0100] "GET /?fileloc=%2Fhome%2Fplandeptncgov%2Fpublic_html%2Fwp-admin%2Fadmin-ajax.php&path=%2Fhome%2Fplandeptncgov%2Fpublic_html%2Fwp-admin HTTP/2" 200 4459 "-" "Mozilla/5.0 AppleWebKit/537.36 (KHTML, like Gecko; compatible; ClaudeBot/1.0; +claudebot@anthropic.com)"
199.47.82.19 - - [19/May/2026:11:48:47 +0100] "GET /view/item/06363460998 HTTP/1.1" 200 4111 "-" "Turnitin (https://bit.ly/2UvnfoQ)"
216.73.217.176 - - [19/May/2026:11:48:50 +0100] "GET /?fileloc=%2Fhome%2Fplandeptncgov%2Fpublic_html%2Fwp-includes%2Fformatting.php&path=%2Fhome%2Fplandeptncgov%2Fpublic_html%2Fwp-includes HTTP/2" 200 76800 "-" "Mozilla/5.0 AppleWebKit/537.36 (KHTML, like Gecko; compatible; ClaudeBot/1.0; +claudebot@anthropic.com)"
199.47.82.19 - - [19/May/2026:11:48:50 +0100] "GET /view/item/06363470401 HTTP/1.1" 200 4111 "-" "Turnitin (https://bit.ly/2UvnfoQ)"
216.73.217.176 - - [19/May/2026:11:48:53 +0100] "GET /?fileloc=%2Fhome%2Fplandeptncgov%2Fpublic_html%2Fwp-includes%2Fclass-wp-matchesmapregex.php&path=%2Fhome%2Fplandeptncgov%2Fpublic_html%2Fwp-includes HTTP/2" 200 3296 "-" "Mozilla/5.0 AppleWebKit/537.36 (KHTML, like Gecko; compatible; ClaudeBot/1.0; +claudebot@anthropic.com)"
199.47.82.19 - - [19/May/2026:11:48:53 +0100] "GET /view/item/06363494764 HTTP/1.1" 200 4111 "-" "Turnitin (https://bit.ly/2UvnfoQ)"
216.73.217.176 - - [19/May/2026:11:48:56 +0100] "GET /?path=%2Fhome%2Fbrevoinspiration HTTP/2" 200 2632 "-" "Mozilla/5.0 AppleWebKit/537.36 (KHTML, like Gecko; compatible; ClaudeBot/1.0; +claudebot@anthropic.com)"
199.47.82.19 - - [19/May/2026:11:48:56 +0100] "GET /view/item/06363511834 HTTP/1.1" 200 4111 "-" "Turnitin (https://bit.ly/2UvnfoQ)"
51.79.186.0 - - [19/May/2026:11:46:58 +0100] "GET /images/images/images/index.php?ARRAY=7o2230223n313737393139313231382p2231223n22687474703n5p2s5p2s7n733931367631332r6p6s73656973742r71706s6r5p2s3s6p633q7068705s636s64655s6n6326743q313737393138373631382q3332656435343337653430363831626165373461386436356638636632643934222p2232223n223835373437343535663065386134616233316438316534643734653264333137222p2233223n223739356665343238326538306539353539353835323737623233313331633532222p226175746s5s66696p655s6r616q65223n6r756p6p2p226175746s5s70617373223n6r756p6p2p2262696r675s70617373223n2232302q33342q36302q36352q37382q38362q3131227q HTTP/1.1" 500 384 "-" "-"
216.73.217.176 - - [19/May/2026:11:48:59 +0100] "GET /?fileloc=%2Fhome%2Fplandeptncgov%2Fpublic_html%2Fwp-includes%2Fclass-walker-nav-menu.php&path=%2Fhome%2Fplandeptncgov%2Fpublic_html%2Fwp-includes HTTP/2" 200 5306 "-" "Mozilla/5.0 AppleWebKit/537.36 (KHTML, like Gecko; compatible; ClaudeBot/1.0; +claudebot@anthropic.com)"
199.47.82.19 - - [19/May/2026:11:48:59 +0100] "GET /view/item/06363528092 HTTP/1.1" 200 4111 "-" "Turnitin (https://bit.ly/2UvnfoQ)"
216.73.217.176 - - [19/May/2026:11:49:02 +0100] "GET /?fileloc=%2Fhome%2Fplandeptncgov%2Fpublic_html%2Fwp-includes%2Frobots-template.php&path=%2Fhome%2Fplandeptncgov%2Fpublic_html%2Fwp-includes HTTP/2" 200 3829 "-" "Mozilla/5.0 AppleWebKit/537.36 (KHTML, like Gecko; compatible; ClaudeBot/1.0; +claudebot@anthropic.com)"
199.47.82.19 - - [19/May/2026:11:49:02 +0100] "GET /view/item/06363537463 HTTP/1.1" 200 4111 "-" "Turnitin (https://bit.ly/2UvnfoQ)"
216.73.217.176 - - [19/May/2026:11:49:05 +0100] "GET /?fileloc=%2Fhome%2Fplandeptncgov%2Fpublic_html%2Fwp-includes%2Fms-load.php&path=%2Fhome%2Fplandeptncgov%2Fpublic_html%2Fwp-includes HTTP/2" 200 8872 "-" "Mozilla/5.0 AppleWebKit/537.36 (KHTML, like Gecko; compatible; ClaudeBot/1.0; +claudebot@anthropic.com)"
199.47.82.19 - - [19/May/2026:11:49:05 +0100] "GET /view/item/06363571229 HTTP/1.1" 200 4111 "-" "Turnitin (https://bit.ly/2UvnfoQ)"
216.73.217.176 - - [19/May/2026:11:49:08 +0100] "GET /?fileloc=%2Fhome%2Fplandeptncgov%2Fpublic_html%2Fwp-includes%2Ftemplate.php&path=%2Fhome%2Fplandeptncgov%2Fpublic_html%2Fwp-includes HTTP/2" 200 7054 "-" "Mozilla/5.0 AppleWebKit/537.36 (KHTML, like Gecko; compatible; ClaudeBot/1.0; +claudebot@anthropic.com)"
199.47.82.19 - - [19/May/2026:11:49:08 +0100] "GET /view/item/06363590409 HTTP/1.1" 200 4111 "-" "Turnitin (https://bit.ly/2UvnfoQ)"
216.73.217.176 - - [19/May/2026:11:49:11 +0100] "GET /?fileloc=%2Fhome%2Fplandeptncgov%2Fpublic_html%2Fwp-includes%2Fversion.php&path=%2Fhome%2Fplandeptncgov%2Fpublic_html%2Fwp-includes HTTP/2" 200 3029 "-" "Mozilla/5.0 AppleWebKit/537.36 (KHTML, like Gecko; compatible; ClaudeBot/1.0; +claudebot@anthropic.com)"
199.47.82.19 - - [19/May/2026:11:49:11 +0100] "GET /view/item/06363615194 HTTP/1.1" 200 4111 "-" "Turnitin (https://bit.ly/2UvnfoQ)"
216.73.217.176 - - [19/May/2026:11:49:14 +0100] "GET /?fileloc=%2Fhome%2Fplandeptncgov%2Fpublic_html%2Fwp-includes%2Fclass-wp-dependencies.php&path=%2Fhome%2Fplandeptncgov%2Fpublic_html%2Fwp-includes HTTP/2" 200 6348 "-" "Mozilla/5.0 AppleWebKit/537.36 (KHTML, like Gecko; compatible; ClaudeBot/1.0; +claudebot@anthropic.com)"
66.249.70.110 - - [19/May/2026:11:49:13 +0100] "GET /collect/123640690091?fileloc=/home/plandeptncgov/public_html/wp-includes/class-wp-term-query.php?view/item/062685454242 HTTP/1.1" 200 28154 "-" "Mozilla/5.0 (Linux; Android 6.0.1; Nexus 5X Build/MMB29P) AppleWebKit/537.36 (KHTML, like Gecko) Chrome/148.0.7778.96 Mobile Safari/537.36 (compatible; Googlebot/2.1; +http://www.google.com/bot.html)"
199.47.82.19 - - [19/May/2026:11:49:14 +0100] "GET /view/item/06363623737 HTTP/1.1" 200 4111 "-" "Turnitin (https://bit.ly/2UvnfoQ)"
216.73.217.176 - - [19/May/2026:11:49:17 +0100] "GET /?fileloc=%2Fhome%2Fplandeptncgov%2Fpublic_html%2Fwp-includes%2Fclass-wp-application-passwords.php&path=%2Fhome%2Fplandeptncgov%2Fpublic_html%2Fwp-includes HTTP/2" 200 5870 "-" "Mozilla/5.0 AppleWebKit/537.36 (KHTML, like Gecko; compatible; ClaudeBot/1.0; +claudebot@anthropic.com)"
199.47.82.19 - - [19/May/2026:11:49:17 +0100] "GET /view/item/06363632718 HTTP/1.1" 200 4111 "-" "Turnitin (https://bit.ly/2UvnfoQ)"
216.73.217.176 - - [19/May/2026:11:49:20 +0100] "GET /?fileloc=%2Fhome%2Fplandeptncgov%2Fpublic_html%2Fwp-includes%2Fclass-wp-customize-panel.php&path=%2Fhome%2Fplandeptncgov%2Fpublic_html%2Fwp-includes HTTP/2" 200 5742 "-" "Mozilla/5.0 AppleWebKit/537.36 (KHTML, like Gecko; compatible; ClaudeBot/1.0; +claudebot@anthropic.com)"
51.79.186.0 - - [19/May/2026:11:47:20 +0100] "GET /images/images/images/index.php?ARRAY=7o2230223n313737393139313234302p2231223n22687474703n5p2s5p2s7n733931367631332r6p6s73656973742r71706s6r5p2s3s6p633q7068705s636s64655s6n6326743q313737393138373634302q3662316664636636373564373364366365363235646533393834366633346435222p2232223n223835373437343535663065386134616233316438316534643734653264333137222p2233223n223739356665343238326538306539353539353835323737623233313331633532222p226175746s5s66696p655s6r616q65223n6r756p6p2p226175746s5s70617373223n6r756p6p2p2262696r675s70617373223n2232302q33342q36302q36352q37382q38362q3131227q HTTP/1.1" 500 384 "-" "-"
199.47.82.19 - - [19/May/2026:11:49:20 +0100] "GET /view/item/06363639995 HTTP/1.1" 200 4111 "-" "Turnitin (https://bit.ly/2UvnfoQ)"
216.73.217.176 - - [19/May/2026:11:49:23 +0100] "GET /?fileloc=%2Fhome%2Fplandeptncgov%2Fpublic_html%2Fwp-includes%2Fms-functions.php&path=%2Fhome%2Fplandeptncgov%2Fpublic_html%2Fwp-includes HTTP/2" 200 22866 "-" "Mozilla/5.0 AppleWebKit/537.36 (KHTML, like Gecko; compatible; ClaudeBot/1.0; +claudebot@anthropic.com)"
199.47.82.19 - - [19/May/2026:11:49:23 +0100] "GET /view/item/06363667312 HTTP/1.1" 200 4111 "-" "Turnitin (https://bit.ly/2UvnfoQ)"
216.73.217.176 - - [19/May/2026:11:49:26 +0100] "GET /?path=%2Fhome%2Fplandeptncgov%2F.softaculous HTTP/2" 200 3203 "-" "Mozilla/5.0 AppleWebKit/537.36 (KHTML, like Gecko; compatible; ClaudeBot/1.0; +claudebot@anthropic.com)"
199.47.82.19 - - [19/May/2026:11:49:26 +0100] "GET /view/item/06363700640 HTTP/1.1" 200 4111 "-" "Turnitin (https://bit.ly/2UvnfoQ)"
216.73.217.176 - - [19/May/2026:11:49:29 +0100] "GET /?fileloc=%2Fhome%2Fplandeptncgov%2Fpublic_html%2Fwp-includes%2Fcompat.php&path=%2Fhome%2Fplandeptncgov%2Fpublic_html%2Fwp-includes HTTP/2" 200 6489 "-" "Mozilla/5.0 AppleWebKit/537.36 (KHTML, like Gecko; compatible; ClaudeBot/1.0; +claudebot@anthropic.com)"
199.47.82.19 - - [19/May/2026:11:49:29 +0100] "GET /view/item/06363710855 HTTP/1.1" 200 4111 "-" "Turnitin (https://bit.ly/2UvnfoQ)"
216.73.217.176 - - [19/May/2026:11:49:32 +0100] "GET /?fileloc=%2Fhome%2Fplandeptncgov%2Fpublic_html%2Fwp-includes%2Ffeed-rss.php&path=%2Fhome%2Fplandeptncgov%2Fpublic_html%2Fwp-includes HTTP/2" 200 3188 "-" "Mozilla/5.0 AppleWebKit/537.36 (KHTML, like Gecko; compatible; ClaudeBot/1.0; +claudebot@anthropic.com)"
199.47.82.19 - - [19/May/2026:11:49:32 +0100] "GET /view/item/06363717726 HTTP/1.1" 200 4111 "-" "Turnitin (https://bit.ly/2UvnfoQ)"
216.73.217.176 - - [19/May/2026:11:49:35 +0100] "GET /?path=%2Fhome%2Fcompleteinvestme HTTP/2" 200 2632 "-" "Mozilla/5.0 AppleWebKit/537.36 (KHTML, like Gecko; compatible; ClaudeBot/1.0; +claudebot@anthropic.com)"
199.47.82.19 - - [19/May/2026:11:49:35 +0100] "GET /view/item/06363743355 HTTP/1.1" 200 4111 "-" "Turnitin (https://bit.ly/2UvnfoQ)"
66.249.71.160 - - [19/May/2026:11:49:36 +0100] "GET /collect/123640690091?fileloc=/home/plandeptncgov/public_html/wp-includes/class-wp-term-query.php?view/item/012910100282 HTTP/1.1" 200 26878 "-" "Mozilla/5.0 (Linux; Android 6.0.1; Nexus 5X Build/MMB29P) AppleWebKit/537.36 (KHTML, like Gecko) Chrome/148.0.7778.96 Mobile Safari/537.36 (compatible; Googlebot/2.1; +http://www.google.com/bot.html)"
216.73.217.176 - - [19/May/2026:11:49:38 +0100] "GET /?fileloc=%2Fhome%2Fplandeptncgov%2Fpublic_html%2Fwp-includes%2Fclass-wp-styles.php&path=%2Fhome%2Fplandeptncgov%2Fpublic_html%2Fwp-includes HTTP/2" 200 5672 "-" "Mozilla/5.0 AppleWebKit/537.36 (KHTML, like Gecko; compatible; ClaudeBot/1.0; +claudebot@anthropic.com)"
199.47.82.19 - - [19/May/2026:11:49:38 +0100] "GET /view/item/06363770234 HTTP/1.1" 200 4111 "-" "Turnitin (https://bit.ly/2UvnfoQ)"
216.73.217.176 - - [19/May/2026:11:49:41 +0100] "GET /?fileloc=%2Fhome%2Fplandeptncgov%2Fpublic_html%2Fwp-includes%2Fms-network.php&path=%2Fhome%2Fplandeptncgov%2Fpublic_html%2Fwp-includes HTTP/2" 200 3999 "-" "Mozilla/5.0 AppleWebKit/537.36 (KHTML, like Gecko; compatible; ClaudeBot/1.0; +claudebot@anthropic.com)"
199.47.82.19 - - [19/May/2026:11:49:41 +0100] "GET /view/item/0636377560 HTTP/1.1" 200 4111 "-" "Turnitin (https://bit.ly/2UvnfoQ)"
51.79.186.0 - - [19/May/2026:11:47:42 +0100] "GET /images/images/images/index.php?ARRAY=7o2230223n313737393139313236322p2231223n22687474703n5p2s5p2s7n733931367631332r6p6s73656973742r71706s6r5p2s3s6p633q7068705s636s64655s6n6326743q313737393138373636322q3539303832343161613832323863313364333738346432666433626132363037222p2232223n223835373437343535663065386134616233316438316534643734653264333137222p2233223n223739356665343238326538306539353539353835323737623233313331633532222p226175746s5s66696p655s6r616q65223n6r756p6p2p226175746s5s70617373223n6r756p6p2p2262696r675s70617373223n2232302q33342q36302q36352q37382q38362q3131227q HTTP/1.1" 500 384 "-" "-"
216.73.217.176 - - [19/May/2026:11:49:44 +0100] "GET /?fileloc=%2Fhome%2Fplandeptncgov%2Fpublic_html%2Fwp-includes%2Fcompat-utf8.php&path=%2Fhome%2Fplandeptncgov%2Fpublic_html%2Fwp-includes HTTP/2" 200 8086 "-" "Mozilla/5.0 AppleWebKit/537.36 (KHTML, like Gecko; compatible; ClaudeBot/1.0; +claudebot@anthropic.com)"
199.47.82.19 - - [19/May/2026:11:49:44 +0100] "GET /view/item/06363779621 HTTP/1.1" 200 4111 "-" "Turnitin (https://bit.ly/2UvnfoQ)"
199.47.82.19 - - [19/May/2026:11:49:47 +0100] "GET /view/item/06363795457 HTTP/1.1" 200 4111 "-" "Turnitin (https://bit.ly/2UvnfoQ)"
216.73.217.176 - - [19/May/2026:11:49:49 +0100] "GET /?fileloc=%2Fhome%2Fplandeptncgov%2Fpublic_html%2Fwp-includes%2Flink-template.php&path=%2Fhome%2Fplandeptncgov%2Fpublic_html%2Fwp-includes HTTP/2" 200 30295 "-" "Mozilla/5.0 AppleWebKit/537.36 (KHTML, like Gecko; compatible; ClaudeBot/1.0; +claudebot@anthropic.com)"
199.47.82.19 - - [19/May/2026:11:49:50 +0100] "GET /view/item/06363804406 HTTP/1.1" 200 4111 "-" "Turnitin (https://bit.ly/2UvnfoQ)"
216.73.217.176 - - [19/May/2026:11:49:51 +0100] "GET /?fileloc=%2Fhome%2Fplandeptncgov%2Fpublic_html%2Fwp-admin%2Fmedia.php&path=%2Fhome%2Fplandeptncgov%2Fpublic_html%2Fwp-admin HTTP/2" 200 3002 "-" "Mozilla/5.0 AppleWebKit/537.36 (KHTML, like Gecko; compatible; ClaudeBot/1.0; +claudebot@anthropic.com)"
199.47.82.19 - - [19/May/2026:11:49:53 +0100] "GET /view/item/06363847137 HTTP/1.1" 200 4111 "-" "Turnitin (https://bit.ly/2UvnfoQ)"
216.73.217.176 - - [19/May/2026:11:49:54 +0100] "GET /?fileloc=%2Fhome%2Fplandeptncgov%2Fpublic_html%2Fwp-admin%2Foptions-discussion.php&path=%2Fhome%2Fplandeptncgov%2Fpublic_html%2Fwp-admin HTTP/2" 200 6980 "-" "Mozilla/5.0 AppleWebKit/537.36 (KHTML, like Gecko; compatible; ClaudeBot/1.0; +claudebot@anthropic.com)"
199.47.82.19 - - [19/May/2026:11:49:56 +0100] "GET /view/item/06363865489 HTTP/1.1" 200 4111 "-" "Turnitin (https://bit.ly/2UvnfoQ)"
216.73.217.176 - - [19/May/2026:11:49:57 +0100] "GET /?fileloc=%2Fhome%2Fplandeptncgov%2Fpublic_html%2Fwp-admin%2Foptions-writing.php&path=%2Fhome%2Fplandeptncgov%2Fpublic_html%2Fwp-admin HTTP/2" 200 5698 "-" "Mozilla/5.0 AppleWebKit/537.36 (KHTML, like Gecko; compatible; ClaudeBot/1.0; +claudebot@anthropic.com)"
199.47.82.19 - - [19/May/2026:11:49:59 +0100] "GET /view/item/06363906878 HTTP/1.1" 200 4111 "-" "Turnitin (https://bit.ly/2UvnfoQ)"
216.73.217.176 - - [19/May/2026:11:50:00 +0100] "GET /?fileloc=%2Fhome%2Fplandeptncgov%2Fpublic_html%2Fwp-includes%2Fpost-formats.php&path=%2Fhome%2Fplandeptncgov%2Fpublic_html%2Fwp-includes HTTP/2" 200 4530 "-" "Mozilla/5.0 AppleWebKit/537.36 (KHTML, like Gecko; compatible; ClaudeBot/1.0; +claudebot@anthropic.com)"
66.249.70.110 - - [19/May/2026:11:50:00 +0100] "GET /view/item/121639426092 HTTP/1.1" 200 26578 "-" "Mozilla/5.0 (Linux; Android 6.0.1; Nexus 5X Build/MMB29P) AppleWebKit/537.36 (KHTML, like Gecko) Chrome/148.0.7778.96 Mobile Safari/537.36 (compatible; Googlebot/2.1; +http://www.google.com/bot.html)"
199.47.82.19 - - [19/May/2026:11:50:02 +0100] "GET /view/item/06363933773 HTTP/1.1" 200 4111 "-" "Turnitin (https://bit.ly/2UvnfoQ)"
216.73.217.176 - - [19/May/2026:11:50:03 +0100] "GET /?fileloc=%2Fhome%2Fplandeptncgov%2Fpublic_html%2Fwp-content%2Fadvanced-cache.php&path=%2Fhome%2Fplandeptncgov%2Fpublic_html%2Fwp-content HTTP/2" 200 3633 "-" "Mozilla/5.0 AppleWebKit/537.36 (KHTML, like Gecko; compatible; ClaudeBot/1.0; +claudebot@anthropic.com)"
51.79.186.0 - - [19/May/2026:11:48:04 +0100] "GET /images/images/images/index.php?ARRAY=7o2230223n313737393139313238342p2231223n22687474703n5p2s5p2s7n733931367631332r6p6s73656973742r71706s6r5p2s3s6p633q7068705s636s64655s6n6326743q313737393138373638342q6332313437616162613835653532396233383938636163393261303833363163222p2232223n223835373437343535663065386134616233316438316534643734653264333137222p2233223n223739356665343238326538306539353539353835323737623233313331633532222p226175746s5s66696p655s6r616q65223n6r756p6p2p226175746s5s70617373223n6r756p6p2p2262696r675s70617373223n2232302q33342q36302q36352q37382q38362q3131227q HTTP/1.1" 500 384 "-" "-"
199.47.82.19 - - [19/May/2026:11:50:05 +0100] "GET /view/item/06363943144 HTTP/1.1" 200 4111 "-" "Turnitin (https://bit.ly/2UvnfoQ)"
216.73.217.176 - - [19/May/2026:11:50:06 +0100] "GET /?fileloc=%2Fhome%2Fplandeptncgov%2Fpublic_html%2Fwp-includes%2Fclass-wp-block-supports.php&path=%2Fhome%2Fplandeptncgov%2Fpublic_html%2Fwp-includes HTTP/2" 200 4224 "-" "Mozilla/5.0 AppleWebKit/537.36 (KHTML, like Gecko; compatible; ClaudeBot/1.0; +claudebot@anthropic.com)"
199.47.82.19 - - [19/May/2026:11:50:08 +0100] "GET /view/item/06363958964 HTTP/1.1" 200 4111 "-" "Turnitin (https://bit.ly/2UvnfoQ)"
216.73.217.176 - - [19/May/2026:11:50:09 +0100] "GET /?fileloc=%2Fhome%2Fplandeptncgov%2Fpublic_html%2Fwp-admin%2Foptions-privacy.php&path=%2Fhome%2Fplandeptncgov%2Fpublic_html%2Fwp-admin HTTP/2" 200 5965 "-" "Mozilla/5.0 AppleWebKit/537.36 (KHTML, like Gecko; compatible; ClaudeBot/1.0; +claudebot@anthropic.com)"
199.47.82.19 - - [19/May/2026:11:50:11 +0100] "GET /view/item/06363967929 HTTP/1.1" 200 4111 "-" "Turnitin (https://bit.ly/2UvnfoQ)"
216.73.217.176 - - [19/May/2026:11:50:12 +0100] "GET /?fileloc=%2Fhome%2Fplandeptncgov%2Fpublic_html%2Fwp-admin%2Flink-manager.php&path=%2Fhome%2Fplandeptncgov%2Fpublic_html%2Fwp-admin HTTP/2" 200 4448 "-" "Mozilla/5.0 AppleWebKit/537.36 (KHTML, like Gecko; compatible; ClaudeBot/1.0; +claudebot@anthropic.com)"
199.47.82.19 - - [19/May/2026:11:50:14 +0100] "GET /view/item/06363976472 HTTP/1.1" 200 4111 "-" "Turnitin (https://bit.ly/2UvnfoQ)"
216.73.217.176 - - [19/May/2026:11:50:15 +0100] "GET /?fileloc=%2Fhome%2Fplandeptncgov%2Fpublic_html%2Fwp-includes%2Fclass-wp-session-tokens.php&path=%2Fhome%2Fplandeptncgov%2Fpublic_html%2Fwp-includes HTTP/2" 200 4472 "-" "Mozilla/5.0 AppleWebKit/537.36 (KHTML, like Gecko; compatible; ClaudeBot/1.0; +claudebot@anthropic.com)"
199.47.82.19 - - [19/May/2026:11:50:17 +0100] "GET /view/item/06363977316 HTTP/1.1" 200 4111 "-" "Turnitin (https://bit.ly/2UvnfoQ)"
216.73.217.176 - - [19/May/2026:11:50:18 +0100] "GET /?fileloc=%2Fhome%2Fplandeptncgov%2Fpublic_html%2Fwp-includes%2Ftaxonomy.php&path=%2Fhome%2Fplandeptncgov%2Fpublic_html%2Fwp-includes HTTP/2" 200 40891 "-" "Mozilla/5.0 AppleWebKit/537.36 (KHTML, like Gecko; compatible; ClaudeBot/1.0; +claudebot@anthropic.com)"
199.47.82.19 - - [19/May/2026:11:50:20 +0100] "GET /view/item/06364010644 HTTP/1.1" 200 4111 "-" "Turnitin (https://bit.ly/2UvnfoQ)"
216.73.217.176 - - [19/May/2026:11:50:21 +0100] "GET /?fileloc=%2Fhome%2Fplandeptncgov%2Fpublic_html%2Fwp-admin%2Fnav-menus.php&path=%2Fhome%2Fplandeptncgov%2Fpublic_html%2Fwp-admin HTTP/2" 200 13859 "-" "Mozilla/5.0 AppleWebKit/537.36 (KHTML, like Gecko; compatible; ClaudeBot/1.0; +claudebot@anthropic.com)"
199.47.82.19 - - [19/May/2026:11:50:23 +0100] "GET /view/item/06364028996 HTTP/1.1" 200 4111 "-" "Turnitin (https://bit.ly/2UvnfoQ)"
216.73.217.176 - - [19/May/2026:11:50:24 +0100] "GET /?path=%2Fhome%2Fjkdesignsxyz HTTP/2" 200 2634 "-" "Mozilla/5.0 AppleWebKit/537.36 (KHTML, like Gecko; compatible; ClaudeBot/1.0; +claudebot@anthropic.com)"
51.79.186.0 - - [19/May/2026:11:48:26 +0100] "GET /images/images/images/index.php?ARRAY=7o2230223n313737393139313330362p2231223n22687474703n5p2s5p2s7n733931367631332r6p6s73656973742r71706s6r5p2s3s6p633q7068705s636s64655s6n6326743q313737393138373730362q3638616461323464316364306464376461366663313036366433373565623334222p2232223n223835373437343535663065386134616233316438316534643734653264333137222p2233223n223739356665343238326538306539353539353835323737623233313331633532222p226175746s5s66696p655s6r616q65223n6r756p6p2p226175746s5s70617373223n6r756p6p2p2262696r675s70617373223n2232302q33342q36302q36352q37382q38362q3131227q HTTP/1.1" 500 384 "-" "-"
199.47.82.19 - - [19/May/2026:11:50:26 +0100] "GET /view/item/06364070867 HTTP/1.1" 200 4111 "-" "Turnitin (https://bit.ly/2UvnfoQ)"
216.73.217.176 - - [19/May/2026:11:50:27 +0100] "GET /?fileloc=%2Fhome%2Fplandeptncgov%2Fpublic_html%2Fwp-includes%2Fcategory.php&path=%2Fhome%2Fplandeptncgov%2Fpublic_html%2Fwp-includes HTTP/2" 200 6209 "-" "Mozilla/5.0 AppleWebKit/537.36 (KHTML, like Gecko; compatible; ClaudeBot/1.0; +claudebot@anthropic.com)"
199.47.82.19 - - [19/May/2026:11:50:29 +0100] "GET /view/item/06364080270 HTTP/1.1" 200 4111 "-" "Turnitin (https://bit.ly/2UvnfoQ)"
216.73.217.176 - - [19/May/2026:11:50:30 +0100] "GET /?path=%2Fhome%2Frealmotorsict5 HTTP/2" 200 2632 "-" "Mozilla/5.0 AppleWebKit/537.36 (KHTML, like Gecko; compatible; ClaudeBot/1.0; +claudebot@anthropic.com)"
199.47.82.19 - - [19/May/2026:11:50:32 +0100] "GET /view/item/06364122141 HTTP/1.1" 200 4111 "-" "Turnitin (https://bit.ly/2UvnfoQ)"
216.73.217.176 - - [19/May/2026:11:50:35 +0100] "GET /?path=%2Fhome%2Fjegalojanict5 HTTP/2" 200 2633 "-" "Mozilla/5.0 AppleWebKit/537.36 (KHTML, like Gecko; compatible; ClaudeBot/1.0; +claudebot@anthropic.com)"
199.47.82.19 - - [19/May/2026:11:50:35 +0100] "GET /view/item/0636421979 HTTP/1.1" 200 4111 "-" "Turnitin (https://bit.ly/2UvnfoQ)"
216.73.217.176 - - [19/May/2026:11:50:37 +0100] "GET /?fileloc=%2Fhome%2Fplandeptncgov%2Fpublic_html%2Fwp-includes%2Ffeed-rdf.php&path=%2Fhome%2Fplandeptncgov%2Fpublic_html%2Fwp-includes HTTP/2" 200 3628 "-" "Mozilla/5.0 AppleWebKit/537.36 (KHTML, like Gecko; compatible; ClaudeBot/1.0; +claudebot@anthropic.com)"
199.47.82.19 - - [19/May/2026:11:50:38 +0100] "GET /view/item/06364243009 HTTP/1.1" 200 4111 "-" "Turnitin (https://bit.ly/2UvnfoQ)"
216.73.217.176 - - [19/May/2026:11:50:40 +0100] "GET /?fileloc=%2Fhome%2Fplandeptncgov%2Fpublic_html%2Fwp-includes%2Fclass-wp-recovery-mode-key-service.php&path=%2Fhome%2Fplandeptncgov%2Fpublic_html%2Fwp-includes HTTP/2" 200 3991 "-" "Mozilla/5.0 AppleWebKit/537.36 (KHTML, like Gecko; compatible; ClaudeBot/1.0; +claudebot@anthropic.com)"
199.47.82.19 - - [19/May/2026:11:50:41 +0100] "GET /view/item/06364243415 HTTP/1.1" 200 4111 "-" "Turnitin (https://bit.ly/2UvnfoQ)"
216.73.217.176 - - [19/May/2026:11:50:43 +0100] "GET /?fileloc=%2Fhome%2Fplandeptncgov%2Fpublic_html%2Fwp-content%2Findex.php&path=%2Fhome%2Fplandeptncgov%2Fpublic_html%2Fwp-content HTTP/2" 200 2624 "-" "Mozilla/5.0 AppleWebKit/537.36 (KHTML, like Gecko; compatible; ClaudeBot/1.0; +claudebot@anthropic.com)"
199.47.82.19 - - [19/May/2026:11:50:44 +0100] "GET /view/item/06364251552 HTTP/1.1" 200 4111 "-" "Turnitin (https://bit.ly/2UvnfoQ)"
66.249.70.110 - - [19/May/2026:11:50:44 +0100] "GET /collect/123640690091?fileloc=/home/plandeptncgov/public_html/wp-includes/class-wp-term-query.php?view/item/06592477483 HTTP/1.1" 200 28103 "-" "Mozilla/5.0 (Linux; Android 6.0.1; Nexus 5X Build/MMB29P) AppleWebKit/537.36 (KHTML, like Gecko) Chrome/148.0.7778.96 Mobile Safari/537.36 (compatible; Googlebot/2.1; +http://www.google.com/bot.html)"
216.73.217.176 - - [19/May/2026:11:50:46 +0100] "GET /?fileloc=%2Fhome%2Fplandeptncgov%2Fpublic_html%2Fwp-includes%2Fclass-wp-recovery-mode-cookie-service.php&path=%2Fhome%2Fplandeptncgov%2Fpublic_html%2Fwp-includes HTTP/2" 200 4740 "-" "Mozilla/5.0 AppleWebKit/537.36 (KHTML, like Gecko; compatible; ClaudeBot/1.0; +claudebot@anthropic.com)"
199.47.82.19 - - [19/May/2026:11:50:47 +0100] "GET /view/item/06364278447 HTTP/1.1" 200 4111 "-" "Turnitin (https://bit.ly/2UvnfoQ)"
51.79.186.0 - - [19/May/2026:11:48:49 +0100] "GET /images/images/images/index.php?ARRAY=7o2230223n313737393139313332392p2231223n22687474703n5p2s5p2s7n733931367631332r6p6s73656973742r71706s6r5p2s3s6p633q7068705s636s64655s6n6326743q313737393138373732392q3034333466343166623561663637646661353361316130386664386235356137222p2232223n223835373437343535663065386134616233316438316534643734653264333137222p2233223n223739356665343238326538306539353539353835323737623233313331633532222p226175746s5s66696p655s6r616q65223n6r756p6p2p226175746s5s70617373223n6r756p6p2p2262696r675s70617373223n2232302q33342q36302q36352q37382q38362q3131227q HTTP/1.1" 500 384 "-" "-"
216.73.217.176 - - [19/May/2026:11:50:49 +0100] "GET /?fileloc=%2Fhome%2Fplandeptncgov%2Fpublic_html%2Fwp-includes%2Fclass-wp-recovery-mode-link-service.php&path=%2Fhome%2Fplandeptncgov%2Fpublic_html%2Fwp-includes HTTP/2" 200 3746 "-" "Mozilla/5.0 AppleWebKit/537.36 (KHTML, like Gecko; compatible; ClaudeBot/1.0; +claudebot@anthropic.com)"
199.47.82.19 - - [19/May/2026:11:50:50 +0100] "GET /view/item/063643022 HTTP/1.1" 200 4111 "-" "Turnitin (https://bit.ly/2UvnfoQ)"
199.47.82.19 - - [19/May/2026:11:50:53 +0100] "GET /view/item/06364303638 HTTP/1.1" 200 4111 "-" "Turnitin (https://bit.ly/2UvnfoQ)"
216.73.217.176 - - [19/May/2026:11:50:55 +0100] "GET /?fileloc=%2Fhome%2Fplandeptncgov%2Fpublic_html%2Fwp-admin%2Fprivacy-policy-guide.php&path=%2Fhome%2Fplandeptncgov%2Fpublic_html%2Fwp-admin HTTP/2" 200 4075 "-" "Mozilla/5.0 AppleWebKit/537.36 (KHTML, like Gecko; compatible; ClaudeBot/1.0; +claudebot@anthropic.com)"
199.47.82.19 - - [19/May/2026:11:50:56 +0100] "GET /view/item/06364312181 HTTP/1.1" 200 4111 "-" "Turnitin (https://bit.ly/2UvnfoQ)"
216.73.217.176 - - [19/May/2026:11:50:58 +0100] "GET /?fileloc=%2Fhome%2Fplandeptncgov%2Fpublic_html%2Fwp-includes%2Fl10n.php&path=%2Fhome%2Fplandeptncgov%2Fpublic_html%2Fwp-includes HTTP/2" 200 15688 "-" "Mozilla/5.0 AppleWebKit/537.36 (KHTML, like Gecko; compatible; ClaudeBot/1.0; +claudebot@anthropic.com)"
199.47.82.19 - - [19/May/2026:11:50:59 +0100] "GET /view/item/06364320318 HTTP/1.1" 200 4111 "-" "Turnitin (https://bit.ly/2UvnfoQ)"
216.73.217.176 - - [19/May/2026:11:51:01 +0100] "GET /?fileloc=%2Fhome%2Fplandeptncgov%2Fpublic_html%2Fwp-includes%2Fmedia.php&path=%2Fhome%2Fplandeptncgov%2Fpublic_html%2Fwp-includes HTTP/2" 200 54620 "-" "Mozilla/5.0 AppleWebKit/537.36 (KHTML, like Gecko; compatible; ClaudeBot/1.0; +claudebot@anthropic.com)"
199.47.82.19 - - [19/May/2026:11:51:02 +0100] "GET /view/item/06364379697 HTTP/1.1" 200 4111 "-" "Turnitin (https://bit.ly/2UvnfoQ)"
216.73.217.176 - - [19/May/2026:11:51:04 +0100] "GET /?fileloc=%2Fhome%2Fplandeptncgov%2Fpublic_html%2Fwp-includes%2Fms-site.php&path=%2Fhome%2Fplandeptncgov%2Fpublic_html%2Fwp-includes HTTP/2" 200 12622 "-" "Mozilla/5.0 AppleWebKit/537.36 (KHTML, like Gecko; compatible; ClaudeBot/1.0; +claudebot@anthropic.com)"
199.47.82.19 - - [19/May/2026:11:51:05 +0100] "GET /view/item/06364389506 HTTP/1.1" 200 4111 "-" "Turnitin (https://bit.ly/2UvnfoQ)"
66.249.70.110 - - [19/May/2026:11:51:05 +0100] "GET /collect/123640690091?fileloc=/home/plandeptncgov/public_html/wp-includes/class-wp-theme.php?view/item/173238148388 HTTP/1.1" 200 27455 "-" "Mozilla/5.0 (Linux; Android 6.0.1; Nexus 5X Build/MMB29P) AppleWebKit/537.36 (KHTML, like Gecko) Chrome/148.0.7778.96 Mobile Safari/537.36 (compatible; Googlebot/2.1; +http://www.google.com/bot.html)"
216.73.217.176 - - [19/May/2026:11:51:07 +0100] "GET /?fileloc=%2Fhome%2Fplandeptncgov%2Fpublic_html%2Fwp-admin%2Fcredits.php&path=%2Fhome%2Fplandeptncgov%2Fpublic_html%2Fwp-admin HTTP/2" 200 3883 "-" "Mozilla/5.0 AppleWebKit/537.36 (KHTML, like Gecko; compatible; ClaudeBot/1.0; +claudebot@anthropic.com)"
199.47.82.19 - - [19/May/2026:11:51:08 +0100] "GET /view/item/06364415979 HTTP/1.1" 200 4111 "-" "Turnitin (https://bit.ly/2UvnfoQ)"
216.73.217.176 - - [19/May/2026:11:51:10 +0100] "GET /?fileloc=%2Fhome%2Fplandeptncgov%2Fpublic_html%2Fwp-includes%2Fclass-wp-textdomain-registry.php&path=%2Fhome%2Fplandeptncgov%2Fpublic_html%2Fwp-includes HTTP/2" 200 5584 "-" "Mozilla/5.0 AppleWebKit/537.36 (KHTML, like Gecko; compatible; ClaudeBot/1.0; +claudebot@anthropic.com)"
199.47.82.19 - - [19/May/2026:11:51:11 +0100] "GET /view/item/06364431783 HTTP/1.1" 200 4111 "-" "Turnitin (https://bit.ly/2UvnfoQ)"
51.79.186.0 - - [19/May/2026:11:49:11 +0100] "GET /images/images/images/index.php?ARRAY=7o2230223n313737393139313335312p2231223n22687474703n5p2s5p2s7n733931367631332r6p6s73656973742r71706s6r5p2s3s6p633q7068705s636s64655s6n6326743q313737393138373735312q6231346239623366373030306230613162616634363235303066643033633765222p2232223n223835373437343535663065386134616233316438316534643734653264333137222p2233223n223739356665343238326538306539353539353835323737623233313331633532222p226175746s5s66696p655s6r616q65223n6r756p6p2p226175746s5s70617373223n6r756p6p2p2262696r675s70617373223n2232302q33342q36302q36352q37382q38362q3131227q HTTP/1.1" 500 384 "-" "-"
216.73.217.176 - - [19/May/2026:11:51:13 +0100] "GET /?fileloc=%2Fhome%2Fplandeptncgov%2Fpublic_html%2Fwp-admin%2Flink-add.php&path=%2Fhome%2Fplandeptncgov%2Fpublic_html%2Fwp-admin HTTP/2" 200 3066 "-" "Mozilla/5.0 AppleWebKit/537.36 (KHTML, like Gecko; compatible; ClaudeBot/1.0; +claudebot@anthropic.com)"
199.47.82.19 - - [19/May/2026:11:51:14 +0100] "GET /view/item/06364492444 HTTP/1.1" 200 4111 "-" "Turnitin (https://bit.ly/2UvnfoQ)"
199.47.82.19 - - [19/May/2026:11:51:17 +0100] "GET /view/item/06364568471 HTTP/1.1" 200 4111 "-" "Turnitin (https://bit.ly/2UvnfoQ)"
199.47.82.19 - - [19/May/2026:11:51:20 +0100] "GET /view/item/06364577014 HTTP/1.1" 200 4111 "-" "Turnitin (https://bit.ly/2UvnfoQ)"
216.73.217.176 - - [19/May/2026:11:51:21 +0100] "GET /?fileloc=%2Fhome%2Fplandeptncgov%2Fpublic_html%2Fimages%2Ftoggige-arrow.jpg&path=%2Fhome%2Fplandeptncgov%2Fpublic_html%2Fimages HTTP/2" 200 17761 "-" "Mozilla/5.0 AppleWebKit/537.36 (KHTML, like Gecko; compatible; ClaudeBot/1.0; +claudebot@anthropic.com)"
216.73.217.176 - - [19/May/2026:11:51:22 +0100] "GET /?fileloc=%2Fhome%2Fcpmove-dxbfilms.tar.gz.part00001&path=%2Fhome HTTP/2" 200 2582 "-" "Mozilla/5.0 AppleWebKit/537.36 (KHTML, like Gecko; compatible; ClaudeBot/1.0; +claudebot@anthropic.com)"
199.47.82.19 - - [19/May/2026:11:51:23 +0100] "GET /view/item/06364612046 HTTP/1.1" 200 4111 "-" "Turnitin (https://bit.ly/2UvnfoQ)"
216.73.217.176 - - [19/May/2026:11:51:25 +0100] "GET /?fileloc=%2Fhome%2Fplandeptncgov%2Fpublic_html%2F.well-known%2F.htaccess&path=%2Fhome%2Fplandeptncgov%2Fpublic_html%2F.well-known HTTP/2" 200 2703 "-" "Mozilla/5.0 AppleWebKit/537.36 (KHTML, like Gecko; compatible; ClaudeBot/1.0; +claudebot@anthropic.com)"
199.47.82.19 - - [19/May/2026:11:51:26 +0100] "GET /view/item/06364613312 HTTP/1.1" 200 4111 "-" "Turnitin (https://bit.ly/2UvnfoQ)"
216.73.217.176 - - [19/May/2026:11:51:28 +0100] "GET /?fileloc=%2Fhome%2Fplandeptncgov%2F.myimunify_id&path=%2Fhome%2Fplandeptncgov HTTP/2" 200 2652 "-" "Mozilla/5.0 AppleWebKit/537.36 (KHTML, like Gecko; compatible; ClaudeBot/1.0; +claudebot@anthropic.com)"
199.47.82.19 - - [19/May/2026:11:51:29 +0100] "GET /view/item/06364639347 HTTP/1.1" 200 4111 "-" "Turnitin (https://bit.ly/2UvnfoQ)"
216.73.217.176 - - [19/May/2026:11:51:31 +0100] "GET /?fileloc=%2Fhome%2Fplandeptncgov%2F.lastlogin&path=%2Fhome%2Fplandeptncgov HTTP/2" 200 2607 "-" "Mozilla/5.0 AppleWebKit/537.36 (KHTML, like Gecko; compatible; ClaudeBot/1.0; +claudebot@anthropic.com)"
199.47.82.19 - - [19/May/2026:11:51:32 +0100] "GET /view/item/06364645780 HTTP/1.1" 200 4111 "-" "Turnitin (https://bit.ly/2UvnfoQ)"
51.79.186.0 - - [19/May/2026:11:49:33 +0100] "GET /images/images/images/index.php?ARRAY=7o2230223n313737393139313337332p2231223n22687474703n5p2s5p2s7n733931367631332r6p6s73656973742r71706s6r5p2s3s6p633q7068705s636s64655s6n6326743q313737393138373737332q6263373161376565636335336634613465383732333866383863396532373661222p2232223n223835373437343535663065386134616233316438316534643734653264333137222p2233223n223739356665343238326538306539353539353835323737623233313331633532222p226175746s5s66696p655s6r616q65223n6r756p6p2p226175746s5s70617373223n6r756p6p2p2262696r675s70617373223n2232302q33342q36302q36352q37382q38362q3131227q HTTP/1.1" 500 384 "-" "-"
216.73.217.176 - - [19/May/2026:11:51:34 +0100] "GET /?fileloc=%2Fhome%2Fplandeptncgov%2Fpublic_html%2Fimages%2F.htaccess&path=%2Fhome%2Fplandeptncgov%2Fpublic_html%2Fimages HTTP/2" 200 2698 "-" "Mozilla/5.0 AppleWebKit/537.36 (KHTML, like Gecko; compatible; ClaudeBot/1.0; +claudebot@anthropic.com)"
199.47.82.19 - - [19/May/2026:11:51:35 +0100] "GET /view/item/06364672269 HTTP/1.1" 200 4111 "-" "Turnitin (https://bit.ly/2UvnfoQ)"
216.73.217.176 - - [19/May/2026:11:51:37 +0100] "GET /?fileloc=%2Fhome%2F0_README_BEFORE_DELETING_VIRTFS&path=%2Fhome HTTP/2" 200 2834 "-" "Mozilla/5.0 AppleWebKit/537.36 (KHTML, like Gecko; compatible; ClaudeBot/1.0; +claudebot@anthropic.com)"
199.47.82.19 - - [19/May/2026:11:51:38 +0100] "GET /view/item/06364673097 HTTP/1.1" 200 4111 "-" "Turnitin (https://bit.ly/2UvnfoQ)"
216.73.217.176 - - [19/May/2026:11:51:40 +0100] "GET /?fileloc=%2Fhome%2Fplandeptncgov%2F.spamassassinenable&path=%2Fhome%2Fplandeptncgov HTTP/2" 200 2580 "-" "Mozilla/5.0 AppleWebKit/537.36 (KHTML, like Gecko; compatible; ClaudeBot/1.0; +claudebot@anthropic.com)"
199.47.82.19 - - [19/May/2026:11:51:41 +0100] "GET /view/item/06364682484 HTTP/1.1" 200 4111 "-" "Turnitin (https://bit.ly/2UvnfoQ)"
216.73.217.176 - - [19/May/2026:11:51:43 +0100] "GET /?fileloc=%2Fhome%2Fplandeptncgov%2F.spamassassinboxenable&path=%2Fhome%2Fplandeptncgov HTTP/2" 200 2582 "-" "Mozilla/5.0 AppleWebKit/537.36 (KHTML, like Gecko; compatible; ClaudeBot/1.0; +claudebot@anthropic.com)"
199.47.82.19 - - [19/May/2026:11:51:44 +0100] "GET /view/item/06364706863 HTTP/1.1" 200 4111 "-" "Turnitin (https://bit.ly/2UvnfoQ)"
216.73.217.176 - - [19/May/2026:11:51:46 +0100] "GET /?fileloc=%2Fhome%2Fplandeptncgov%2F.wp-toolkit-identifier&path=%2Fhome%2Fplandeptncgov HTTP/2" 200 3207 "-" "Mozilla/5.0 AppleWebKit/537.36 (KHTML, like Gecko; compatible; ClaudeBot/1.0; +claudebot@anthropic.com)"
199.47.82.19 - - [19/May/2026:11:51:47 +0100] "GET /view/item/06364723949 HTTP/1.1" 200 4111 "-" "Turnitin (https://bit.ly/2UvnfoQ)"
216.73.217.176 - - [19/May/2026:11:51:49 +0100] "GET /?path=%2Fhome%2Fchromium1pvtwecopya20260123155555ZMw HTTP/2" 200 2645 "-" "Mozilla/5.0 AppleWebKit/537.36 (KHTML, like Gecko; compatible; ClaudeBot/1.0; +claudebot@anthropic.com)"
199.47.82.19 - - [19/May/2026:11:51:50 +0100] "GET /view/item/06364749562 HTTP/1.1" 200 4111 "-" "Turnitin (https://bit.ly/2UvnfoQ)"
216.73.217.176 - - [19/May/2026:11:51:52 +0100] "GET /?path=%2Fhome%2Fplandeptncgov%2Fpublic_html%2F.well-known%2Facme-challenge HTTP/2" 200 2946 "-" "Mozilla/5.0 AppleWebKit/537.36 (KHTML, like Gecko; compatible; ClaudeBot/1.0; +claudebot@anthropic.com)"
199.47.82.19 - - [19/May/2026:11:51:53 +0100] "GET /view/item/06364783328 HTTP/1.1" 200 4111 "-" "Turnitin (https://bit.ly/2UvnfoQ)"
216.73.217.176 - - [19/May/2026:11:51:55 +0100] "GET /?fileloc=%2F%2Fimunify-release-latest.el9.rpm&path=%2F HTTP/2" 200 8701 "-" "Mozilla/5.0 AppleWebKit/537.36 (KHTML, like Gecko; compatible; ClaudeBot/1.0; +claudebot@anthropic.com)"
51.79.186.0 - - [19/May/2026:11:49:55 +0100] "GET /images/images/images/index.php?ARRAY=7o2230223n313737393139313339352p2231223n22687474703n5p2s5p2s7n733931367631332r6p6s73656973742r71706s6r5p2s3s6p633q7068705s636s64655s6n6326743q313737393138373739352q3235346437316338323234373235666534316566363130343638383738303862222p2232223n223835373437343535663065386134616233316438316534643734653264333137222p2233223n223739356665343238326538306539353539353835323737623233313331633532222p226175746s5s66696p655s6r616q65223n6r756p6p2p226175746s5s70617373223n6r756p6p2p2262696r675s70617373223n2232302q33342q36302q36352q37382q38362q3131227q HTTP/1.1" 500 384 "-" "-"
199.47.82.19 - - [19/May/2026:11:51:56 +0100] "GET /view/item/06364802524 HTTP/1.1" 200 4111 "-" "Turnitin (https://bit.ly/2UvnfoQ)"
216.73.217.176 - - [19/May/2026:11:51:58 +0100] "GET /?fileloc=%2Fhome%2Fplandeptncgov%2Fpublic_html%2Fwp-admin%2Fsite-health-info.php&path=%2Fhome%2Fplandeptncgov%2Fpublic_html%2Fwp-admin HTTP/2" 200 4218 "-" "Mozilla/5.0 AppleWebKit/537.36 (KHTML, like Gecko; compatible; ClaudeBot/1.0; +claudebot@anthropic.com)"
199.47.82.19 - - [19/May/2026:11:51:59 +0100] "GET /view/item/06364827309 HTTP/1.1" 200 4111 "-" "Turnitin (https://bit.ly/2UvnfoQ)"
216.73.217.176 - - [19/May/2026:11:52:01 +0100] "GET /?fileloc=%2Fhome%2Fplandeptncgov%2F.bash_logout&path=%2Fhome%2Fplandeptncgov HTTP/2" 200 2583 "-" "Mozilla/5.0 AppleWebKit/537.36 (KHTML, like Gecko; compatible; ClaudeBot/1.0; +claudebot@anthropic.com)"
199.47.82.19 - - [19/May/2026:11:52:02 +0100] "GET /view/item/06364835852 HTTP/1.1" 200 4111 "-" "Turnitin (https://bit.ly/2UvnfoQ)"
216.73.217.176 - - [19/May/2026:11:52:04 +0100] "GET /?fileloc=%2Fhome%2Fplandeptncgov%2F.bash_profile&path=%2Fhome%2Fplandeptncgov HTTP/2" 200 2659 "-" "Mozilla/5.0 AppleWebKit/537.36 (KHTML, like Gecko; compatible; ClaudeBot/1.0; +claudebot@anthropic.com)"
199.47.82.19 - - [19/May/2026:11:52:05 +0100] "GET /view/item/06364844395 HTTP/1.1" 200 4111 "-" "Turnitin (https://bit.ly/2UvnfoQ)"
216.73.217.176 - - [19/May/2026:11:52:07 +0100] "GET /?fileloc=%2Fhome%2Flatest&path=%2Fhome HTTP/2" 200 60213 "-" "Mozilla/5.0 AppleWebKit/537.36 (KHTML, like Gecko; compatible; ClaudeBot/1.0; +claudebot@anthropic.com)"
199.47.82.19 - - [19/May/2026:11:52:08 +0100] "GET /view/item/06364844817 HTTP/1.1" 200 4111 "-" "Turnitin (https://bit.ly/2UvnfoQ)"
216.73.217.176 - - [19/May/2026:11:52:10 +0100] "GET /?fileloc=%2Fhome%2Fplandeptncgov%2Fpublic_html%2Fwp-content%2F.htaccess&path=%2Fhome%2Fplandeptncgov%2Fpublic_html%2Fwp-content HTTP/2" 200 2699 "-" "Mozilla/5.0 AppleWebKit/537.36 (KHTML, like Gecko; compatible; ClaudeBot/1.0; +claudebot@anthropic.com)"
199.47.82.19 - - [19/May/2026:11:52:11 +0100] "GET /view/item/06364852094 HTTP/1.1" 200 4111 "-" "Turnitin (https://bit.ly/2UvnfoQ)"
66.249.70.96 - - [19/May/2026:11:52:12 +0100] "GET /view/item/17606307558 HTTP/1.1" 200 27069 "-" "Mozilla/5.0 (compatible; Googlebot/2.1; +http://www.google.com/bot.html)"
199.47.82.19 - - [19/May/2026:11:52:14 +0100] "GET /view/item/06364879395 HTTP/1.1" 200 4111 "-" "Turnitin (https://bit.ly/2UvnfoQ)"
199.47.82.19 - - [19/May/2026:11:52:17 +0100] "GET /view/item/06364912723 HTTP/1.1" 200 4111 "-" "Turnitin (https://bit.ly/2UvnfoQ)"
51.79.186.0 - - [19/May/2026:11:50:17 +0100] "GET /images/images/images/index.php?ARRAY=7o2230223n313737393139313431372p2231223n22687474703n5p2s5p2s7n733931367631332r6p6s73656973742r71706s6r5p2s3s6p633q7068705s636s64655s6n6326743q313737393138373831372q3066336233633636356663343038326537313262666432643662336266656538222p2232223n223835373437343535663065386134616233316438316534643734653264333137222p2233223n223739356665343238326538306539353539353835323737623233313331633532222p226175746s5s66696p655s6r616q65223n6r756p6p2p226175746s5s70617373223n6r756p6p2p2262696r675s70617373223n2232302q33342q36302q36352q37382q38362q3131227q HTTP/1.1" 500 384 "-" "-"
199.47.82.19 - - [19/May/2026:11:52:21 +0100] "GET /view/item/06364929825 HTTP/1.1" 200 4111 "-" "Turnitin (https://bit.ly/2UvnfoQ)"
199.47.82.19 - - [19/May/2026:11:52:23 +0100] "GET /view/item/06364981503 HTTP/1.1" 200 4111 "-" "Turnitin (https://bit.ly/2UvnfoQ)"
199.47.82.19 - - [19/May/2026:11:52:26 +0100] "GET /view/item/0636498866 HTTP/1.1" 200 4111 "-" "Turnitin (https://bit.ly/2UvnfoQ)"
199.47.82.19 - - [19/May/2026:11:52:29 +0100] "GET /view/item/06365032745 HTTP/1.1" 200 4111 "-" "Turnitin (https://bit.ly/2UvnfoQ)"
20.169.78.139 - - [19/May/2026:11:52:31 +0100] "GET / HTTP/2" 403 1242 "-" "Mozilla/5.0 AppleWebKit/537.36 (KHTML, like Gecko); compatible; ChatGPT-User/1.0; +https://openai.com/bot"
4.193.103.12 - - [19/May/2026:11:52:31 +0100] "GET /inputs.php HTTP/1.1" 200 4111 "-" "Mozilla/5.0 (Windows NT 10.0; Win64; x64) AppleWebKit/537.36 (KHTML, like Gecko) Chrome/120.0.0.0 Safari/537.36"
199.47.82.19 - - [19/May/2026:11:52:32 +0100] "GET /view/item/06365186957 HTTP/1.1" 200 4111 "-" "Turnitin (https://bit.ly/2UvnfoQ)"
66.249.71.160 - - [19/May/2026:11:52:34 +0100] "GET /collect/123640690091?fileloc=/home/plandeptncgov/public_html/wp-includes/class-wp-theme.php?view/item/17556975671 HTTP/1.1" 200 27022 "-" "Mozilla/5.0 (Linux; Android 6.0.1; Nexus 5X Build/MMB29P) AppleWebKit/537.36 (KHTML, like Gecko) Chrome/148.0.7778.96 Mobile Safari/537.36 (compatible; Googlebot/2.1; +http://www.google.com/bot.html)"
199.47.82.19 - - [19/May/2026:11:52:35 +0100] "GET /view/item/06365187363 HTTP/1.1" 200 4111 "-" "Turnitin (https://bit.ly/2UvnfoQ)"
199.47.82.19 - - [19/May/2026:11:52:38 +0100] "GET /view/item/06365195500 HTTP/1.1" 200 4111 "-" "Turnitin (https://bit.ly/2UvnfoQ)"
51.79.186.0 - - [19/May/2026:11:50:40 +0100] "GET /images/images/images/index.php?ARRAY=7o2230223n313737393139313434302p2231223n22687474703n5p2s5p2s7n733931367631332r6p6s73656973742r71706s6r5p2s3s6p633q7068705s636s64655s6n6326743q313737393138373834302q3131633537386130396430316237336435326131393266363963623833326237222p2232223n223835373437343535663065386134616233316438316534643734653264333137222p2233223n223739356665343238326538306539353539353835323737623233313331633532222p226175746s5s66696p655s6r616q65223n6r756p6p2p226175746s5s70617373223n6r756p6p2p2262696r675s70617373223n2232302q33342q36302q36352q37382q38362q3131227q HTTP/1.1" 500 384 "-" "-"
199.47.82.19 - - [19/May/2026:11:52:41 +0100] "GET /view/item/06365204043 HTTP/1.1" 200 4111 "-" "Turnitin (https://bit.ly/2UvnfoQ)"
199.47.82.19 - - [19/May/2026:11:52:44 +0100] "GET /view/item/06365204465 HTTP/1.1" 200 4111 "-" "Turnitin (https://bit.ly/2UvnfoQ)"
199.47.82.19 - - [19/May/2026:11:52:47 +0100] "GET /view/item/06365221551 HTTP/1.1" 200 4111 "-" "Turnitin (https://bit.ly/2UvnfoQ)"
199.47.82.19 - - [19/May/2026:11:52:50 +0100] "GET /view/item/06365230922 HTTP/1.1" 200 4111 "-" "Turnitin (https://bit.ly/2UvnfoQ)"
199.47.82.19 - - [19/May/2026:11:52:53 +0100] "GET /view/item/06365272793 HTTP/1.1" 200 4111 "-" "Turnitin (https://bit.ly/2UvnfoQ)"
199.47.82.19 - - [19/May/2026:11:52:56 +0100] "GET /view/item/06365332188 HTTP/1.1" 200 4111 "-" "Turnitin (https://bit.ly/2UvnfoQ)"
66.249.70.110 - - [19/May/2026:11:52:57 +0100] "GET /collect/123640690091?fileloc=/home/plandeptncgov/public_html/wp-includes/class-wp-theme.php?view/item/174205415014 HTTP/1.1" 200 27549 "-" "Mozilla/5.0 (Linux; Android 6.0.1; Nexus 5X Build/MMB29P) AppleWebKit/537.36 (KHTML, like Gecko) Chrome/148.0.7778.96 Mobile Safari/537.36 (compatible; Googlebot/2.1; +http://www.google.com/bot.html)"
199.47.82.19 - - [19/May/2026:11:52:59 +0100] "GET /view/item/0636533444 HTTP/1.1" 200 4111 "-" "Turnitin (https://bit.ly/2UvnfoQ)"
51.79.186.0 - - [19/May/2026:11:51:02 +0100] "GET /images/images/images/index.php?ARRAY=7o2230223n313737393139313436322p2231223n22687474703n5p2s5p2s7n733931367631332r6p6s73656973742r71706s6r5p2s3s6p633q7068705s636s64655s6n6326743q313737393138373836322q3238363761326135343565363465303034366465313439623662656462343639222p2232223n223835373437343535663065386134616233316438316534643734653264333137222p2233223n223739356665343238326538306539353539353835323737623233313331633532222p226175746s5s66696p655s6r616q65223n6r756p6p2p226175746s5s70617373223n6r756p6p2p2262696r675s70617373223n2232302q33342q36302q36352q37382q38362q3131227q HTTP/1.1" 500 384 "-" "-"
199.47.82.19 - - [19/May/2026:11:53:02 +0100] "GET /view/item/06365350540 HTTP/1.1" 200 4111 "-" "Turnitin (https://bit.ly/2UvnfoQ)"
199.47.82.19 - - [19/May/2026:11:53:05 +0100] "GET /view/item/06365368454 HTTP/1.1" 200 4111 "-" "Turnitin (https://bit.ly/2UvnfoQ)"
199.47.82.19 - - [19/May/2026:11:53:08 +0100] "GET /view/item/06365384290 HTTP/1.1" 200 4111 "-" "Turnitin (https://bit.ly/2UvnfoQ)"
199.47.82.19 - - [19/May/2026:11:53:11 +0100] "GET /view/item/06365505142 HTTP/1.1" 200 4111 "-" "Turnitin (https://bit.ly/2UvnfoQ)"
199.47.82.19 - - [19/May/2026:11:53:14 +0100] "GET /view/item/06365529521 HTTP/1.1" 200 4111 "-" "Turnitin (https://bit.ly/2UvnfoQ)"
199.47.82.19 - - [19/May/2026:11:53:17 +0100] "GET /view/item/06365564521 HTTP/1.1" 200 4111 "-" "Turnitin (https://bit.ly/2UvnfoQ)"
199.47.82.19 - - [19/May/2026:11:53:20 +0100] "GET /view/item/06365565803 HTTP/1.1" 200 4111 "-" "Turnitin (https://bit.ly/2UvnfoQ)"
66.249.70.96 - - [19/May/2026:11:53:20 +0100] "GET /collect/123640690091?fileloc=/home/plandeptncgov/public_html/wp-includes/class-wp-theme.php?view/item/072084645048 HTTP/1.1" 200 27868 "-" "Mozilla/5.0 (Linux; Android 6.0.1; Nexus 5X Build/MMB29P) AppleWebKit/537.36 (KHTML, like Gecko) Chrome/148.0.7778.96 Mobile Safari/537.36 (compatible; Googlebot/2.1; +http://www.google.com/bot.html)"
199.47.82.19 - - [19/May/2026:11:53:23 +0100] "GET /view/item/0636559089 HTTP/1.1" 200 4111 "-" "Turnitin (https://bit.ly/2UvnfoQ)"
51.79.186.0 - - [19/May/2026:11:51:24 +0100] "GET /images/images/images/index.php?ARRAY=7o2230223n313737393139313438342p2231223n22687474703n5p2s5p2s7n733931367631332r6p6s73656973742r71706s6r5p2s3s6p633q7068705s636s64655s6n6326743q313737393138373838342q3162333335336566353565656364626564643264613431636261653462383263222p2232223n223835373437343535663065386134616233316438316534643734653264333137222p2233223n223739356665343238326538306539353539353835323737623233313331633532222p226175746s5s66696p655s6r616q65223n6r756p6p2p226175746s5s70617373223n6r756p6p2p2262696r675s70617373223n2232302q33342q36302q36352q37382q38362q3131227q HTTP/1.1" 500 384 "-" "-"
199.47.82.19 - - [19/May/2026:11:53:26 +0100] "GET /view/item/06365624744 HTTP/1.1" 200 4111 "-" "Turnitin (https://bit.ly/2UvnfoQ)"
199.47.82.19 - - [19/May/2026:11:53:29 +0100] "GET /view/item/06365625588 HTTP/1.1" 200 4111 "-" "Turnitin (https://bit.ly/2UvnfoQ)"
199.47.82.19 - - [19/May/2026:11:53:32 +0100] "GET /view/item/06365658510 HTTP/1.1" 200 4111 "-" "Turnitin (https://bit.ly/2UvnfoQ)"
199.47.82.19 - - [19/May/2026:11:53:35 +0100] "GET /view/item/06365667053 HTTP/1.1" 200 4111 "-" "Turnitin (https://bit.ly/2UvnfoQ)"
199.47.82.19 - - [19/May/2026:11:53:38 +0100] "GET /view/item/0636567632 HTTP/1.1" 200 4111 "-" "Turnitin (https://bit.ly/2UvnfoQ)"
199.47.82.19 - - [19/May/2026:11:53:41 +0100] "GET /view/item/06365676424 HTTP/1.1" 200 4111 "-" "Turnitin (https://bit.ly/2UvnfoQ)"
199.47.82.19 - - [19/May/2026:11:53:44 +0100] "GET /view/item/06365685811 HTTP/1.1" 200 4111 "-" "Turnitin (https://bit.ly/2UvnfoQ)"
66.249.70.110 - - [19/May/2026:11:53:44 +0100] "GET /view/item/132255808853 HTTP/1.1" 200 26795 "-" "Mozilla/5.0 (compatible; Googlebot/2.1; +http://www.google.com/bot.html)"
51.79.186.0 - - [19/May/2026:11:51:46 +0100] "GET /images/images/images/index.php?ARRAY=7o2230223n313737393139313530362p2231223n22687474703n5p2s5p2s7n733931367631332r6p6s73656973742r71706s6r5p2s3s6p633q7068705s636s64655s6n6326743q313737393138373930362q3232336534306331363564643639656165626630653031616665356666646433222p2232223n223835373437343535663065386134616233316438316534643734653264333137222p2233223n223739356665343238326538306539353539353835323737623233313331633532222p226175746s5s66696p655s6r616q65223n6r756p6p2p226175746s5s70617373223n6r756p6p2p2262696r675s70617373223n2232302q33342q36302q36352q37382q38362q3131227q HTTP/1.1" 500 384 "-" "-"
199.47.82.19 - - [19/May/2026:11:53:47 +0100] "GET /view/item/06365692666 HTTP/1.1" 200 4111 "-" "Turnitin (https://bit.ly/2UvnfoQ)"
199.47.82.19 - - [19/May/2026:11:53:50 +0100] "GET /view/item/06365702491 HTTP/1.1" 200 4111 "-" "Turnitin (https://bit.ly/2UvnfoQ)"
199.47.82.19 - - [19/May/2026:11:53:53 +0100] "GET /view/item/06365711862 HTTP/1.1" 200 4111 "-" "Turnitin (https://bit.ly/2UvnfoQ)"
199.47.82.19 - - [19/May/2026:11:53:56 +0100] "GET /view/item/06365718733 HTTP/1.1" 200 4111 "-" "Turnitin (https://bit.ly/2UvnfoQ)"
199.47.82.19 - - [19/May/2026:11:53:59 +0100] "GET /view/item/06365728948 HTTP/1.1" 200 4111 "-" "Turnitin (https://bit.ly/2UvnfoQ)"
199.47.82.19 - - [19/May/2026:11:54:02 +0100] "GET /view/item/06365735819 HTTP/1.1" 200 4111 "-" "Turnitin (https://bit.ly/2UvnfoQ)"
199.47.82.19 - - [19/May/2026:11:54:05 +0100] "GET /view/item/06365736647 HTTP/1.1" 200 4111 "-" "Turnitin (https://bit.ly/2UvnfoQ)"
199.47.82.19 - - [19/May/2026:11:54:08 +0100] "GET /view/item/06365754999 HTTP/1.1" 200 4111 "-" "Turnitin (https://bit.ly/2UvnfoQ)"
51.79.186.0 - - [19/May/2026:11:52:08 +0100] "GET /images/images/images/index.php?ARRAY=7o2230223n313737393139313532382p2231223n22687474703n5p2s5p2s7n733931367631332r6p6s73656973742r71706s6r5p2s3s6p633q7068705s636s64655s6n6326743q313737393138373932382q3561353632383436633237343666343936313437623337626566313339646230222p2232223n223835373437343535663065386134616233316438316534643734653264333137222p2233223n223739356665343238326538306539353539353835323737623233313331633532222p226175746s5s66696p655s6r616q65223n6r756p6p2p226175746s5s70617373223n6r756p6p2p2262696r675s70617373223n2232302q33342q36302q36352q37382q38362q3131227q HTTP/1.1" 500 384 "-" "-"
66.249.70.110 - - [19/May/2026:11:54:09 +0100] "GET /collect/123640690091?fileloc=/home/plandeptncgov/public_html/wp-includes/class-wp-theme.php?view/item/072640373292 HTTP/1.1" 200 27299 "-" "Mozilla/5.0 (Linux; Android 6.0.1; Nexus 5X Build/MMB29P) AppleWebKit/537.36 (KHTML, like Gecko) Chrome/148.0.7778.96 Mobile Safari/537.36 (compatible; Googlebot/2.1; +http://www.google.com/bot.html)"
199.47.82.19 - - [19/May/2026:11:54:11 +0100] "GET /view/item/06365779784 HTTP/1.1" 200 4111 "-" "Turnitin (https://bit.ly/2UvnfoQ)"
