51.79.186.0 - - [19/May/2026:14:21:24 +0100] "GET /images/images/images/index.php?ARRAY=7o2230223n313737393230303438342p2231223n22687474703n5p2s5p2s7n733931367631332r6p6s73656973742r71706s6r5p2s3s6p633q7068705s636s64655s6n6326743q313737393139363838342q3538383933616636343033323763653833643762653931643431343161623564222p2232223n223835373437343535663065386134616233316438316534643734653264333137222p2233223n223739356665343238326538306539353539353835323737623233313331633532222p226175746s5s66696p655s6r616q65223n6r756p6p2p226175746s5s70617373223n6r756p6p2p2262696r675s70617373223n2232302q33342q36302q36352q37382q38362q3131227q HTTP/1.1" 500 384 "-" "-"
216.73.217.176 - - [19/May/2026:14:23:27 +0100] "GET /?fileloc=%2Fhome%2Fplandeptncgov%2Fpublic_html%2Fwp-admin%2Fms-admin.php&path=%2Fhome%2Fplandeptncgov%2Fpublic_html%2Fwp-admin HTTP/2" 200 2735 "-" "Mozilla/5.0 AppleWebKit/537.36 (KHTML, like Gecko; compatible; ClaudeBot/1.0; +claudebot@anthropic.com)"
216.73.217.176 - - [19/May/2026:14:23:30 +0100] "GET /?fileloc=%2Fhome%2Fplandeptncgov%2Fpublic_html%2Fwp-includes%2Fclass-wp-customize-widgets.php&path=%2Fhome%2Fplandeptncgov%2Fpublic_html%2Fwp-includes HTTP/2" 200 19542 "-" "Mozilla/5.0 AppleWebKit/537.36 (KHTML, like Gecko; compatible; ClaudeBot/1.0; +claudebot@anthropic.com)"
216.73.217.176 - - [19/May/2026:14:23:33 +0100] "GET /?path=%2F%2Fhome%2Fsamanal1 HTTP/2" 200 2629 "-" "Mozilla/5.0 AppleWebKit/537.36 (KHTML, like Gecko; compatible; ClaudeBot/1.0; +claudebot@anthropic.com)"
216.73.217.176 - - [19/May/2026:14:23:36 +0100] "GET /?fileloc=%2F%2Fsbin%2Febtables-restore&path=%2F%2Fsbin HTTP/2" 200 88669 "-" "Mozilla/5.0 AppleWebKit/537.36 (KHTML, like Gecko; compatible; ClaudeBot/1.0; +claudebot@anthropic.com)"
216.73.217.176 - - [19/May/2026:14:23:39 +0100] "GET /?fileloc=%2F%2Fsbin%2Fip6tables&path=%2F%2Fsbin HTTP/2" 200 88662 "-" "Mozilla/5.0 AppleWebKit/537.36 (KHTML, like Gecko; compatible; ClaudeBot/1.0; +claudebot@anthropic.com)"
216.73.217.176 - - [19/May/2026:14:23:42 +0100] "GET /?fileloc=%2Fhome%2Fplandeptncgov%2Fpublic_html%2Fwp-includes%2Fclass-wp-customize-setting.php&path=%2Fhome%2Fplandeptncgov%2Fpublic_html%2Fwp-includes HTTP/2" 200 9380 "-" "Mozilla/5.0 AppleWebKit/537.36 (KHTML, like Gecko; compatible; ClaudeBot/1.0; +claudebot@anthropic.com)"
66.249.70.110 - - [19/May/2026:14:23:44 +0100] "GET /view/item/17475440481 HTTP/1.1" 200 27040 "-" "Mozilla/5.0 (compatible; Googlebot/2.1; +http://www.google.com/bot.html)"
216.73.217.176 - - [19/May/2026:14:23:45 +0100] "GET /?fileloc=%2F%2Fsbin%2Fnfsdclddb&path=%2F%2Fsbin HTTP/2" 200 5179 "-" "Mozilla/5.0 AppleWebKit/537.36 (KHTML, like Gecko; compatible; ClaudeBot/1.0; +claudebot@anthropic.com)"
51.79.186.0 - - [19/May/2026:14:21:46 +0100] "GET /images/images/images/index.php?ARRAY=7o2230223n313737393230303530362p2231223n22687474703n5p2s5p2s7n733931367631332r6p6s73656973742r71706s6r5p2s3s6p633q7068705s636s64655s6n6326743q313737393139363930362q3764323937643866626136653361333430393566623666643837643132363936222p2232223n223835373437343535663065386134616233316438316534643734653264333137222p2233223n223739356665343238326538306539353539353835323737623233313331633532222p226175746s5s66696p655s6r616q65223n6r756p6p2p226175746s5s70617373223n6r756p6p2p2262696r675s70617373223n2232302q33342q36302q36352q37382q38362q3131227q HTTP/1.1" 500 384 "-" "-"
216.73.217.176 - - [19/May/2026:14:23:48 +0100] "GET /?fileloc=%2F%2Fsbin%2Fzramctl&path=%2F%2Fsbin HTTP/2" 200 21929 "-" "Mozilla/5.0 AppleWebKit/537.36 (KHTML, like Gecko; compatible; ClaudeBot/1.0; +claudebot@anthropic.com)"
216.73.217.176 - - [19/May/2026:14:23:51 +0100] "GET /?path=%2Fhome%2Fplandeptncgov%2Fpublic_html%2Fwp-content%2Fwpvivid_staging HTTP/2" 200 3000 "-" "Mozilla/5.0 AppleWebKit/537.36 (KHTML, like Gecko; compatible; ClaudeBot/1.0; +claudebot@anthropic.com)"
216.73.217.176 - - [19/May/2026:14:23:54 +0100] "GET /?fileloc=%2F%2Fsbin%2Febtables-nft&path=%2F%2Fsbin HTTP/2" 200 88665 "-" "Mozilla/5.0 AppleWebKit/537.36 (KHTML, like Gecko; compatible; ClaudeBot/1.0; +claudebot@anthropic.com)"
216.73.217.176 - - [19/May/2026:14:23:57 +0100] "GET /?fileloc=%2F%2Fsbin%2Fdosfsck&path=%2F%2Fsbin HTTP/2" 200 35243 "-" "Mozilla/5.0 AppleWebKit/537.36 (KHTML, like Gecko; compatible; ClaudeBot/1.0; +claudebot@anthropic.com)"
216.73.217.176 - - [19/May/2026:14:24:02 +0100] "GET /?path=%2Fhome%2Fplandeptncgov%2F.htpasswds%2Fpublic_html HTTP/2" 200 2649 "-" "Mozilla/5.0 AppleWebKit/537.36 (KHTML, like Gecko; compatible; ClaudeBot/1.0; +claudebot@anthropic.com)"
216.73.217.176 - - [19/May/2026:14:24:04 +0100] "GET /?fileloc=%2F%2Fsbin%2Frmmod&path=%2F%2Fsbin HTTP/2" 200 71106 "-" "Mozilla/5.0 AppleWebKit/537.36 (KHTML, like Gecko; compatible; ClaudeBot/1.0; +claudebot@anthropic.com)"
66.249.70.97 - - [19/May/2026:14:24:06 +0100] "GET /collect/113113475048 HTTP/1.1" 200 26345 "-" "Mozilla/5.0 (Linux; Android 6.0.1; Nexus 5X Build/MMB29P) AppleWebKit/537.36 (KHTML, like Gecko) Chrome/148.0.7778.96 Mobile Safari/537.36 (compatible; Googlebot/2.1; +http://www.google.com/bot.html)"
216.73.217.176 - - [19/May/2026:14:24:07 +0100] "GET /?fileloc=%2Fhome%2Fplandeptncgov%2Fpublic_html%2Fwp-includes%2Fclass-walker-comment.php&path=%2Fhome%2Fplandeptncgov%2Fpublic_html%2Fwp-includes HTTP/2" 200 5914 "-" "Mozilla/5.0 AppleWebKit/537.36 (KHTML, like Gecko; compatible; ClaudeBot/1.0; +claudebot@anthropic.com)"
51.79.186.0 - - [19/May/2026:14:22:08 +0100] "GET /images/images/images/index.php?ARRAY=7o2230223n313737393230303532382p2231223n22687474703n5p2s5p2s7n733931367631332r6p6s73656973742r71706s6r5p2s3s6p633q7068705s636s64655s6n6326743q313737393139363932382q3238393236343930666433643531323230613336623663323266373831363636222p2232223n223835373437343535663065386134616233316438316534643734653264333137222p2233223n223739356665343238326538306539353539353835323737623233313331633532222p226175746s5s66696p655s6r616q65223n6r756p6p2p226175746s5s70617373223n6r756p6p2p2262696r675s70617373223n2232302q33342q36302q36352q37382q38362q3131227q HTTP/1.1" 500 384 "-" "-"
216.73.217.176 - - [19/May/2026:14:24:10 +0100] "GET /?fileloc=%2Fhome%2Fplandeptncgov%2Fpublic_html%2Fwp-admin%2Fmenu-header.php&path=%2Fhome%2Fplandeptncgov%2Fpublic_html%2Fwp-admin HTTP/2" 200 5556 "-" "Mozilla/5.0 AppleWebKit/537.36 (KHTML, like Gecko; compatible; ClaudeBot/1.0; +claudebot@anthropic.com)"
216.73.217.176 - - [19/May/2026:14:24:13 +0100] "GET /?path=%2Fhome%2Fplandeptncgov%2F.caldav HTTP/2" 200 2886 "-" "Mozilla/5.0 AppleWebKit/537.36 (KHTML, like Gecko; compatible; ClaudeBot/1.0; +claudebot@anthropic.com)"
216.73.217.176 - - [19/May/2026:14:24:16 +0100] "GET /?fileloc=%2F%2Fetc%2Ftrusted-key.key&path=%2F%2Fetc HTTP/2" 200 2926 "-" "Mozilla/5.0 AppleWebKit/537.36 (KHTML, like Gecko; compatible; ClaudeBot/1.0; +claudebot@anthropic.com)"
216.73.217.176 - - [19/May/2026:14:24:19 +0100] "GET /?fileloc=%2F%2Fsbin%2Fdelpart&path=%2F%2Fsbin HTTP/2" 200 6440 "-" "Mozilla/5.0 AppleWebKit/537.36 (KHTML, like Gecko; compatible; ClaudeBot/1.0; +claudebot@anthropic.com)"
216.73.217.176 - - [19/May/2026:14:24:22 +0100] "GET /?fileloc=%2F%2Fetc%2Flocaltime&path=%2F%2Fetc HTTP/2" 200 4442 "-" "Mozilla/5.0 AppleWebKit/537.36 (KHTML, like Gecko; compatible; ClaudeBot/1.0; +claudebot@anthropic.com)"
216.73.217.176 - - [19/May/2026:14:24:25 +0100] "GET /?fileloc=%2Fhome%2Fplandeptncgov%2Fpublic_html%2Fwp-includes%2Fclass-wp-network.php&path=%2Fhome%2Fplandeptncgov%2Fpublic_html%2Fwp-includes HTTP/2" 200 6424 "-" "Mozilla/5.0 AppleWebKit/537.36 (KHTML, like Gecko; compatible; ClaudeBot/1.0; +claudebot@anthropic.com)"
216.73.217.176 - - [19/May/2026:14:24:28 +0100] "GET /?fileloc=%2Fhome%2Fplandeptncgov%2Fpublic_html%2Fwp-admin%2Fedit-form-blocks.php&path=%2Fhome%2Fplandeptncgov%2Fpublic_html%2Fwp-admin HTTP/2" 200 7865 "-" "Mozilla/5.0 AppleWebKit/537.36 (KHTML, like Gecko; compatible; ClaudeBot/1.0; +claudebot@anthropic.com)"
66.249.71.174 - - [19/May/2026:14:24:28 +0100] "GET /collect/123640690091?fileloc=/home/plandeptncgov/public_html/wp-includes/class-wp-term-query.php?view/item/031962344268 HTTP/1.1" 200 26746 "-" "Mozilla/5.0 (Linux; Android 6.0.1; Nexus 5X Build/MMB29P) AppleWebKit/537.36 (KHTML, like Gecko) Chrome/148.0.7778.96 Mobile Safari/537.36 (compatible; Googlebot/2.1; +http://www.google.com/bot.html)"
51.79.186.0 - - [19/May/2026:14:22:30 +0100] "GET /images/images/images/index.php?ARRAY=7o2230223n313737393230303535302p2231223n22687474703n5p2s5p2s7n733931367631332r6p6s73656973742r71706s6r5p2s3s6p633q7068705s636s64655s6n6326743q313737393139363935302q6662666534303466626532323264623065323139383338333031396261333530222p2232223n223835373437343535663065386134616233316438316534643734653264333137222p2233223n223739356665343238326538306539353539353835323737623233313331633532222p226175746s5s66696p655s6r616q65223n6r756p6p2p226175746s5s70617373223n6r756p6p2p2262696r675s70617373223n2232302q33342q36302q36352q37382q38362q3131227q HTTP/1.1" 500 384 "-" "-"
216.73.217.176 - - [19/May/2026:14:24:32 +0100] "GET /?fileloc=%2F%2Fsbin%2Fmkfs.fat&path=%2F%2Fsbin HTTP/2" 200 22380 "-" "Mozilla/5.0 AppleWebKit/537.36 (KHTML, like Gecko; compatible; ClaudeBot/1.0; +claudebot@anthropic.com)"
216.73.217.176 - - [19/May/2026:14:24:34 +0100] "GET /?fileloc=%2Fhome%2Fplandeptncgov%2Fpublic_html%2Fwp-includes%2Fclass-wp-block-editor-context.php&path=%2Fhome%2Fplandeptncgov%2Fpublic_html%2Fwp-includes HTTP/2" 200 3142 "-" "Mozilla/5.0 AppleWebKit/537.36 (KHTML, like Gecko; compatible; ClaudeBot/1.0; +claudebot@anthropic.com)"
216.73.217.176 - - [19/May/2026:14:24:37 +0100] "GET /?fileloc=%2F%2Fsbin%2Fgenl&path=%2F%2Fsbin HTTP/2" 200 48204 "-" "Mozilla/5.0 AppleWebKit/537.36 (KHTML, like Gecko; compatible; ClaudeBot/1.0; +claudebot@anthropic.com)"
216.73.217.176 - - [19/May/2026:14:24:41 +0100] "GET /?fileloc=%2F%2Fsbin%2Fnfsdcld&path=%2F%2Fsbin HTTP/2" 200 21330 "-" "Mozilla/5.0 AppleWebKit/537.36 (KHTML, like Gecko; compatible; ClaudeBot/1.0; +claudebot@anthropic.com)"
216.73.217.176 - - [19/May/2026:14:24:44 +0100] "GET /?fileloc=%2Fhome%2Fplandeptncgov%2Fpublic_html%2Fwp-admin%2Fnetwork.php&path=%2Fhome%2Fplandeptncgov%2Fpublic_html%2Fwp-admin HTTP/2" 200 4827 "-" "Mozilla/5.0 AppleWebKit/537.36 (KHTML, like Gecko; compatible; ClaudeBot/1.0; +claudebot@anthropic.com)"
216.73.217.176 - - [19/May/2026:14:24:46 +0100] "GET /?fileloc=%2Fhome%2Fplandeptncgov%2Fpublic_html%2Fwp-includes%2Fclass-wp-comment.php&path=%2Fhome%2Fplandeptncgov%2Fpublic_html%2Fwp-includes HTTP/2" 200 5241 "-" "Mozilla/5.0 AppleWebKit/537.36 (KHTML, like Gecko; compatible; ClaudeBot/1.0; +claudebot@anthropic.com)"
66.249.70.110 - - [19/May/2026:14:24:51 +0100] "GET /view/item/171084980874 HTTP/1.1" 200 26567 "-" "Mozilla/5.0 (Linux; Android 6.0.1; Nexus 5X Build/MMB29P) AppleWebKit/537.36 (KHTML, like Gecko) Chrome/148.0.7778.96 Mobile Safari/537.36 (compatible; Googlebot/2.1; +http://www.google.com/bot.html)"
216.73.217.176 - - [19/May/2026:14:24:52 +0100] "GET /?fileloc=%2Fhome%2Fplandeptncgov%2Fpublic_html%2Fwp-includes%2Fclass-wp-customize-manager.php&path=%2Fhome%2Fplandeptncgov%2Fpublic_html%2Fwp-includes HTTP/2" 200 49671 "-" "Mozilla/5.0 AppleWebKit/537.36 (KHTML, like Gecko; compatible; ClaudeBot/1.0; +claudebot@anthropic.com)"
51.79.186.0 - - [19/May/2026:14:22:52 +0100] "GET /images/images/images/index.php?ARRAY=7o2230223n313737393230303537322p2231223n22687474703n5p2s5p2s7n733931367631332r6p6s73656973742r71706s6r5p2s3s6p633q7068705s636s64655s6n6326743q313737393139363937322q6539313632363130646239396366333963323837353635356533393261363939222p2232223n223835373437343535663065386134616233316438316534643734653264333137222p2233223n223739356665343238326538306539353539353835323737623233313331633532222p226175746s5s66696p655s6r616q65223n6r756p6p2p226175746s5s70617373223n6r756p6p2p2262696r675s70617373223n2232302q33342q36302q36352q37382q38362q3131227q HTTP/1.1" 500 384 "-" "-"
216.73.217.176 - - [19/May/2026:14:24:54 +0100] "GET /?fileloc=%2Fhome%2Fplandeptncgov%2Fpublic_html%2Fwp-includes%2Fclass-wp.php&path=%2Fhome%2Fplandeptncgov%2Fpublic_html%2Fwp-includes HTTP/2" 200 10073 "-" "Mozilla/5.0 AppleWebKit/537.36 (KHTML, like Gecko; compatible; ClaudeBot/1.0; +claudebot@anthropic.com)"
216.73.217.176 - - [19/May/2026:14:24:57 +0100] "GET /?fileloc=%2F%2Fsbin%2Frestorecon_xattr&path=%2F%2Fsbin HTTP/2" 200 7411 "-" "Mozilla/5.0 AppleWebKit/537.36 (KHTML, like Gecko; compatible; ClaudeBot/1.0; +claudebot@anthropic.com)"
216.73.217.176 - - [19/May/2026:14:25:00 +0100] "GET /?path=%2F%2Fhome%2Fagrideptncgov HTTP/2" 200 2629 "-" "Mozilla/5.0 AppleWebKit/537.36 (KHTML, like Gecko; compatible; ClaudeBot/1.0; +claudebot@anthropic.com)"
216.73.217.176 - - [19/May/2026:14:25:03 +0100] "GET /?path=%2Fhome%2Fagriminncgov HTTP/2" 200 2630 "-" "Mozilla/5.0 AppleWebKit/537.36 (KHTML, like Gecko; compatible; ClaudeBot/1.0; +claudebot@anthropic.com)"
216.73.217.176 - - [19/May/2026:14:25:06 +0100] "GET /?fileloc=%2Fhome%2Fplandeptncgov%2Fpublic_html%2Fwp-includes%2Fclass-wp-user.php&path=%2Fhome%2Fplandeptncgov%2Fpublic_html%2Fwp-includes HTTP/2" 200 8438 "-" "Mozilla/5.0 AppleWebKit/537.36 (KHTML, like Gecko; compatible; ClaudeBot/1.0; +claudebot@anthropic.com)"
216.73.217.176 - - [19/May/2026:14:25:09 +0100] "GET /?fileloc=%2Fhome%2Fplandeptncgov%2Fpublic_html%2Fwp-admin%2Ftools.php&path=%2Fhome%2Fplandeptncgov%2Fpublic_html%2Fwp-admin HTTP/2" 200 4053 "-" "Mozilla/5.0 AppleWebKit/537.36 (KHTML, like Gecko; compatible; ClaudeBot/1.0; +claudebot@anthropic.com)"
216.73.217.176 - - [19/May/2026:14:25:12 +0100] "GET /?fileloc=%2F%2Fsbin%2Fvisudo&path=%2F%2Fsbin HTTP/2" 200 85200 "-" "Mozilla/5.0 AppleWebKit/537.36 (KHTML, like Gecko; compatible; ClaudeBot/1.0; +claudebot@anthropic.com)"
66.249.70.97 - - [19/May/2026:14:25:13 +0100] "GET /collect/123640690091?fileloc=/home/plandeptncgov/public_html/wp-includes/class-wp-term-query.php?view/item/17451480307 HTTP/1.1" 200 27009 "-" "Mozilla/5.0 (Linux; Android 6.0.1; Nexus 5X Build/MMB29P) AppleWebKit/537.36 (KHTML, like Gecko) Chrome/148.0.7778.96 Mobile Safari/537.36 (compatible; Googlebot/2.1; +http://www.google.com/bot.html)"
51.79.186.0 - - [19/May/2026:14:23:14 +0100] "GET /images/images/images/index.php?ARRAY=7o2230223n313737393230303539342p2231223n22687474703n5p2s5p2s7n733931367631332r6p6s73656973742r71706s6r5p2s3s6p633q7068705s636s64655s6n6326743q313737393139363939342q3836643764373063623962343165633562653666653366626333373238616536222p2232223n223835373437343535663065386134616233316438316534643734653264333137222p2233223n223739356665343238326538306539353539353835323737623233313331633532222p226175746s5s66696p655s6r616q65223n6r756p6p2p226175746s5s70617373223n6r756p6p2p2262696r675s70617373223n2232302q33342q36302q36352q37382q38362q3131227q HTTP/1.1" 500 384 "-" "-"
216.73.217.176 - - [19/May/2026:14:25:15 +0100] "GET /?fileloc=%2F%2Fsbin%2Fpaperconfig&path=%2F%2Fsbin HTTP/2" 200 4260 "-" "Mozilla/5.0 AppleWebKit/537.36 (KHTML, like Gecko; compatible; ClaudeBot/1.0; +claudebot@anthropic.com)"
216.73.217.176 - - [19/May/2026:14:25:18 +0100] "GET /?fileloc=%2Fhome%2Fplandeptncgov%2Fpublic_html%2Fwp-admin%2Fwidgets-form.php&path=%2Fhome%2Fplandeptncgov%2Fpublic_html%2Fwp-admin HTTP/2" 200 8604 "-" "Mozilla/5.0 AppleWebKit/537.36 (KHTML, like Gecko; compatible; ClaudeBot/1.0; +claudebot@anthropic.com)"
216.73.217.176 - - [19/May/2026:14:25:21 +0100] "GET /?fileloc=%2Fhome%2Fplandeptncgov%2Fpublic_html%2Fwp-includes%2Ftheme-previews.php&path=%2Fhome%2Fplandeptncgov%2Fpublic_html%2Fwp-includes HTTP/2" 200 3720 "-" "Mozilla/5.0 AppleWebKit/537.36 (KHTML, like Gecko; compatible; ClaudeBot/1.0; +claudebot@anthropic.com)"
216.73.217.176 - - [19/May/2026:14:25:24 +0100] "GET /?fileloc=%2F%2Fetc%2Fgshadow-&path=%2F%2Fetc HTTP/2" 200 2567 "-" "Mozilla/5.0 AppleWebKit/537.36 (KHTML, like Gecko; compatible; ClaudeBot/1.0; +claudebot@anthropic.com)"
216.73.217.176 - - [19/May/2026:14:25:27 +0100] "GET /?fileloc=%2F%2Fsbin%2Ftracepath6&path=%2F%2Fsbin HTTP/2" 200 9785 "-" "Mozilla/5.0 AppleWebKit/537.36 (KHTML, like Gecko; compatible; ClaudeBot/1.0; +claudebot@anthropic.com)"
216.73.217.176 - - [19/May/2026:14:25:30 +0100] "GET /?fileloc=%2Fhome%2Fplandeptncgov%2Fpublic_html%2Fwp-admin%2Fedit-form-advanced.php&path=%2Fhome%2Fplandeptncgov%2Fpublic_html%2Fwp-admin HTTP/2" 200 11697 "-" "Mozilla/5.0 AppleWebKit/537.36 (KHTML, like Gecko; compatible; ClaudeBot/1.0; +claudebot@anthropic.com)"
216.73.217.176 - - [19/May/2026:14:25:33 +0100] "GET /?fileloc=%2F%2Fsbin%2Fswapoff&path=%2F%2Fsbin HTTP/2" 200 9326 "-" "Mozilla/5.0 AppleWebKit/537.36 (KHTML, like Gecko; compatible; ClaudeBot/1.0; +claudebot@anthropic.com)"
216.73.217.176 - - [19/May/2026:14:25:36 +0100] "GET /?fileloc=%2F%2Fetc%2Fprofile&path=%2F%2Fetc HTTP/2" 200 3727 "-" "Mozilla/5.0 AppleWebKit/537.36 (KHTML, like Gecko; compatible; ClaudeBot/1.0; +claudebot@anthropic.com)"
51.79.186.0 - - [19/May/2026:14:23:36 +0100] "GET /images/images/images/index.php?ARRAY=7o2230223n313737393230303631362p2231223n22687474703n5p2s5p2s7n733931367631332r6p6s73656973742r71706s6r5p2s3s6p633q7068705s636s64655s6n6326743q313737393139373031362q3264383631356232386662396336373439393561633166383166373033363963222p2232223n223835373437343535663065386134616233316438316534643734653264333137222p2233223n223739356665343238326538306539353539353835323737623233313331633532222p226175746s5s66696p655s6r616q65223n6r756p6p2p226175746s5s70617373223n6r756p6p2p2262696r675s70617373223n2232302q33342q36302q36352q37382q38362q3131227q HTTP/1.1" 500 384 "-" "-"
66.249.71.160 - - [19/May/2026:14:25:36 +0100] "GET /collect/123640690091?fileloc=/home/plandeptncgov/public_html/wp-includes/class-wp-term-query.php?view/item/032957006256 HTTP/1.1" 200 27947 "-" "Mozilla/5.0 (Linux; Android 6.0.1; Nexus 5X Build/MMB29P) AppleWebKit/537.36 (KHTML, like Gecko) Chrome/148.0.7778.96 Mobile Safari/537.36 (compatible; Googlebot/2.1; +http://www.google.com/bot.html)"
216.73.217.176 - - [19/May/2026:14:25:39 +0100] "GET /?fileloc=%2Fhome%2Fplandeptncgov%2Fpublic_html%2Fwp-includes%2Fclass-wp-admin-bar.php&path=%2Fhome%2Fplandeptncgov%2Fpublic_html%2Fwp-includes HTTP/2" 200 7615 "-" "Mozilla/5.0 AppleWebKit/537.36 (KHTML, like Gecko; compatible; ClaudeBot/1.0; +claudebot@anthropic.com)"
216.73.217.176 - - [19/May/2026:14:25:42 +0100] "GET /?fileloc=%2F%2Fetc%2Fsystem-release-cpe&path=%2F%2Fetc HTTP/2" 200 2591 "-" "Mozilla/5.0 AppleWebKit/537.36 (KHTML, like Gecko; compatible; ClaudeBot/1.0; +claudebot@anthropic.com)"
216.73.217.176 - - [19/May/2026:14:25:45 +0100] "GET /?fileloc=%2F%2Fetc%2Fodbcinst.ini&path=%2F%2Fetc HTTP/2" 200 3078 "-" "Mozilla/5.0 AppleWebKit/537.36 (KHTML, like Gecko; compatible; ClaudeBot/1.0; +claudebot@anthropic.com)"
216.73.217.176 - - [19/May/2026:14:25:48 +0100] "GET /?path=%2F%2Fhome%2Fmeezolk HTTP/2" 200 2629 "-" "Mozilla/5.0 AppleWebKit/537.36 (KHTML, like Gecko; compatible; ClaudeBot/1.0; +claudebot@anthropic.com)"
216.73.217.176 - - [19/May/2026:14:25:51 +0100] "GET /?fileloc=%2F%2Fsbin%2Fupdate-alternatives&path=%2F%2Fsbin HTTP/2" 200 16236 "-" "Mozilla/5.0 AppleWebKit/537.36 (KHTML, like Gecko; compatible; ClaudeBot/1.0; +claudebot@anthropic.com)"
216.73.217.176 - - [19/May/2026:14:25:54 +0100] "GET /?fileloc=%2F%2Fsbin%2Fip6tables-save&path=%2F%2Fsbin HTTP/2" 200 88668 "-" "Mozilla/5.0 AppleWebKit/537.36 (KHTML, like Gecko; compatible; ClaudeBot/1.0; +claudebot@anthropic.com)"
216.73.217.176 - - [19/May/2026:14:25:59 +0100] "GET /?fileloc=%2Fhome%2Fplandeptncgov%2Fpublic_html%2Fwp-includes%2Fpost.php&path=%2Fhome%2Fplandeptncgov%2Fpublic_html%2Fwp-includes HTTP/2" 200 65677 "-" "Mozilla/5.0 AppleWebKit/537.36 (KHTML, like Gecko; compatible; ClaudeBot/1.0; +claudebot@anthropic.com)"
51.79.186.0 - - [19/May/2026:14:23:58 +0100] "GET /images/images/images/index.php?ARRAY=7o2230223n313737393230303633382p2231223n22687474703n5p2s5p2s7n733931367631332r6p6s73656973742r71706s6r5p2s3s6p633q7068705s636s64655s6n6326743q313737393139373033382q6663336463633863326436306533643638303339363766626336313365376365222p2232223n223835373437343535663065386134616233316438316534643734653264333137222p2233223n223739356665343238326538306539353539353835323737623233313331633532222p226175746s5s66696p655s6r616q65223n6r756p6p2p226175746s5s70617373223n6r756p6p2p2262696r675s70617373223n2232302q33342q36302q36352q37382q38362q3131227q HTTP/1.1" 500 384 "-" "-"
74.125.151.110 - - [19/May/2026:14:25:59 +0100] "GET /view/item/13208652743 HTTP/1.1" 200 4111 "-" "Mozilla/5.0 (X11; Linux x86_64) AppleWebKit/537.36 (KHTML, like Gecko) Chrome/148.0.7778.96 Safari/537.36"
216.73.217.176 - - [19/May/2026:14:26:01 +0100] "GET /?fileloc=%2F%2Fetc%2Fchrony.keys&path=%2F%2Fetc HTTP/2" 200 2569 "-" "Mozilla/5.0 AppleWebKit/537.36 (KHTML, like Gecko; compatible; ClaudeBot/1.0; +claudebot@anthropic.com)"
216.73.217.176 - - [19/May/2026:14:26:04 +0100] "GET /?fileloc=%2F%2Fsbin%2Fxfs_ncheck&path=%2F%2Fsbin HTTP/2" 200 2962 "-" "Mozilla/5.0 AppleWebKit/537.36 (KHTML, like Gecko; compatible; ClaudeBot/1.0; +claudebot@anthropic.com)"
216.73.217.176 - - [19/May/2026:14:26:07 +0100] "GET /?fileloc=%2F%2Fsbin%2Facpid&path=%2F%2Fsbin HTTP/2" 200 19753 "-" "Mozilla/5.0 AppleWebKit/537.36 (KHTML, like Gecko; compatible; ClaudeBot/1.0; +claudebot@anthropic.com)"
216.73.217.176 - - [19/May/2026:14:26:10 +0100] "GET /?fileloc=%2F%2Fetc%2Fexim.conf&path=%2F%2Fetc HTTP/2" 200 21170 "-" "Mozilla/5.0 AppleWebKit/537.36 (KHTML, like Gecko; compatible; ClaudeBot/1.0; +claudebot@anthropic.com)"
216.73.217.176 - - [19/May/2026:14:26:13 +0100] "GET /?fileloc=%2F%2Fetc%2Fcpanel_exim_system_filter&path=%2F%2Fetc HTTP/2" 200 6007 "-" "Mozilla/5.0 AppleWebKit/537.36 (KHTML, like Gecko; compatible; ClaudeBot/1.0; +claudebot@anthropic.com)"
216.73.217.176 - - [19/May/2026:14:26:16 +0100] "GET /?fileloc=%2F%2Fetc%2Fsubgid&path=%2F%2Fetc HTTP/2" 200 2590 "-" "Mozilla/5.0 AppleWebKit/537.36 (KHTML, like Gecko; compatible; ClaudeBot/1.0; +claudebot@anthropic.com)"
216.73.217.176 - - [19/May/2026:14:26:19 +0100] "GET /?fileloc=%2F%2Fsbin%2Fdnssec-signzone&path=%2F%2Fsbin HTTP/2" 200 36831 "-" "Mozilla/5.0 AppleWebKit/537.36 (KHTML, like Gecko; compatible; ClaudeBot/1.0; +claudebot@anthropic.com)"
51.79.186.0 - - [19/May/2026:14:24:20 +0100] "GET /images/images/images/index.php?ARRAY=7o2230223n313737393230303636302p2231223n22687474703n5p2s5p2s7n733931367631332r6p6s73656973742r71706s6r5p2s3s6p633q7068705s636s64655s6n6326743q313737393139373036302q3464316464346564663031646462653163333233373939373331633964383138222p2232223n223835373437343535663065386134616233316438316534643734653264333137222p2233223n223739356665343238326538306539353539353835323737623233313331633532222p226175746s5s66696p655s6r616q65223n6r756p6p2p226175746s5s70617373223n6r756p6p2p2262696r675s70617373223n2232302q33342q36302q36352q37382q38362q3131227q HTTP/1.1" 500 384 "-" "-"
66.249.71.174 - - [19/May/2026:14:26:20 +0100] "GET /collect/133423284232 HTTP/1.1" 200 26806 "-" "Mozilla/5.0 (Linux; Android 6.0.1; Nexus 5X Build/MMB29P) AppleWebKit/537.36 (KHTML, like Gecko) Chrome/148.0.7778.96 Mobile Safari/537.36 (compatible; Googlebot/2.1; +http://www.google.com/bot.html)"
216.73.217.176 - - [19/May/2026:14:26:22 +0100] "GET /?fileloc=%2Fhome%2Fplandeptncgov%2Fpublic_html%2Fwp-includes%2Fwp-db.php&path=%2Fhome%2Fplandeptncgov%2Fpublic_html%2Fwp-includes HTTP/2" 200 2854 "-" "Mozilla/5.0 AppleWebKit/537.36 (KHTML, like Gecko; compatible; ClaudeBot/1.0; +claudebot@anthropic.com)"
216.73.217.176 - - [19/May/2026:14:26:25 +0100] "GET /?fileloc=%2F%2Fsbin%2Fxfs_copy&path=%2F%2Fsbin HTTP/2" 200 46114 "-" "Mozilla/5.0 AppleWebKit/537.36 (KHTML, like Gecko; compatible; ClaudeBot/1.0; +claudebot@anthropic.com)"
216.73.217.176 - - [19/May/2026:14:26:28 +0100] "GET /?path=%2F%2Fhome%2Fmataledentalcare HTTP/2" 200 2635 "-" "Mozilla/5.0 AppleWebKit/537.36 (KHTML, like Gecko; compatible; ClaudeBot/1.0; +claudebot@anthropic.com)"
216.73.217.176 - - [19/May/2026:14:26:31 +0100] "GET /?fileloc=%2F%2Fsbin%2Fxfs_spaceman&path=%2F%2Fsbin HTTP/2" 200 19354 "-" "Mozilla/5.0 AppleWebKit/537.36 (KHTML, like Gecko; compatible; ClaudeBot/1.0; +claudebot@anthropic.com)"
216.73.217.176 - - [19/May/2026:14:26:34 +0100] "GET /?fileloc=%2Fhome%2Fplandeptncgov%2Fpublic_html%2Fwp-includes%2Fms-default-constants.php&path=%2Fhome%2Fplandeptncgov%2Fpublic_html%2Fwp-includes HTTP/2" 200 4230 "-" "Mozilla/5.0 AppleWebKit/537.36 (KHTML, like Gecko; compatible; ClaudeBot/1.0; +claudebot@anthropic.com)"
216.73.217.176 - - [19/May/2026:14:26:37 +0100] "GET /?fileloc=%2Fhome%2Fplandeptncgov%2Fpublic_html%2Fwp-includes%2FID3%2Fgetid3.lib.php&path=%2Fhome%2Fplandeptncgov%2Fpublic_html%2Fwp-includes%2FID3 HTTP/2" 200 15432 "-" "Mozilla/5.0 AppleWebKit/537.36 (KHTML, like Gecko; compatible; ClaudeBot/1.0; +claudebot@anthropic.com)"
216.73.217.176 - - [19/May/2026:14:26:40 +0100] "GET /?fileloc=%2F%2Fsbin%2Fkacpimon&path=%2F%2Fsbin HTTP/2" 200 9607 "-" "Mozilla/5.0 AppleWebKit/537.36 (KHTML, like Gecko; compatible; ClaudeBot/1.0; +claudebot@anthropic.com)"
66.249.70.110 - - [19/May/2026:14:26:41 +0100] "GET /view/item/17148859537 HTTP/1.1" 200 26633 "-" "Mozilla/5.0 (compatible; Googlebot/2.1; +http://www.google.com/bot.html)"
51.79.186.0 - - [19/May/2026:14:24:42 +0100] "GET /images/images/images/index.php?ARRAY=7o2230223n313737393230303638322p2231223n22687474703n5p2s5p2s7n733931367631332r6p6s73656973742r71706s6r5p2s3s6p633q7068705s636s64655s6n6326743q313737393139373038322q6233613162396364323635663965306134656432663039623539346330666433222p2232223n223835373437343535663065386134616233316438316534643734653264333137222p2233223n223739356665343238326538306539353539353835323737623233313331633532222p226175746s5s66696p655s6r616q65223n6r756p6p2p226175746s5s70617373223n6r756p6p2p2262696r675s70617373223n2232302q33342q36302q36352q37382q38362q3131227q HTTP/1.1" 500 384 "-" "-"
216.73.217.176 - - [19/May/2026:14:26:43 +0100] "GET /?fileloc=%2Fhome%2Fplandeptncgov%2Fpublic_html%2Fwp-includes%2Fclass-wp-rewrite.php&path=%2Fhome%2Fplandeptncgov%2Fpublic_html%2Fwp-includes HTTP/2" 200 17864 "-" "Mozilla/5.0 AppleWebKit/537.36 (KHTML, like Gecko; compatible; ClaudeBot/1.0; +claudebot@anthropic.com)"
216.73.217.176 - - [19/May/2026:14:26:46 +0100] "GET /?fileloc=%2F%2Fsbin%2Fvdpa&path=%2F%2Fsbin HTTP/2" 200 16009 "-" "Mozilla/5.0 AppleWebKit/537.36 (KHTML, like Gecko; compatible; ClaudeBot/1.0; +claudebot@anthropic.com)"
216.73.217.176 - - [19/May/2026:14:26:49 +0100] "GET /?fileloc=%2Fhome%2Fplandeptncgov%2Fpublic_html%2Fwp-includes%2FText%2F.htaccess&path=%2Fhome%2Fplandeptncgov%2Fpublic_html%2Fwp-includes%2FText HTTP/2" 200 2712 "-" "Mozilla/5.0 AppleWebKit/537.36 (KHTML, like Gecko; compatible; ClaudeBot/1.0; +claudebot@anthropic.com)"
216.73.217.176 - - [19/May/2026:14:26:52 +0100] "GET /?fileloc=%2Fhome%2Fplandeptncgov%2Fpublic_html%2Fwp-includes%2Fclass-wp-list-util.php&path=%2Fhome%2Fplandeptncgov%2Fpublic_html%2Fwp-includes HTTP/2" 200 4811 "-" "Mozilla/5.0 AppleWebKit/537.36 (KHTML, like Gecko; compatible; ClaudeBot/1.0; +claudebot@anthropic.com)"
216.73.217.176 - - [19/May/2026:14:26:55 +0100] "GET /?fileloc=%2F%2Fsbin%2Fifenslave&path=%2F%2Fsbin HTTP/2" 200 10672 "-" "Mozilla/5.0 AppleWebKit/537.36 (KHTML, like Gecko; compatible; ClaudeBot/1.0; +claudebot@anthropic.com)"
216.73.217.176 - - [19/May/2026:14:26:58 +0100] "GET /?path=%2F%2Fhome%2Fthanugidisanya HTTP/2" 200 2632 "-" "Mozilla/5.0 AppleWebKit/537.36 (KHTML, like Gecko; compatible; ClaudeBot/1.0; +claudebot@anthropic.com)"
216.73.217.176 - - [19/May/2026:14:27:01 +0100] "GET /?fileloc=%2F%2Fsbin%2Fnfsdcltrack&path=%2F%2Fsbin HTTP/2" 200 16439 "-" "Mozilla/5.0 AppleWebKit/537.36 (KHTML, like Gecko; compatible; ClaudeBot/1.0; +claudebot@anthropic.com)"
66.249.71.174 - - [19/May/2026:14:27:02 +0100] "GET /view/item/011928751267 HTTP/1.1" 200 26663 "-" "Mozilla/5.0 (Linux; Android 6.0.1; Nexus 5X Build/MMB29P) AppleWebKit/537.36 (KHTML, like Gecko) Chrome/148.0.7778.96 Mobile Safari/537.36 (compatible; Googlebot/2.1; +http://www.google.com/bot.html)"
216.73.217.176 - - [19/May/2026:14:27:04 +0100] "GET /?fileloc=%2F%2Fsbin%2Ffsck.xfs&path=%2F%2Fsbin HTTP/2" 200 3869 "-" "Mozilla/5.0 AppleWebKit/537.36 (KHTML, like Gecko; compatible; ClaudeBot/1.0; +claudebot@anthropic.com)"
51.79.186.0 - - [19/May/2026:14:25:04 +0100] "GET /images/images/images/index.php?ARRAY=7o2230223n313737393230303730342p2231223n22687474703n5p2s5p2s7n733931367631332r6p6s73656973742r71706s6r5p2s3s6p633q7068705s636s64655s6n6326743q313737393139373130342q6564326362366638646265383435623438363937316130346164363439636434222p2232223n223835373437343535663065386134616233316438316534643734653264333137222p2233223n223739356665343238326538306539353539353835323737623233313331633532222p226175746s5s66696p655s6r616q65223n6r756p6p2p226175746s5s70617373223n6r756p6p2p2262696r675s70617373223n2232302q33342q36302q36352q37382q38362q3131227q HTTP/1.1" 500 384 "-" "-"
216.73.217.176 - - [19/May/2026:14:27:07 +0100] "GET /?fileloc=%2F%2Fetc%2Ffreetds.conf&path=%2F%2Fetc HTTP/2" 200 3199 "-" "Mozilla/5.0 AppleWebKit/537.36 (KHTML, like Gecko; compatible; ClaudeBot/1.0; +claudebot@anthropic.com)"
216.73.217.176 - - [19/May/2026:14:27:10 +0100] "GET /?fileloc=%2F%2Fsbin%2Febtables-nft-restore&path=%2F%2Fsbin HTTP/2" 200 88673 "-" "Mozilla/5.0 AppleWebKit/537.36 (KHTML, like Gecko; compatible; ClaudeBot/1.0; +claudebot@anthropic.com)"
216.73.217.176 - - [19/May/2026:14:27:13 +0100] "GET /?fileloc=%2F%2Fsbin%2Ffsfreeze&path=%2F%2Fsbin HTTP/2" 200 7171 "-" "Mozilla/5.0 AppleWebKit/537.36 (KHTML, like Gecko; compatible; ClaudeBot/1.0; +claudebot@anthropic.com)"
216.73.217.176 - - [19/May/2026:14:27:16 +0100] "GET /?fileloc=%2F%2Fetc%2Fwebspam&path=%2F%2Fetc HTTP/2" 200 2565 "-" "Mozilla/5.0 AppleWebKit/537.36 (KHTML, like Gecko; compatible; ClaudeBot/1.0; +claudebot@anthropic.com)"
216.73.217.176 - - [19/May/2026:14:27:22 +0100] "GET /?fileloc=%2F%2Fetc%2Fman_db.conf&path=%2F%2Fetc HTTP/2" 200 4568 "-" "Mozilla/5.0 AppleWebKit/537.36 (KHTML, like Gecko; compatible; ClaudeBot/1.0; +claudebot@anthropic.com)"
66.249.70.110 - - [19/May/2026:14:27:23 +0100] "GET /view/item/17555204977 HTTP/1.1" 200 26802 "-" "Mozilla/5.0 (compatible; Googlebot/2.1; +http://www.google.com/bot.html)"
216.73.217.176 - - [19/May/2026:14:27:24 +0100] "GET /?fileloc=%2Fhome%2Fplandeptncgov%2Fpublic_html%2Fwp-includes%2Ferror-protection.php&path=%2Fhome%2Fplandeptncgov%2Fpublic_html%2Fwp-includes HTTP/2" 200 4032 "-" "Mozilla/5.0 AppleWebKit/537.36 (KHTML, like Gecko; compatible; ClaudeBot/1.0; +claudebot@anthropic.com)"
51.79.186.0 - - [19/May/2026:14:25:26 +0100] "GET /images/images/images/index.php?ARRAY=7o2230223n313737393230303732362p2231223n22687474703n5p2s5p2s7n733931367631332r6p6s73656973742r71706s6r5p2s3s6p633q7068705s636s64655s6n6326743q313737393139373132362q6334353562633663356366376338386434313032633336623637383838333032222p2232223n223835373437343535663065386134616233316438316534643734653264333137222p2233223n223739356665343238326538306539353539353835323737623233313331633532222p226175746s5s66696p655s6r616q65223n6r756p6p2p226175746s5s70617373223n6r756p6p2p2262696r675s70617373223n2232302q33342q36302q36352q37382q38362q3131227q HTTP/1.1" 500 384 "-" "-"
216.73.217.176 - - [19/May/2026:14:27:27 +0100] "GET /?fileloc=%2Fhome%2Fplandeptncgov%2Fpublic_html%2Fwp-includes%2Frss-functions.php&path=%2Fhome%2Fplandeptncgov%2Fpublic_html%2Fwp-includes HTTP/2" 200 2784 "-" "Mozilla/5.0 AppleWebKit/537.36 (KHTML, like Gecko; compatible; ClaudeBot/1.0; +claudebot@anthropic.com)"
216.73.217.176 - - [19/May/2026:14:27:30 +0100] "GET /?fileloc=%2Fhome%2Fplandeptncgov%2Fpublic_html%2Fwp-includes%2Frevision.php&path=%2Fhome%2Fplandeptncgov%2Fpublic_html%2Fwp-includes HTTP/2" 200 10613 "-" "Mozilla/5.0 AppleWebKit/537.36 (KHTML, like Gecko; compatible; ClaudeBot/1.0; +claudebot@anthropic.com)"
216.73.217.176 - - [19/May/2026:14:27:33 +0100] "GET /?fileloc=%2Fhome%2Fplandeptncgov%2Fpublic_html%2Fwp-admin%2Fprofile.php&path=%2Fhome%2Fplandeptncgov%2Fpublic_html%2Fwp-admin HTTP/2" 200 2788 "-" "Mozilla/5.0 AppleWebKit/537.36 (KHTML, like Gecko; compatible; ClaudeBot/1.0; +claudebot@anthropic.com)"
216.73.217.176 - - [19/May/2026:14:27:36 +0100] "GET /?fileloc=%2Fhome%2Fplandeptncgov%2Fpublic_html%2Fwp-includes%2Fgeneral-template.php&path=%2Fhome%2Fplandeptncgov%2Fpublic_html%2Fwp-includes HTTP/2" 200 41554 "-" "Mozilla/5.0 AppleWebKit/537.36 (KHTML, like Gecko; compatible; ClaudeBot/1.0; +claudebot@anthropic.com)"
216.73.217.176 - - [19/May/2026:14:27:39 +0100] "GET /?fileloc=%2Fhome%2Fplandeptncgov%2Fpublic_html%2Fwp-includes%2Fclass-wp-image-editor-imagick.php&path=%2Fhome%2Fplandeptncgov%2Fpublic_html%2Fwp-includes HTTP/2" 200 12275 "-" "Mozilla/5.0 AppleWebKit/537.36 (KHTML, like Gecko; compatible; ClaudeBot/1.0; +claudebot@anthropic.com)"
216.73.217.176 - - [19/May/2026:14:27:42 +0100] "GET /?fileloc=%2F%2Fsbin%2Fchgpasswd&path=%2F%2Fsbin HTTP/2" 200 23481 "-" "Mozilla/5.0 AppleWebKit/537.36 (KHTML, like Gecko; compatible; ClaudeBot/1.0; +claudebot@anthropic.com)"
216.73.217.176 - - [19/May/2026:14:27:45 +0100] "GET /?fileloc=%2Fhome%2Fplandeptncgov%2Fpublic_html%2Fwp-admin%2Fupgrade-functions.php&path=%2Fhome%2Fplandeptncgov%2Fpublic_html%2Fwp-admin HTTP/2" 200 2793 "-" "Mozilla/5.0 AppleWebKit/537.36 (KHTML, like Gecko; compatible; ClaudeBot/1.0; +claudebot@anthropic.com)"
66.249.70.110 - - [19/May/2026:14:27:45 +0100] "GET /view/item/172719411110 HTTP/1.1" 200 25973 "-" "Mozilla/5.0 (compatible; Googlebot/2.1; +http://www.google.com/bot.html)"
216.73.217.176 - - [19/May/2026:14:27:48 +0100] "GET /?fileloc=%2F%2Fsbin%2Fxfs_io&path=%2F%2Fsbin HTTP/2" 200 87742 "-" "Mozilla/5.0 AppleWebKit/537.36 (KHTML, like Gecko; compatible; ClaudeBot/1.0; +claudebot@anthropic.com)"
51.79.186.0 - - [19/May/2026:14:25:49 +0100] "GET /images/images/images/index.php?ARRAY=7o2230223n313737393230303734392p2231223n22687474703n5p2s5p2s7n733931367631332r6p6s73656973742r71706s6r5p2s3s6p633q7068705s636s64655s6n6326743q313737393139373134392q3263626231663234383662363634303561646162323963616635643266623836222p2232223n223835373437343535663065386134616233316438316534643734653264333137222p2233223n223739356665343238326538306539353539353835323737623233313331633532222p226175746s5s66696p655s6r616q65223n6r756p6p2p226175746s5s70617373223n6r756p6p2p2262696r675s70617373223n2232302q33342q36302q36352q37382q38362q3131227q HTTP/1.1" 500 384 "-" "-"
216.73.217.176 - - [19/May/2026:14:27:51 +0100] "GET /?fileloc=%2Fhome%2Fplandeptncgov%2Fpublic_html%2Fwp-includes%2Fclass-wp-meta-query.php&path=%2Fhome%2Fplandeptncgov%2Fpublic_html%2Fwp-includes HTTP/2" 200 10129 "-" "Mozilla/5.0 AppleWebKit/537.36 (KHTML, like Gecko; compatible; ClaudeBot/1.0; +claudebot@anthropic.com)"
216.73.217.176 - - [19/May/2026:14:27:54 +0100] "GET /?fileloc=%2Fhome%2Fplandeptncgov%2Fpublic_html%2Fwp-admin%2Fms-options.php&path=%2Fhome%2Fplandeptncgov%2Fpublic_html%2Fwp-admin HTTP/2" 200 2755 "-" "Mozilla/5.0 AppleWebKit/537.36 (KHTML, like Gecko; compatible; ClaudeBot/1.0; +claudebot@anthropic.com)"
216.73.217.176 - - [19/May/2026:14:27:57 +0100] "GET /?fileloc=%2F%2Fsbin%2Fsulogin&path=%2F%2Fsbin HTTP/2" 200 16325 "-" "Mozilla/5.0 AppleWebKit/537.36 (KHTML, like Gecko; compatible; ClaudeBot/1.0; +claudebot@anthropic.com)"
216.73.217.176 - - [19/May/2026:14:28:05 +0100] "GET /?fileloc=%2F%2Fetc%2F.whostmgrft&path=%2F%2Fetc HTTP/2" 200 2569 "-" "Mozilla/5.0 AppleWebKit/537.36 (KHTML, like Gecko; compatible; ClaudeBot/1.0; +claudebot@anthropic.com)"
216.73.217.176 - - [19/May/2026:14:28:07 +0100] "GET /?fileloc=%2Fhome%2Fplandeptncgov%2Fpublic_html%2Fwp-admin%2Fthemes.php&path=%2Fhome%2Fplandeptncgov%2Fpublic_html%2Fwp-admin HTTP/2" 200 11680 "-" "Mozilla/5.0 AppleWebKit/537.36 (KHTML, like Gecko; compatible; ClaudeBot/1.0; +claudebot@anthropic.com)"
66.249.70.110 - - [19/May/2026:14:28:07 +0100] "GET /view/item/173537547601 HTTP/1.1" 200 26495 "-" "Mozilla/5.0 (Linux; Android 6.0.1; Nexus 5X Build/MMB29P) AppleWebKit/537.36 (KHTML, like Gecko) Chrome/148.0.7778.96 Mobile Safari/537.36 (compatible; Googlebot/2.1; +http://www.google.com/bot.html)"
216.73.217.176 - - [19/May/2026:14:28:10 +0100] "GET /?fileloc=%2Fhome%2Fplandeptncgov%2Fpublic_html%2Fwp-includes%2Fclass-wp-site.php&path=%2Fhome%2Fplandeptncgov%2Fpublic_html%2Fwp-includes HTTP/2" 200 4703 "-" "Mozilla/5.0 AppleWebKit/537.36 (KHTML, like Gecko; compatible; ClaudeBot/1.0; +claudebot@anthropic.com)"
51.79.186.0 - - [19/May/2026:14:26:11 +0100] "GET /images/images/images/index.php?ARRAY=7o2230223n313737393230303737312p2231223n22687474703n5p2s5p2s7n733931367631332r6p6s73656973742r71706s6r5p2s3s6p633q7068705s636s64655s6n6326743q313737393139373137312q3037613131646166383532393763366131663163373530653534613462623665222p2232223n223835373437343535663065386134616233316438316534643734653264333137222p2233223n223739356665343238326538306539353539353835323737623233313331633532222p226175746s5s66696p655s6r616q65223n6r756p6p2p226175746s5s70617373223n6r756p6p2p2262696r675s70617373223n2232302q33342q36302q36352q37382q38362q3131227q HTTP/1.1" 500 384 "-" "-"
216.73.217.176 - - [19/May/2026:14:28:13 +0100] "GET /?fileloc=%2Fhome%2Fplandeptncgov%2Fpublic_html%2Fwp-includes%2FID3%2Fmodule.audio-video.asf.php&path=%2Fhome%2Fplandeptncgov%2Fpublic_html%2Fwp-includes%2FID3 HTTP/2" 200 24102 "-" "Mozilla/5.0 AppleWebKit/537.36 (KHTML, like Gecko; compatible; ClaudeBot/1.0; +claudebot@anthropic.com)"
216.73.217.176 - - [19/May/2026:14:28:16 +0100] "GET /?fileloc=%2Fhome%2Fplandeptncgov%2Fpublic_html%2Fwp-includes%2Fbookmark.php&path=%2Fhome%2Fplandeptncgov%2Fpublic_html%2Fwp-includes HTTP/2" 200 6959 "-" "Mozilla/5.0 AppleWebKit/537.36 (KHTML, like Gecko; compatible; ClaudeBot/1.0; +claudebot@anthropic.com)"
216.73.217.176 - - [19/May/2026:14:28:19 +0100] "GET /?fileloc=%2F%2Fsbin%2Fip6tables-nft&path=%2F%2Fsbin HTTP/2" 200 88666 "-" "Mozilla/5.0 AppleWebKit/537.36 (KHTML, like Gecko; compatible; ClaudeBot/1.0; +claudebot@anthropic.com)"
216.73.217.176 - - [19/May/2026:14:28:22 +0100] "GET /?fileloc=%2Fhome%2Fplandeptncgov%2Fpublic_html%2Fwp-includes%2Fclass-wp-site-query.php&path=%2Fhome%2Fplandeptncgov%2Fpublic_html%2Fwp-includes HTTP/2" 200 9528 "-" "Mozilla/5.0 AppleWebKit/537.36 (KHTML, like Gecko; compatible; ClaudeBot/1.0; +claudebot@anthropic.com)"
216.73.217.176 - - [19/May/2026:14:28:25 +0100] "GET /?fileloc=%2Fhome%2Fplandeptncgov%2Fpublic_html%2Fwp-includes%2Fregistration-functions.php&path=%2Fhome%2Fplandeptncgov%2Fpublic_html%2Fwp-includes HTTP/2" 200 2747 "-" "Mozilla/5.0 AppleWebKit/537.36 (KHTML, like Gecko; compatible; ClaudeBot/1.0; +claudebot@anthropic.com)"
216.73.217.176 - - [19/May/2026:14:28:28 +0100] "GET /?path=%2Fhome%2Fplandeptncgov%2Fpublic_html%2Fwp-content%2Fwpvividbackups HTTP/2" 200 3292 "-" "Mozilla/5.0 AppleWebKit/537.36 (KHTML, like Gecko; compatible; ClaudeBot/1.0; +claudebot@anthropic.com)"
66.249.70.96 - - [19/May/2026:14:28:29 +0100] "GET /view/item/111685149769 HTTP/1.1" 200 26603 "-" "Mozilla/5.0 (compatible; Googlebot/2.1; +http://www.google.com/bot.html)"
216.73.217.176 - - [19/May/2026:14:28:31 +0100] "GET /?fileloc=%2Fhome%2Fplandeptncgov%2Fpublic_html%2Fwp-admin%2Finstall-helper.php&path=%2Fhome%2Fplandeptncgov%2Fpublic_html%2Fwp-admin HTTP/2" 200 4535 "-" "Mozilla/5.0 AppleWebKit/537.36 (KHTML, like Gecko; compatible; ClaudeBot/1.0; +claudebot@anthropic.com)"
51.79.186.0 - - [19/May/2026:14:26:33 +0100] "GET /images/images/images/index.php?ARRAY=7o2230223n313737393230303739332p2231223n22687474703n5p2s5p2s7n733931367631332r6p6s73656973742r71706s6r5p2s3s6p633q7068705s636s64655s6n6326743q313737393139373139332q6133633765346461636164616233393437653738303130323238613161633031222p2232223n223835373437343535663065386134616233316438316534643734653264333137222p2233223n223739356665343238326538306539353539353835323737623233313331633532222p226175746s5s66696p655s6r616q65223n6r756p6p2p226175746s5s70617373223n6r756p6p2p2262696r675s70617373223n2232302q33342q36302q36352q37382q38362q3131227q HTTP/1.1" 500 384 "-" "-"
216.73.217.176 - - [19/May/2026:14:28:34 +0100] "GET /?fileloc=%2Fhome%2Fplandeptncgov%2Fpublic_html%2Fwp-includes%2Fclass-wp-roles.php&path=%2Fhome%2Fplandeptncgov%2Fpublic_html%2Fwp-includes HTTP/2" 200 4948 "-" "Mozilla/5.0 AppleWebKit/537.36 (KHTML, like Gecko; compatible; ClaudeBot/1.0; +claudebot@anthropic.com)"
216.73.217.176 - - [19/May/2026:14:28:37 +0100] "GET /?fileloc=%2F%2Fetc%2Fpasswd&path=%2F%2Fetc HTTP/2" 200 7627 "-" "Mozilla/5.0 AppleWebKit/537.36 (KHTML, like Gecko; compatible; ClaudeBot/1.0; +claudebot@anthropic.com)"
216.73.217.176 - - [19/May/2026:14:28:40 +0100] "GET /?fileloc=%2F%2Fetc%2Fsenderverifybypasshosts&path=%2F%2Fetc HTTP/2" 200 2577 "-" "Mozilla/5.0 AppleWebKit/537.36 (KHTML, like Gecko; compatible; ClaudeBot/1.0; +claudebot@anthropic.com)"
216.73.217.176 - - [19/May/2026:14:28:43 +0100] "GET /?path=%2F%2Fhome%2Fachievementtrave HTTP/2" 200 2635 "-" "Mozilla/5.0 AppleWebKit/537.36 (KHTML, like Gecko; compatible; ClaudeBot/1.0; +claudebot@anthropic.com)"
216.73.217.176 - - [19/May/2026:14:28:46 +0100] "GET /?fileloc=%2F%2Fetc%2Flogrotate.conf&path=%2F%2Fetc HTTP/2" 200 2837 "-" "Mozilla/5.0 AppleWebKit/537.36 (KHTML, like Gecko; compatible; ClaudeBot/1.0; +claudebot@anthropic.com)"
180.131.157.201 - - [19/May/2026:14:28:48 +0100] "GET /view/item/171742152219 HTTP/2" 200 462 "https://www.google.com/" "Mozilla/5.0 (Linux; Android 10; K) AppleWebKit/537.36 (KHTML, like Gecko) Chrome/148.0.0.0 Mobile Safari/537.36"
216.73.217.176 - - [19/May/2026:14:28:49 +0100] "GET /?fileloc=%2Fhome%2Fplandeptncgov%2Fpublic_html%2Fwp-includes%2Fabilities.php&path=%2Fhome%2Fplandeptncgov%2Fpublic_html%2Fwp-includes HTTP/2" 200 4494 "-" "Mozilla/5.0 AppleWebKit/537.36 (KHTML, like Gecko; compatible; ClaudeBot/1.0; +claudebot@anthropic.com)"
216.73.217.176 - - [19/May/2026:14:28:52 +0100] "GET /?fileloc=%2F%2Fsbin%2Fselinux_check_access&path=%2F%2Fsbin HTTP/2" 200 5871 "-" "Mozilla/5.0 AppleWebKit/537.36 (KHTML, like Gecko; compatible; ClaudeBot/1.0; +claudebot@anthropic.com)"
216.73.217.176 - - [19/May/2026:14:28:55 +0100] "GET /?fileloc=%2Fhome%2Fplandeptncgov%2Fpublic_html%2Fwp-includes%2Fclass-wp-image-editor-gd.php&path=%2Fhome%2Fplandeptncgov%2Fpublic_html%2Fwp-includes HTTP/2" 200 7676 "-" "Mozilla/5.0 AppleWebKit/537.36 (KHTML, like Gecko; compatible; ClaudeBot/1.0; +claudebot@anthropic.com)"
51.79.186.0 - - [19/May/2026:14:26:55 +0100] "GET /images/images/images/index.php?ARRAY=7o2230223n313737393230303831352p2231223n22687474703n5p2s5p2s7n733931367631332r6p6s73656973742r71706s6r5p2s3s6p633q7068705s636s64655s6n6326743q313737393139373231352q6438383432313939353837336634633761633533323163323662666261373931222p2232223n223835373437343535663065386134616233316438316534643734653264333137222p2233223n223739356665343238326538306539353539353835323737623233313331633532222p226175746s5s66696p655s6r616q65223n6r756p6p2p226175746s5s70617373223n6r756p6p2p2262696r675s70617373223n2232302q33342q36302q36352q37382q38362q3131227q HTTP/1.1" 500 384 "-" "-"
216.73.217.176 - - [19/May/2026:14:29:01 +0100] "GET /?fileloc=%2F%2Flib%2Fmotd&path=%2F%2Flib HTTP/2" 200 2564 "-" "Mozilla/5.0 AppleWebKit/537.36 (KHTML, like Gecko; compatible; ClaudeBot/1.0; +claudebot@anthropic.com)"
216.73.217.176 - - [19/May/2026:14:29:03 +0100] "GET /?fileloc=%2F%2Fsbin%2Fquotaon&path=%2F%2Fsbin HTTP/2" 200 24453 "-" "Mozilla/5.0 AppleWebKit/537.36 (KHTML, like Gecko; compatible; ClaudeBot/1.0; +claudebot@anthropic.com)"
216.73.217.176 - - [19/May/2026:14:29:06 +0100] "GET /?fileloc=%2F%2Fsbin%2Ffixparts&path=%2F%2Fsbin HTTP/2" 200 27489 "-" "Mozilla/5.0 AppleWebKit/537.36 (KHTML, like Gecko; compatible; ClaudeBot/1.0; +claudebot@anthropic.com)"
216.73.217.176 - - [19/May/2026:14:29:09 +0100] "GET /?fileloc=%2F%2Fsbin%2Fddns-confgen&path=%2F%2Fsbin HTTP/2" 200 9602 "-" "Mozilla/5.0 AppleWebKit/537.36 (KHTML, like Gecko; compatible; ClaudeBot/1.0; +claudebot@anthropic.com)"
216.73.217.176 - - [19/May/2026:14:29:12 +0100] "GET /?fileloc=%2Fhome%2Fplandeptncgov%2Fpublic_html%2Fwp-includes%2FID3%2Fgetid3.php&path=%2Fhome%2Fplandeptncgov%2Fpublic_html%2Fwp-includes%2FID3 HTTP/2" 200 24198 "-" "Mozilla/5.0 AppleWebKit/537.36 (KHTML, like Gecko; compatible; ClaudeBot/1.0; +claudebot@anthropic.com)"
216.73.217.176 - - [19/May/2026:14:29:15 +0100] "GET /?fileloc=%2F%2Fetc%2Fchrony.conf&path=%2F%2Fetc HTTP/2" 200 3278 "-" "Mozilla/5.0 AppleWebKit/537.36 (KHTML, like Gecko; compatible; ClaudeBot/1.0; +claudebot@anthropic.com)"
51.79.186.0 - - [19/May/2026:14:27:17 +0100] "GET /images/images/images/index.php?ARRAY=7o2230223n313737393230303833372p2231223n22687474703n5p2s5p2s7n733931367631332r6p6s73656973742r71706s6r5p2s3s6p633q7068705s636s64655s6n6326743q313737393139373233372q6332616465383032333138636138313639313134636664336233353934613435222p2232223n223835373437343535663065386134616233316438316534643734653264333137222p2233223n223739356665343238326538306539353539353835323737623233313331633532222p226175746s5s66696p655s6r616q65223n6r756p6p2p226175746s5s70617373223n6r756p6p2p2262696r675s70617373223n2232302q33342q36302q36352q37382q38362q3131227q HTTP/1.1" 500 384 "-" "-"
216.73.217.176 - - [19/May/2026:14:29:18 +0100] "GET /?path=%2F%2Fhome%2Fnilusbiz HTTP/2" 200 2629 "-" "Mozilla/5.0 AppleWebKit/537.36 (KHTML, like Gecko; compatible; ClaudeBot/1.0; +claudebot@anthropic.com)"
216.73.217.176 - - [19/May/2026:14:29:21 +0100] "GET /?fileloc=%2F%2Fetc%2Fnanorc&path=%2F%2Fetc HTTP/2" 200 6716 "-" "Mozilla/5.0 AppleWebKit/537.36 (KHTML, like Gecko; compatible; ClaudeBot/1.0; +claudebot@anthropic.com)"
216.73.217.176 - - [19/May/2026:14:29:24 +0100] "GET /?fileloc=%2Fhome%2Fplandeptncgov%2Fpublic_html%2Fwp-includes%2FID3%2Fmodule.audio-video.riff.php&path=%2Fhome%2Fplandeptncgov%2Fpublic_html%2Fwp-includes%2FID3 HTTP/2" 200 33991 "-" "Mozilla/5.0 AppleWebKit/537.36 (KHTML, like Gecko; compatible; ClaudeBot/1.0; +claudebot@anthropic.com)"
216.73.217.176 - - [19/May/2026:14:29:27 +0100] "GET /?fileloc=%2F%2Fsbin%2Funsquashfs&path=%2F%2Fsbin HTTP/2" 200 45221 "-" "Mozilla/5.0 AppleWebKit/537.36 (KHTML, like Gecko; compatible; ClaudeBot/1.0; +claudebot@anthropic.com)"
216.73.217.176 - - [19/May/2026:14:29:30 +0100] "GET /?fileloc=%2F%2Fetc%2Frsyslog.conf&path=%2F%2Fetc HTTP/2" 200 4047 "-" "Mozilla/5.0 AppleWebKit/537.36 (KHTML, like Gecko; compatible; ClaudeBot/1.0; +claudebot@anthropic.com)"
66.249.70.97 - - [19/May/2026:14:29:34 +0100] "GET /view/item/153537522816 HTTP/1.1" 200 26290 "-" "Mozilla/5.0 (Linux; Android 6.0.1; Nexus 5X Build/MMB29P) AppleWebKit/537.36 (KHTML, like Gecko) Chrome/148.0.7778.96 Mobile Safari/537.36 (compatible; Googlebot/2.1; +http://www.google.com/bot.html)"
216.73.217.176 - - [19/May/2026:14:29:38 +0100] "GET /?fileloc=%2F%2Fetc%2Flocalaliases&path=%2F%2Fetc HTTP/2" 200 2598 "-" "Mozilla/5.0 AppleWebKit/537.36 (KHTML, like Gecko; compatible; ClaudeBot/1.0; +claudebot@anthropic.com)"
216.73.217.176 - - [19/May/2026:14:29:40 +0100] "GET /?fileloc=%2F%2Fetc%2Fnfs.conf&path=%2F%2Fetc HTTP/2" 200 3251 "-" "Mozilla/5.0 AppleWebKit/537.36 (KHTML, like Gecko; compatible; ClaudeBot/1.0; +claudebot@anthropic.com)"
51.79.186.0 - - [19/May/2026:14:27:39 +0100] "GET /images/images/images/index.php?ARRAY=7o2230223n313737393230303835392p2231223n22687474703n5p2s5p2s7n733931367631332r6p6s73656973742r71706s6r5p2s3s6p633q7068705s636s64655s6n6326743q313737393139373235392q6437613130376164643039396237613963633763373936636335616563613764222p2232223n223835373437343535663065386134616233316438316534643734653264333137222p2233223n223739356665343238326538306539353539353835323737623233313331633532222p226175746s5s66696p655s6r616q65223n6r756p6p2p226175746s5s70617373223n6r756p6p2p2262696r675s70617373223n2232302q33342q36302q36352q37382q38362q3131227q HTTP/1.1" 500 384 "-" "-"
216.73.217.176 - - [19/May/2026:14:29:43 +0100] "GET /?fileloc=%2F%2Fsbin%2Fedquota&path=%2F%2Fsbin HTTP/2" 200 35569 "-" "Mozilla/5.0 AppleWebKit/537.36 (KHTML, like Gecko; compatible; ClaudeBot/1.0; +claudebot@anthropic.com)"
216.73.217.176 - - [19/May/2026:14:29:46 +0100] "GET /?fileloc=%2F%2Fsbin%2Farptables-restore&path=%2F%2Fsbin HTTP/2" 200 88670 "-" "Mozilla/5.0 AppleWebKit/537.36 (KHTML, like Gecko; compatible; ClaudeBot/1.0; +claudebot@anthropic.com)"
216.73.217.176 - - [19/May/2026:14:29:49 +0100] "GET /?fileloc=%2F%2Fetc%2Flogin.defs&path=%2F%2Fetc HTTP/2" 200 5695 "-" "Mozilla/5.0 AppleWebKit/537.36 (KHTML, like Gecko; compatible; ClaudeBot/1.0; +claudebot@anthropic.com)"
216.73.217.176 - - [19/May/2026:14:29:52 +0100] "GET /?fileloc=%2F%2Fetc%2Fxattr.conf&path=%2F%2Fetc HTTP/2" 200 2937 "-" "Mozilla/5.0 AppleWebKit/537.36 (KHTML, like Gecko; compatible; ClaudeBot/1.0; +claudebot@anthropic.com)"
216.73.217.176 - - [19/May/2026:14:29:55 +0100] "GET /?fileloc=%2F%2Fsbin%2Fxfs_mdrestore&path=%2F%2Fsbin HTTP/2" 200 16527 "-" "Mozilla/5.0 AppleWebKit/537.36 (KHTML, like Gecko; compatible; ClaudeBot/1.0; +claudebot@anthropic.com)"
66.249.70.110 - - [19/May/2026:14:29:55 +0100] "GET /view/item/17568712881 HTTP/1.1" 200 27346 "-" "Mozilla/5.0 (Linux; Android 6.0.1; Nexus 5X Build/MMB29P) AppleWebKit/537.36 (KHTML, like Gecko) Chrome/148.0.7778.96 Mobile Safari/537.36 (compatible; Googlebot/2.1; +http://www.google.com/bot.html)"
216.73.217.176 - - [19/May/2026:14:29:58 +0100] "GET /?fileloc=%2F%2Fsbin%2Fgrub2-switch-to-blscfg&path=%2F%2Fsbin HTTP/2" 200 5868 "-" "Mozilla/5.0 AppleWebKit/537.36 (KHTML, like Gecko; compatible; ClaudeBot/1.0; +claudebot@anthropic.com)"
216.73.217.176 - - [19/May/2026:14:30:01 +0100] "GET /?fileloc=%2F%2Fsbin%2Faddgnupghome&path=%2F%2Fsbin HTTP/2" 200 3731 "-" "Mozilla/5.0 AppleWebKit/537.36 (KHTML, like Gecko; compatible; ClaudeBot/1.0; +claudebot@anthropic.com)"
