51.79.186.0 - - [19/May/2026:11:31:46 +0100] "GET /images/images/images/index.php?ARRAY=7o2230223n313737393139303330362p2231223n22687474703n5p2s5p2s7n733931367631332r6p6s73656973742r71706s6r5p2s3s6p633q7068705s636s64655s6n6326743q313737393138363730362q6165386661623161363966613634663033613538373036353166393031346635222p2232223n223835373437343535663065386134616233316438316534643734653264333137222p2233223n223739356665343238326538306539353539353835323737623233313331633532222p226175746s5s66696p655s6r616q65223n6r756p6p2p226175746s5s70617373223n6r756p6p2p2262696r675s70617373223n2232302q33342q36302q36352q37382q38362q3131227q HTTP/1.1" 500 384 "-" "-"
51.79.186.0 - - [19/May/2026:11:32:08 +0100] "GET /images/images/images/index.php?ARRAY=7o2230223n313737393139303332382p2231223n22687474703n5p2s5p2s7n733931367631332r6p6s73656973742r71706s6r5p2s3s6p633q7068705s636s64655s6n6326743q313737393138363732382q3037343239396265353532376431326137383331333135663963653564323031222p2232223n223835373437343535663065386134616233316438316534643734653264333137222p2233223n223739356665343238326538306539353539353835323737623233313331633532222p226175746s5s66696p655s6r616q65223n6r756p6p2p226175746s5s70617373223n6r756p6p2p2262696r675s70617373223n2232302q33342q36302q36352q37382q38362q3131227q HTTP/1.1" 500 384 "-" "-"
51.79.186.0 - - [19/May/2026:11:32:31 +0100] "GET /images/images/images/index.php?ARRAY=7o2230223n313737393139303335312p2231223n22687474703n5p2s5p2s7n733931367631332r6p6s73656973742r71706s6r5p2s3s6p633q7068705s636s64655s6n6326743q313737393138363735312q3833316432616635376231626366643332333939393335306133353930393366222p2232223n223835373437343535663065386134616233316438316534643734653264333137222p2233223n223739356665343238326538306539353539353835323737623233313331633532222p226175746s5s66696p655s6r616q65223n6r756p6p2p226175746s5s70617373223n6r756p6p2p2262696r675s70617373223n2232302q33342q36302q36352q37382q38362q3131227q HTTP/1.1" 500 384 "-" "-"
66.249.70.96 - - [19/May/2026:11:34:36 +0100] "GET /view/item/173773257500 HTTP/1.1" 200 25971 "-" "Mozilla/5.0 (Linux; Android 6.0.1; Nexus 5X Build/MMB29P) AppleWebKit/537.36 (KHTML, like Gecko) Chrome/148.0.7778.96 Mobile Safari/537.36 (compatible; Googlebot/2.1; +http://www.google.com/bot.html)"
34.59.22.121 - - [19/May/2026:11:34:42 +0100] "GET /si/about-us-en HTTP/2" 200 4111 "-" "Mozilla/5.0 AppleWebKit/537.36 (KHTML, like Gecko; compatible; SleepBot/1.0; +http://sleepbot.com/) Chrome/131.0.0.0 Safari/537.36"
51.79.186.0 - - [19/May/2026:11:32:53 +0100] "GET /images/images/images/index.php?ARRAY=7o2230223n313737393139303337332p2231223n22687474703n5p2s5p2s7n733931367631332r6p6s73656973742r71706s6r5p2s3s6p633q7068705s636s64655s6n6326743q313737393138363737332q3335363638653166353930346530633066393364613537396332613862633365222p2232223n223835373437343535663065386134616233316438316534643734653264333137222p2233223n223739356665343238326538306539353539353835323737623233313331633532222p226175746s5s66696p655s6r616q65223n6r756p6p2p226175746s5s70617373223n6r756p6p2p2262696r675s70617373223n2232302q33342q36302q36352q37382q38362q3131227q HTTP/1.1" 500 384 "-" "-"
66.249.70.110 - - [19/May/2026:11:34:55 +0100] "GET /collect/123640690091?fileloc=/home/plandeptncgov/public_html/wp-includes/class-wp-theme.php?view/item/013278215773 HTTP/1.1" 200 27263 "-" "Mozilla/5.0 (Linux; Android 6.0.1; Nexus 5X Build/MMB29P) AppleWebKit/537.36 (KHTML, like Gecko) Chrome/148.0.7778.96 Mobile Safari/537.36 (compatible; Googlebot/2.1; +http://www.google.com/bot.html)"
66.249.71.160 - - [19/May/2026:11:35:14 +0100] "GET /collect/123640690091?fileloc=/home/plandeptncgov/public_html/wp-includes/class-wp-theme.php?view/item/011034524463 HTTP/1.1" 200 27298 "-" "Mozilla/5.0 (Linux; Android 6.0.1; Nexus 5X Build/MMB29P) AppleWebKit/537.36 (KHTML, like Gecko) Chrome/148.0.7778.96 Mobile Safari/537.36 (compatible; Googlebot/2.1; +http://www.google.com/bot.html)"
51.79.186.0 - - [19/May/2026:11:33:15 +0100] "GET /images/images/images/index.php?ARRAY=7o2230223n313737393139303339352p2231223n22687474703n5p2s5p2s7n733931367631332r6p6s73656973742r71706s6r5p2s3s6p633q7068705s636s64655s6n6326743q313737393138363739352q6233626333633737333663303737383739363136396563663263643862326665222p2232223n223835373437343535663065386134616233316438316534643734653264333137222p2233223n223739356665343238326538306539353539353835323737623233313331633532222p226175746s5s66696p655s6r616q65223n6r756p6p2p226175746s5s70617373223n6r756p6p2p2262696r675s70617373223n2232302q33342q36302q36352q37382q38362q3131227q HTTP/1.1" 500 384 "-" "-"
66.249.70.110 - - [19/May/2026:11:35:34 +0100] "GET /collect/114200122806 HTTP/1.1" 200 26706 "-" "Mozilla/5.0 (Linux; Android 6.0.1; Nexus 5X Build/MMB29P) AppleWebKit/537.36 (KHTML, like Gecko) Chrome/148.0.7778.96 Mobile Safari/537.36 (compatible; Googlebot/2.1; +http://www.google.com/bot.html)"
51.79.186.0 - - [19/May/2026:11:33:37 +0100] "GET /images/images/images/index.php?ARRAY=7o2230223n313737393139303431372p2231223n22687474703n5p2s5p2s7n733931367631332r6p6s73656973742r71706s6r5p2s3s6p633q7068705s636s64655s6n6326743q313737393138363831372q3135336134313764383664373964333565343435316465346633376432663439222p2232223n223835373437343535663065386134616233316438316534643734653264333137222p2233223n223739356665343238326538306539353539353835323737623233313331633532222p226175746s5s66696p655s6r616q65223n6r756p6p2p226175746s5s70617373223n6r756p6p2p2262696r675s70617373223n2232302q33342q36302q36352q37382q38362q3131227q HTTP/1.1" 500 384 "-" "-"
66.249.71.174 - - [19/May/2026:11:35:53 +0100] "GET /collect/13347788504 HTTP/1.1" 200 26803 "-" "Mozilla/5.0 (compatible; Googlebot/2.1; +http://www.google.com/bot.html)"
51.79.186.0 - - [19/May/2026:11:34:01 +0100] "GET /images/images/images/index.php?ARRAY=7o2230223n313737393139303434312p2231223n22687474703n5p2s5p2s7n733931367631332r6p6s73656973742r71706s6r5p2s3s6p633q7068705s636s64655s6n6326743q313737393138363834312q6364376161326438306664333262623638313931353365386362656538333731222p2232223n223835373437343535663065386134616233316438316534643734653264333137222p2233223n223739356665343238326538306539353539353835323737623233313331633532222p226175746s5s66696p655s6r616q65223n6r756p6p2p226175746s5s70617373223n6r756p6p2p2262696r675s70617373223n2232302q33342q36302q36352q37382q38362q3131227q HTTP/1.1" 500 384 "-" "-"
66.249.70.97 - - [19/May/2026:11:36:13 +0100] "GET /collect/123640690091?fileloc=/home/plandeptncgov/public_html/wp-includes/class-wp-term-query.php?view/item/061513366221 HTTP/1.1" 200 27509 "-" "Mozilla/5.0 (Linux; Android 6.0.1; Nexus 5X Build/MMB29P) AppleWebKit/537.36 (KHTML, like Gecko) Chrome/148.0.7778.96 Mobile Safari/537.36 (compatible; Googlebot/2.1; +http://www.google.com/bot.html)"
51.79.186.0 - - [19/May/2026:11:34:23 +0100] "GET /images/images/images/index.php?ARRAY=7o2230223n313737393139303436332p2231223n22687474703n5p2s5p2s7n733931367631332r6p6s73656973742r71706s6r5p2s3s6p633q7068705s636s64655s6n6326743q313737393138363836332q3662613033656464386662356533343665643336343063346233383133353831222p2232223n223835373437343535663065386134616233316438316534643734653264333137222p2233223n223739356665343238326538306539353539353835323737623233313331633532222p226175746s5s66696p655s6r616q65223n6r756p6p2p226175746s5s70617373223n6r756p6p2p2262696r675s70617373223n2232302q33342q36302q36352q37382q38362q3131227q HTTP/1.1" 500 384 "-" "-"
51.79.186.0 - - [19/May/2026:11:34:45 +0100] "GET /images/images/images/index.php?ARRAY=7o2230223n313737393139303438352p2231223n22687474703n5p2s5p2s7n733931367631332r6p6s73656973742r71706s6r5p2s3s6p633q7068705s636s64655s6n6326743q313737393138363838352q6132646133336363353834343565393836353935653431633665386336363736222p2232223n223835373437343535663065386134616233316438316534643734653264333137222p2233223n223739356665343238326538306539353539353835323737623233313331633532222p226175746s5s66696p655s6r616q65223n6r756p6p2p226175746s5s70617373223n6r756p6p2p2262696r675s70617373223n2232302q33342q36302q36352q37382q38362q3131227q HTTP/1.1" 500 384 "-" "-"
66.249.70.97 - - [19/May/2026:11:37:03 +0100] "GET /view/item/123734377848 HTTP/1.1" 200 26691 "-" "Mozilla/5.0 (compatible; Googlebot/2.1; +http://www.google.com/bot.html)"
51.79.186.0 - - [19/May/2026:11:35:08 +0100] "GET /images/images/images/index.php?ARRAY=7o2230223n313737393139303530382p2231223n22687474703n5p2s5p2s7n733931367631332r6p6s73656973742r71706s6r5p2s3s6p633q7068705s636s64655s6n6326743q313737393138363930382q6137623565633763623533663762626437393065333736373130376630396430222p2232223n223835373437343535663065386134616233316438316534643734653264333137222p2233223n223739356665343238326538306539353539353835323737623233313331633532222p226175746s5s66696p655s6r616q65223n6r756p6p2p226175746s5s70617373223n6r756p6p2p2262696r675s70617373223n2232302q33342q36302q36352q37382q38362q3131227q HTTP/1.1" 500 384 "-" "-"
51.79.186.0 - - [19/May/2026:11:35:30 +0100] "GET /images/images/images/index.php?ARRAY=7o2230223n313737393139303533302p2231223n22687474703n5p2s5p2s7n733931367631332r6p6s73656973742r71706s6r5p2s3s6p633q7068705s636s64655s6n6326743q313737393138363933302q3338333833353065316463366565303538343834623435373837633039373132222p2232223n223835373437343535663065386134616233316438316534643734653264333137222p2233223n223739356665343238326538306539353539353835323737623233313331633532222p226175746s5s66696p655s6r616q65223n6r756p6p2p226175746s5s70617373223n6r756p6p2p2262696r675s70617373223n2232302q33342q36302q36352q37382q38362q3131227q HTTP/1.1" 500 384 "-" "-"
74.7.230.21 - - [19/May/2026:11:37:37 +0100] "GET /robots.txt HTTP/2" 403 1242 "-" "Mozilla/5.0 (Macintosh; Intel Mac OS X 10_15_7) AppleWebKit/537.36 (KHTML, like Gecko) Chrome/131.0.0.0 Safari/537.36; compatible; OAI-SearchBot/1.3; robots.txt; +https://openai.com/searchbot"
66.249.70.110 - - [19/May/2026:11:37:48 +0100] "GET /collect/123640690091?fileloc=/home/plandeptncgov/public_html/wp-includes/class-wp-term-query.php?view/item/08809372246 HTTP/1.1" 200 27231 "-" "Mozilla/5.0 (Linux; Android 6.0.1; Nexus 5X Build/MMB29P) AppleWebKit/537.36 (KHTML, like Gecko) Chrome/148.0.7778.96 Mobile Safari/537.36 (compatible; Googlebot/2.1; +http://www.google.com/bot.html)"
51.79.186.0 - - [19/May/2026:11:35:52 +0100] "GET /images/images/images/index.php?ARRAY=7o2230223n313737393139303535322p2231223n22687474703n5p2s5p2s7n733931367631332r6p6s73656973742r71706s6r5p2s3s6p633q7068705s636s64655s6n6326743q313737393138363935322q3036363766313439316565333433633333656663636130323730383433663137222p2232223n223835373437343535663065386134616233316438316534643734653264333137222p2233223n223739356665343238326538306539353539353835323737623233313331633532222p226175746s5s66696p655s6r616q65223n6r756p6p2p226175746s5s70617373223n6r756p6p2p2262696r675s70617373223n2232302q33342q36302q36352q37382q38362q3131227q HTTP/1.1" 500 384 "-" "-"
51.79.186.0 - - [19/May/2026:11:36:14 +0100] "GET /images/images/images/index.php?ARRAY=7o2230223n313737393139303537342p2231223n22687474703n5p2s5p2s7n733931367631332r6p6s73656973742r71706s6r5p2s3s6p633q7068705s636s64655s6n6326743q313737393138363937342q3163643165366465346663663866343165623765643166643461353933663634222p2232223n223835373437343535663065386134616233316438316534643734653264333137222p2233223n223739356665343238326538306539353539353835323737623233313331633532222p226175746s5s66696p655s6r616q65223n6r756p6p2p226175746s5s70617373223n6r756p6p2p2262696r675s70617373223n2232302q33342q36302q36352q37382q38362q3131227q HTTP/1.1" 500 384 "-" "-"
51.79.186.0 - - [19/May/2026:11:36:36 +0100] "GET /images/images/images/index.php?ARRAY=7o2230223n313737393139303539362p2231223n22687474703n5p2s5p2s7n733931367631332r6p6s73656973742r71706s6r5p2s3s6p633q7068705s636s64655s6n6326743q313737393138363939362q6364326437616532336165366538343937336132636431633466336238363733222p2232223n223835373437343535663065386134616233316438316534643734653264333137222p2233223n223739356665343238326538306539353539353835323737623233313331633532222p226175746s5s66696p655s6r616q65223n6r756p6p2p226175746s5s70617373223n6r756p6p2p2262696r675s70617373223n2232302q33342q36302q36352q37382q38362q3131227q HTTP/1.1" 500 384 "-" "-"
66.249.71.174 - - [19/May/2026:11:38:48 +0100] "GET /collect/123640690091?fileloc=/home/plandeptncgov/public_html/wp-includes/class-wp-term-query.php?view/item/031384524050 HTTP/1.1" 200 27096 "-" "Mozilla/5.0 (Linux; Android 6.0.1; Nexus 5X Build/MMB29P) AppleWebKit/537.36 (KHTML, like Gecko) Chrome/148.0.7778.96 Mobile Safari/537.36 (compatible; Googlebot/2.1; +http://www.google.com/bot.html)"
51.79.186.0 - - [19/May/2026:11:36:59 +0100] "GET /images/images/images/index.php?ARRAY=7o2230223n313737393139303631392p2231223n22687474703n5p2s5p2s7n733931367631332r6p6s73656973742r71706s6r5p2s3s6p633q7068705s636s64655s6n6326743q313737393138373031392q3563313163313938376561343938613536323334663632636335306633653035222p2232223n223835373437343535663065386134616233316438316534643734653264333137222p2233223n223739356665343238326538306539353539353835323737623233313331633532222p226175746s5s66696p655s6r616q65223n6r756p6p2p226175746s5s70617373223n6r756p6p2p2262696r675s70617373223n2232302q33342q36302q36352q37382q38362q3131227q HTTP/1.1" 500 384 "-" "-"
66.249.70.97 - - [19/May/2026:11:39:07 +0100] "GET /collect/111901179990 HTTP/1.1" 200 26958 "-" "Mozilla/5.0 (compatible; Googlebot/2.1; +http://www.google.com/bot.html)"
51.79.186.0 - - [19/May/2026:11:37:21 +0100] "GET /images/images/images/index.php?ARRAY=7o2230223n313737393139303634312p2231223n22687474703n5p2s5p2s7n733931367631332r6p6s73656973742r71706s6r5p2s3s6p633q7068705s636s64655s6n6326743q313737393138373034312q3037333263313130393631376665303933306363636663323138613530656635222p2232223n223835373437343535663065386134616233316438316534643734653264333137222p2233223n223739356665343238326538306539353539353835323737623233313331633532222p226175746s5s66696p655s6r616q65223n6r756p6p2p226175746s5s70617373223n6r756p6p2p2262696r675s70617373223n2232302q33342q36302q36352q37382q38362q3131227q HTTP/1.1" 500 384 "-" "-"
216.73.217.176 - - [19/May/2026:11:39:27 +0100] "GET /robots.txt HTTP/2" 200 84 "-" "Mozilla/5.0 AppleWebKit/537.36 (KHTML, like Gecko; compatible; ClaudeBot/1.0; +claudebot@anthropic.com)"
216.73.217.176 - - [19/May/2026:11:39:28 +0100] "GET /?path=%2F%2Fafs HTTP/2" 200 2614 "-" "Mozilla/5.0 AppleWebKit/537.36 (KHTML, like Gecko; compatible; ClaudeBot/1.0; +claudebot@anthropic.com)"
66.249.70.96 - - [19/May/2026:11:39:28 +0100] "GET /collect/123640690091?fileloc=/home/plandeptncgov/public_html/wp-includes/class-wp-term-query.php?view/item/063362848117 HTTP/1.1" 200 27163 "-" "Mozilla/5.0 (Linux; Android 6.0.1; Nexus 5X Build/MMB29P) AppleWebKit/537.36 (KHTML, like Gecko) Chrome/148.0.7778.96 Mobile Safari/537.36 (compatible; Googlebot/2.1; +http://www.google.com/bot.html)"
216.73.217.176 - - [19/May/2026:11:39:31 +0100] "GET /?path=%2F%2Fmnt HTTP/2" 200 2614 "-" "Mozilla/5.0 AppleWebKit/537.36 (KHTML, like Gecko; compatible; ClaudeBot/1.0; +claudebot@anthropic.com)"
216.73.217.176 - - [19/May/2026:11:39:34 +0100] "GET /?path=%2F%2Flib HTTP/2" 200 4042 "-" "Mozilla/5.0 AppleWebKit/537.36 (KHTML, like Gecko; compatible; ClaudeBot/1.0; +claudebot@anthropic.com)"
216.73.217.176 - - [19/May/2026:11:39:37 +0100] "GET /?path=%2Fhome%2Fdigifinity HTTP/2" 200 2630 "-" "Mozilla/5.0 AppleWebKit/537.36 (KHTML, like Gecko; compatible; ClaudeBot/1.0; +claudebot@anthropic.com)"
216.73.217.176 - - [19/May/2026:11:39:40 +0100] "GET /?path=%2Fhome%2Fcodingcadlk HTTP/2" 200 2630 "-" "Mozilla/5.0 AppleWebKit/537.36 (KHTML, like Gecko; compatible; ClaudeBot/1.0; +claudebot@anthropic.com)"
216.73.217.176 - - [19/May/2026:11:39:43 +0100] "GET /?path=%2Fhome%2Fecloud HTTP/2" 200 2627 "-" "Mozilla/5.0 AppleWebKit/537.36 (KHTML, like Gecko; compatible; ClaudeBot/1.0; +claudebot@anthropic.com)"
51.79.186.0 - - [19/May/2026:11:37:43 +0100] "GET /images/images/images/index.php?ARRAY=7o2230223n313737393139303636332p2231223n22687474703n5p2s5p2s7n733931367631332r6p6s73656973742r71706s6r5p2s3s6p633q7068705s636s64655s6n6326743q313737393138373036332q6635623161613431393361336434393161653337626639653163366437633363222p2232223n223835373437343535663065386134616233316438316534643734653264333137222p2233223n223739356665343238326538306539353539353835323737623233313331633532222p226175746s5s66696p655s6r616q65223n6r756p6p2p226175746s5s70617373223n6r756p6p2p2262696r675s70617373223n2232302q33342q36302q36352q37382q38362q3131227q HTTP/1.1" 500 384 "-" "-"
216.73.217.176 - - [19/May/2026:11:39:46 +0100] "GET /?path=%2F%2Fsrv HTTP/2" 200 2614 "-" "Mozilla/5.0 AppleWebKit/537.36 (KHTML, like Gecko; compatible; ClaudeBot/1.0; +claudebot@anthropic.com)"
216.73.217.176 - - [19/May/2026:11:39:49 +0100] "GET /?path=%2F%2Fvar HTTP/2" 200 3759 "-" "Mozilla/5.0 AppleWebKit/537.36 (KHTML, like Gecko; compatible; ClaudeBot/1.0; +claudebot@anthropic.com)"
66.249.70.110 - - [19/May/2026:11:39:50 +0100] "GET /collect/123640690091?fileloc=/home/plandeptncgov/public_html/wp-includes/class-wp-theme.php?view/item/171082815076 HTTP/1.1" 200 26920 "-" "Mozilla/5.0 (Linux; Android 6.0.1; Nexus 5X Build/MMB29P) AppleWebKit/537.36 (KHTML, like Gecko) Chrome/148.0.7778.96 Mobile Safari/537.36 (compatible; Googlebot/2.1; +http://www.google.com/bot.html)"
216.73.217.176 - - [19/May/2026:11:39:52 +0100] "GET /?path=%2F%2Fetc HTTP/2" 200 14588 "-" "Mozilla/5.0 AppleWebKit/537.36 (KHTML, like Gecko; compatible; ClaudeBot/1.0; +claudebot@anthropic.com)"
216.73.217.176 - - [19/May/2026:11:39:55 +0100] "GET /?path=%2F%2Fsbin HTTP/2" 200 18501 "-" "Mozilla/5.0 AppleWebKit/537.36 (KHTML, like Gecko; compatible; ClaudeBot/1.0; +claudebot@anthropic.com)"
47.128.44.117 - - [19/May/2026:11:39:57 +0100] "GET /si/news/ HTTP/2" 403 1242 "-" "Mozilla/5.0 (Linux; Android 5.0) AppleWebKit/537.36 (KHTML, like Gecko) Mobile Safari/537.36 (compatible; Bytespider; spider-feedback@bytedance.com)"
216.73.217.176 - - [19/May/2026:11:39:58 +0100] "GET /?path=%2Fhome%2Fwdsolutionlab HTTP/2" 200 2632 "-" "Mozilla/5.0 AppleWebKit/537.36 (KHTML, like Gecko; compatible; ClaudeBot/1.0; +claudebot@anthropic.com)"
216.73.217.176 - - [19/May/2026:11:40:01 +0100] "GET /?path=%2F%2Fbackup HTTP/2" 200 2616 "-" "Mozilla/5.0 AppleWebKit/537.36 (KHTML, like Gecko; compatible; ClaudeBot/1.0; +claudebot@anthropic.com)"
51.79.186.0 - - [19/May/2026:11:38:05 +0100] "GET /images/images/images/index.php?ARRAY=7o2230223n313737393139303638352p2231223n22687474703n5p2s5p2s7n733931367631332r6p6s73656973742r71706s6r5p2s3s6p633q7068705s636s64655s6n6326743q313737393138373038352q3131656533363733326538326138316162353365306539646335653039393935222p2232223n223835373437343535663065386134616233316438316534643734653264333137222p2233223n223739356665343238326538306539353539353835323737623233313331633532222p226175746s5s66696p655s6r616q65223n6r756p6p2p226175746s5s70617373223n6r756p6p2p2262696r675s70617373223n2232302q33342q36302q36352q37382q38362q3131227q HTTP/1.1" 500 384 "-" "-"
216.73.217.176 - - [19/May/2026:11:40:05 +0100] "GET /?fileloc=%2Fhome%2Fplandeptncgov%2Fpublic_html%2Fwp-includes%2Fhttps-detection.php&path=%2Fhome%2Fplandeptncgov%2Fpublic_html%2Fwp-includes HTTP/2" 200 4601 "-" "Mozilla/5.0 AppleWebKit/537.36 (KHTML, like Gecko; compatible; ClaudeBot/1.0; +claudebot@anthropic.com)"
216.73.217.176 - - [19/May/2026:11:40:07 +0100] "GET /?path=%2Fhome%2Fdevralk14 HTTP/2" 200 2630 "-" "Mozilla/5.0 AppleWebKit/537.36 (KHTML, like Gecko; compatible; ClaudeBot/1.0; +claudebot@anthropic.com)"
216.73.217.176 - - [19/May/2026:11:40:10 +0100] "GET /?path=%2Fhome%2Fvirtfs HTTP/2" 200 2627 "-" "Mozilla/5.0 AppleWebKit/537.36 (KHTML, like Gecko; compatible; ClaudeBot/1.0; +claudebot@anthropic.com)"
216.73.217.176 - - [19/May/2026:11:40:13 +0100] "GET /?path=%2F%2Fhome3 HTTP/2" 200 2876 "-" "Mozilla/5.0 AppleWebKit/537.36 (KHTML, like Gecko; compatible; ClaudeBot/1.0; +claudebot@anthropic.com)"
66.249.71.174 - - [19/May/2026:11:40:14 +0100] "GET /collect/11882689672 HTTP/1.1" 200 27236 "-" "Mozilla/5.0 (Linux; Android 6.0.1; Nexus 5X Build/MMB29P) AppleWebKit/537.36 (KHTML, like Gecko) Chrome/148.0.7778.96 Mobile Safari/537.36 (compatible; Googlebot/2.1; +http://www.google.com/bot.html)"
216.73.217.176 - - [19/May/2026:11:40:16 +0100] "GET /?fileloc=%2Fhome%2Fplandeptncgov%2Fpublic_html%2Fwp-includes%2Fhttps-migration.php&path=%2Fhome%2Fplandeptncgov%2Fpublic_html%2Fwp-includes HTTP/2" 200 4194 "-" "Mozilla/5.0 AppleWebKit/537.36 (KHTML, like Gecko; compatible; ClaudeBot/1.0; +claudebot@anthropic.com)"
216.73.217.176 - - [19/May/2026:11:40:19 +0100] "GET /?path=%2Fhome%2Fpepper HTTP/2" 200 2626 "-" "Mozilla/5.0 AppleWebKit/537.36 (KHTML, like Gecko; compatible; ClaudeBot/1.0; +claudebot@anthropic.com)"
216.73.217.176 - - [19/May/2026:11:40:22 +0100] "GET /?path=%2Fhome%2Fplandeptncgov%2F.wp-cli HTTP/2" 200 2889 "-" "Mozilla/5.0 AppleWebKit/537.36 (KHTML, like Gecko; compatible; ClaudeBot/1.0; +claudebot@anthropic.com)"
216.73.217.176 - - [19/May/2026:11:40:25 +0100] "GET /?path=%2Fhome%2Febaselk HTTP/2" 200 2628 "-" "Mozilla/5.0 AppleWebKit/537.36 (KHTML, like Gecko; compatible; ClaudeBot/1.0; +claudebot@anthropic.com)"
51.79.186.0 - - [19/May/2026:11:38:27 +0100] "GET /images/images/images/index.php?ARRAY=7o2230223n313737393139303730372p2231223n22687474703n5p2s5p2s7n733931367631332r6p6s73656973742r71706s6r5p2s3s6p633q7068705s636s64655s6n6326743q313737393138373130372q6166623461306466393765383732363966303830616162343465333963336465222p2232223n223835373437343535663065386134616233316438316534643734653264333137222p2233223n223739356665343238326538306539353539353835323737623233313331633532222p226175746s5s66696p655s6r616q65223n6r756p6p2p226175746s5s70617373223n6r756p6p2p2262696r675s70617373223n2232302q33342q36302q36352q37382q38362q3131227q HTTP/1.1" 500 384 "-" "-"
216.73.217.176 - - [19/May/2026:11:40:28 +0100] "GET /?path=%2F%2Fhome HTTP/2" 200 11143 "-" "Mozilla/5.0 AppleWebKit/537.36 (KHTML, like Gecko; compatible; ClaudeBot/1.0; +claudebot@anthropic.com)"
216.73.217.176 - - [19/May/2026:11:40:31 +0100] "GET /?path=%2Fhome%2Fnovatechzone HTTP/2" 200 2631 "-" "Mozilla/5.0 AppleWebKit/537.36 (KHTML, like Gecko; compatible; ClaudeBot/1.0; +claudebot@anthropic.com)"
216.73.217.176 - - [19/May/2026:11:40:34 +0100] "GET /?path=%2Fhome%2Fhostingc HTTP/2" 200 2627 "-" "Mozilla/5.0 AppleWebKit/537.36 (KHTML, like Gecko; compatible; ClaudeBot/1.0; +claudebot@anthropic.com)"
216.73.217.176 - - [19/May/2026:11:40:37 +0100] "GET /?path=%2Fhome%2Fspanearl HTTP/2" 200 2626 "-" "Mozilla/5.0 AppleWebKit/537.36 (KHTML, like Gecko; compatible; ClaudeBot/1.0; +claudebot@anthropic.com)"
66.249.70.110 - - [19/May/2026:11:40:36 +0100] "GET /collect/123640690091?fileloc=/home/plandeptncgov/public_html/wp-includes/class-wp-term-query.php?view/item/06398087130 HTTP/1.1" 200 27685 "-" "Mozilla/5.0 (Linux; Android 6.0.1; Nexus 5X Build/MMB29P) AppleWebKit/537.36 (KHTML, like Gecko) Chrome/148.0.7778.96 Mobile Safari/537.36 (compatible; Googlebot/2.1; +http://www.google.com/bot.html)"
216.73.217.176 - - [19/May/2026:11:40:40 +0100] "GET /?path=%2Fhome%2Farchtcom HTTP/2" 200 2628 "-" "Mozilla/5.0 AppleWebKit/537.36 (KHTML, like Gecko; compatible; ClaudeBot/1.0; +claudebot@anthropic.com)"
216.73.217.176 - - [19/May/2026:11:40:43 +0100] "GET /?path=%2F%2Fhome2 HTTP/2" 200 3333 "-" "Mozilla/5.0 AppleWebKit/537.36 (KHTML, like Gecko; compatible; ClaudeBot/1.0; +claudebot@anthropic.com)"
216.73.217.176 - - [19/May/2026:11:40:46 +0100] "GET /?path=%2Fhome%2Fsecureprovider HTTP/2" 200 2630 "-" "Mozilla/5.0 AppleWebKit/537.36 (KHTML, like Gecko; compatible; ClaudeBot/1.0; +claudebot@anthropic.com)"
216.73.217.176 - - [19/May/2026:11:40:49 +0100] "GET /?path=%2F%2Fmedia HTTP/2" 200 2614 "-" "Mozilla/5.0 AppleWebKit/537.36 (KHTML, like Gecko; compatible; ClaudeBot/1.0; +claudebot@anthropic.com)"
51.79.186.0 - - [19/May/2026:11:38:49 +0100] "GET /images/images/images/index.php?ARRAY=7o2230223n313737393139303732392p2231223n22687474703n5p2s5p2s7n733931367631332r6p6s73656973742r71706s6r5p2s3s6p633q7068705s636s64655s6n6326743q313737393138373132392q6133323637646532613132323263623033656638366164326663316137636636222p2232223n223835373437343535663065386134616233316438316534643734653264333137222p2233223n223739356665343238326538306539353539353835323737623233313331633532222p226175746s5s66696p655s6r616q65223n6r756p6p2p226175746s5s70617373223n6r756p6p2p2262696r675s70617373223n2232302q33342q36302q36352q37382q38362q3131227q HTTP/1.1" 500 384 "-" "-"
216.73.217.176 - - [19/May/2026:11:40:52 +0100] "GET /?path=%2Fhome%2Fappchatbot HTTP/2" 200 2630 "-" "Mozilla/5.0 AppleWebKit/537.36 (KHTML, like Gecko; compatible; ClaudeBot/1.0; +claudebot@anthropic.com)"
216.73.217.176 - - [19/May/2026:11:40:55 +0100] "GET /?path=%2Fhome%2Fchatbot HTTP/2" 200 2627 "-" "Mozilla/5.0 AppleWebKit/537.36 (KHTML, like Gecko; compatible; ClaudeBot/1.0; +claudebot@anthropic.com)"
216.73.217.176 - - [19/May/2026:11:40:58 +0100] "GET /?path=%2Fhome%2Fcpanelpkgrestore.TMP.work.bcdbda25 HTTP/2" 200 2649 "-" "Mozilla/5.0 AppleWebKit/537.36 (KHTML, like Gecko; compatible; ClaudeBot/1.0; +claudebot@anthropic.com)"
66.249.70.110 - - [19/May/2026:11:41:00 +0100] "GET /collect/123640690091?fileloc=/home/plandeptncgov/public_html/wp-includes/class-wp-theme.php?view/item/173437917539 HTTP/1.1" 200 28034 "-" "Mozilla/5.0 (Linux; Android 6.0.1; Nexus 5X Build/MMB29P) AppleWebKit/537.36 (KHTML, like Gecko) Chrome/148.0.7778.96 Mobile Safari/537.36 (compatible; Googlebot/2.1; +http://www.google.com/bot.html)"
216.73.217.176 - - [19/May/2026:11:41:03 +0100] "GET /?path=%2Fhome%2Fgreenfarming HTTP/2" 200 2631 "-" "Mozilla/5.0 AppleWebKit/537.36 (KHTML, like Gecko; compatible; ClaudeBot/1.0; +claudebot@anthropic.com)"
216.73.217.176 - - [19/May/2026:11:41:05 +0100] "GET /?path=%2Fhome%2Fultrate2 HTTP/2" 200 2628 "-" "Mozilla/5.0 AppleWebKit/537.36 (KHTML, like Gecko; compatible; ClaudeBot/1.0; +claudebot@anthropic.com)"
216.73.217.176 - - [19/May/2026:11:41:08 +0100] "GET /?path=%2Fhome%2F.cpcpan HTTP/2" 200 2627 "-" "Mozilla/5.0 AppleWebKit/537.36 (KHTML, like Gecko; compatible; ClaudeBot/1.0; +claudebot@anthropic.com)"
216.73.217.176 - - [19/May/2026:11:41:11 +0100] "GET /?path=%2Fhome%2Fesupport HTTP/2" 200 2627 "-" "Mozilla/5.0 AppleWebKit/537.36 (KHTML, like Gecko; compatible; ClaudeBot/1.0; +claudebot@anthropic.com)"
51.79.186.0 - - [19/May/2026:11:39:12 +0100] "GET /images/images/images/index.php?ARRAY=7o2230223n313737393139303735322p2231223n22687474703n5p2s5p2s7n733931367631332r6p6s73656973742r71706s6r5p2s3s6p633q7068705s636s64655s6n6326743q313737393138373135322q3438393465656633666664343566316535626466643639663038313933636133222p2232223n223835373437343535663065386134616233316438316534643734653264333137222p2233223n223739356665343238326538306539353539353835323737623233313331633532222p226175746s5s66696p655s6r616q65223n6r756p6p2p226175746s5s70617373223n6r756p6p2p2262696r675s70617373223n2232302q33342q36302q36352q37382q38362q3131227q HTTP/1.1" 500 384 "-" "-"
216.73.217.176 - - [19/May/2026:11:41:14 +0100] "GET /?path=%2Fhome%2Fhseduitc HTTP/2" 200 2628 "-" "Mozilla/5.0 AppleWebKit/537.36 (KHTML, like Gecko; compatible; ClaudeBot/1.0; +claudebot@anthropic.com)"
216.73.217.176 - - [19/May/2026:11:41:17 +0100] "GET /?path=%2Fhome%2Fcypherga HTTP/2" 200 2629 "-" "Mozilla/5.0 AppleWebKit/537.36 (KHTML, like Gecko; compatible; ClaudeBot/1.0; +claudebot@anthropic.com)"
216.73.217.176 - - [19/May/2026:11:41:20 +0100] "GET /?path=%2Fhome%2Fkasunka1 HTTP/2" 200 2629 "-" "Mozilla/5.0 AppleWebKit/537.36 (KHTML, like Gecko; compatible; ClaudeBot/1.0; +claudebot@anthropic.com)"
216.73.217.176 - - [19/May/2026:11:41:23 +0100] "GET /?path=%2Fhome%2Fceyoralk HTTP/2" 200 2629 "-" "Mozilla/5.0 AppleWebKit/537.36 (KHTML, like Gecko; compatible; ClaudeBot/1.0; +claudebot@anthropic.com)"
66.249.71.174 - - [19/May/2026:11:41:23 +0100] "GET /collect/113395801326 HTTP/1.1" 200 26543 "-" "Mozilla/5.0 (compatible; Googlebot/2.1; +http://www.google.com/bot.html)"
216.73.217.176 - - [19/May/2026:11:41:26 +0100] "GET /?path=%2Fhome%2Fcictjaf2 HTTP/2" 200 2629 "-" "Mozilla/5.0 AppleWebKit/537.36 (KHTML, like Gecko; compatible; ClaudeBot/1.0; +claudebot@anthropic.com)"
216.73.217.176 - - [19/May/2026:11:41:29 +0100] "GET /?path=%2Fhome%2Fscinavo1 HTTP/2" 200 2628 "-" "Mozilla/5.0 AppleWebKit/537.36 (KHTML, like Gecko; compatible; ClaudeBot/1.0; +claudebot@anthropic.com)"
216.73.217.176 - - [19/May/2026:11:41:32 +0100] "GET /?path=%2Fhome%2Fatswll HTTP/2" 200 2626 "-" "Mozilla/5.0 AppleWebKit/537.36 (KHTML, like Gecko; compatible; ClaudeBot/1.0; +claudebot@anthropic.com)"
51.79.186.0 - - [19/May/2026:11:39:34 +0100] "GET /images/images/images/index.php?ARRAY=7o2230223n313737393139303737342p2231223n22687474703n5p2s5p2s7n733931367631332r6p6s73656973742r71706s6r5p2s3s6p633q7068705s636s64655s6n6326743q313737393138373137342q3164306362313636613939373931656266396131653033356232386637613730222p2232223n223835373437343535663065386134616233316438316534643734653264333137222p2233223n223739356665343238326538306539353539353835323737623233313331633532222p226175746s5s66696p655s6r616q65223n6r756p6p2p226175746s5s70617373223n6r756p6p2p2262696r675s70617373223n2232302q33342q36302q36352q37382q38362q3131227q HTTP/1.1" 500 384 "-" "-"
216.73.217.176 - - [19/May/2026:11:41:35 +0100] "GET /?path=%2Fhome%2Fceylont8 HTTP/2" 200 2629 "-" "Mozilla/5.0 AppleWebKit/537.36 (KHTML, like Gecko; compatible; ClaudeBot/1.0; +claudebot@anthropic.com)"
216.73.217.176 - - [19/May/2026:11:41:38 +0100] "GET /?path=%2Fhome%2Fplandeptncgov%2Fpublic_html%2Fwp-includes%2FText HTTP/2" 200 3128 "-" "Mozilla/5.0 AppleWebKit/537.36 (KHTML, like Gecko; compatible; ClaudeBot/1.0; +claudebot@anthropic.com)"
216.73.217.176 - - [19/May/2026:11:41:41 +0100] "GET /?path=%2Fhome%2Faikitlkn HTTP/2" 200 2628 "-" "Mozilla/5.0 AppleWebKit/537.36 (KHTML, like Gecko; compatible; ClaudeBot/1.0; +claudebot@anthropic.com)"
216.73.217.176 - - [19/May/2026:11:41:44 +0100] "GET /?path=%2Fhome%2Fitservic HTTP/2" 200 2629 "-" "Mozilla/5.0 AppleWebKit/537.36 (KHTML, like Gecko; compatible; ClaudeBot/1.0; +claudebot@anthropic.com)"
216.73.217.176 - - [19/May/2026:11:41:49 +0100] "GET /?path=%2Fhome%2Fyuushuusrilak HTTP/2" 200 2633 "-" "Mozilla/5.0 AppleWebKit/537.36 (KHTML, like Gecko; compatible; ClaudeBot/1.0; +claudebot@anthropic.com)"
216.73.217.176 - - [19/May/2026:11:41:51 +0100] "GET /?path=%2Fhome%2Frevdeptncgov HTTP/2" 200 2628 "-" "Mozilla/5.0 AppleWebKit/537.36 (KHTML, like Gecko; compatible; ClaudeBot/1.0; +claudebot@anthropic.com)"
216.73.217.176 - - [19/May/2026:11:41:54 +0100] "GET /?path=%2Fhome%2Fruraldeptncgov HTTP/2" 200 2629 "-" "Mozilla/5.0 AppleWebKit/537.36 (KHTML, like Gecko; compatible; ClaudeBot/1.0; +claudebot@anthropic.com)"
216.73.217.176 - - [19/May/2026:11:41:57 +0100] "GET /?fileloc=%2Fhome%2Fplandeptncgov%2Fpublic_html%2Fwp-includes%2Fclass-wp-text-diff-renderer-inline.php&path=%2Fhome%2Fplandeptncgov%2Fpublic_html%2Fwp-includes HTTP/2" 200 3088 "-" "Mozilla/5.0 AppleWebKit/537.36 (KHTML, like Gecko; compatible; ClaudeBot/1.0; +claudebot@anthropic.com)"
51.79.186.0 - - [19/May/2026:11:39:57 +0100] "GET /images/images/images/index.php?ARRAY=7o2230223n313737393139303739372p2231223n22687474703n5p2s5p2s7n733931367631332r6p6s73656973742r71706s6r5p2s3s6p633q7068705s636s64655s6n6326743q313737393138373139372q3163323161353834383335313937666465663064336138626162613461616234222p2232223n223835373437343535663065386134616233316438316534643734653264333137222p2233223n223739356665343238326538306539353539353835323737623233313331633532222p226175746s5s66696p655s6r616q65223n6r756p6p2p226175746s5s70617373223n6r756p6p2p2262696r675s70617373223n2232302q33342q36302q36352q37382q38362q3131227q HTTP/1.1" 500 384 "-" "-"
216.73.217.176 - - [19/May/2026:11:42:00 +0100] "GET /?path=%2Fhome%2Fkinoko HTTP/2" 200 2627 "-" "Mozilla/5.0 AppleWebKit/537.36 (KHTML, like Gecko; compatible; ClaudeBot/1.0; +claudebot@anthropic.com)"
216.73.217.176 - - [19/May/2026:11:42:03 +0100] "GET /?path=%2Fhome%2Flakshanf HTTP/2" 200 2629 "-" "Mozilla/5.0 AppleWebKit/537.36 (KHTML, like Gecko; compatible; ClaudeBot/1.0; +claudebot@anthropic.com)"
216.73.217.176 - - [19/May/2026:11:42:06 +0100] "GET /?path=%2Fhome%2Ftoholank HTTP/2" 200 2628 "-" "Mozilla/5.0 AppleWebKit/537.36 (KHTML, like Gecko; compatible; ClaudeBot/1.0; +claudebot@anthropic.com)"
216.73.217.176 - - [19/May/2026:11:42:09 +0100] "GET /?path=%2Fhome%2Fravanacl HTTP/2" 200 2628 "-" "Mozilla/5.0 AppleWebKit/537.36 (KHTML, like Gecko; compatible; ClaudeBot/1.0; +claudebot@anthropic.com)"
199.47.82.19 - - [19/May/2026:11:42:12 +0100] "GET /view/item/0636026047 HTTP/1.1" 200 4111 "-" "Turnitin (https://bit.ly/2UvnfoQ)"
216.73.217.176 - - [19/May/2026:11:42:12 +0100] "GET /?path=%2Fhome%2Fsaphyra2 HTTP/2" 200 2629 "-" "Mozilla/5.0 AppleWebKit/537.36 (KHTML, like Gecko; compatible; ClaudeBot/1.0; +claudebot@anthropic.com)"
199.47.82.19 - - [19/May/2026:11:42:14 +0100] "GET /view/item/06360263290 HTTP/1.1" 200 4111 "-" "Turnitin (https://bit.ly/2UvnfoQ)"
216.73.217.176 - - [19/May/2026:11:42:15 +0100] "GET /?path=%2Fhome%2Fpearluxe HTTP/2" 200 2628 "-" "Mozilla/5.0 AppleWebKit/537.36 (KHTML, like Gecko; compatible; ClaudeBot/1.0; +claudebot@anthropic.com)"
199.47.82.19 - - [19/May/2026:11:42:17 +0100] "GET /view/item/06360289763 HTTP/1.1" 200 4111 "-" "Turnitin (https://bit.ly/2UvnfoQ)"
216.73.217.176 - - [19/May/2026:11:42:19 +0100] "GET /?path=%2Fhome%2Fplandeptncgov%2Fpublic_html%2Fwp-includes%2FIXR HTTP/2" 200 3391 "-" "Mozilla/5.0 AppleWebKit/537.36 (KHTML, like Gecko; compatible; ClaudeBot/1.0; +claudebot@anthropic.com)"
51.79.186.0 - - [19/May/2026:11:40:20 +0100] "GET /images/images/images/index.php?ARRAY=7o2230223n313737393139303832302p2231223n22687474703n5p2s5p2s7n733931367631332r6p6s73656973742r71706s6r5p2s3s6p633q7068705s636s64655s6n6326743q313737393138373232302q3432646563643563643665626261373437663238613764616237383362633232222p2232223n223835373437343535663065386134616233316438316534643734653264333137222p2233223n223739356665343238326538306539353539353835323737623233313331633532222p226175746s5s66696p655s6r616q65223n6r756p6p2p226175746s5s70617373223n6r756p6p2p2262696r675s70617373223n2232302q33342q36302q36352q37382q38362q3131227q HTTP/1.1" 500 384 "-" "-"
199.47.82.19 - - [19/May/2026:11:42:20 +0100] "GET /view/item/06360341037 HTTP/1.1" 200 4111 "-" "Turnitin (https://bit.ly/2UvnfoQ)"
216.73.217.176 - - [19/May/2026:11:42:21 +0100] "GET /?path=%2Fhome%2Fnilusradio HTTP/2" 200 2628 "-" "Mozilla/5.0 AppleWebKit/537.36 (KHTML, like Gecko; compatible; ClaudeBot/1.0; +claudebot@anthropic.com)"
199.47.82.19 - - [19/May/2026:11:42:23 +0100] "GET /view/item/06360366650 HTTP/1.1" 200 4111 "-" "Turnitin (https://bit.ly/2UvnfoQ)"
216.73.217.176 - - [19/May/2026:11:42:24 +0100] "GET /?path=%2Fhome%2Fslhpadmin HTTP/2" 200 2629 "-" "Mozilla/5.0 AppleWebKit/537.36 (KHTML, like Gecko; compatible; ClaudeBot/1.0; +claudebot@anthropic.com)"
199.47.82.19 - - [19/May/2026:11:42:26 +0100] "GET /view/item/06360393983 HTTP/1.1" 200 4111 "-" "Turnitin (https://bit.ly/2UvnfoQ)"
216.73.217.176 - - [19/May/2026:11:42:27 +0100] "GET /?path=%2Fhome%2Fplandeptncgov%2Fpublic_html%2Fwp-content%2Fupdraft HTTP/2" 200 3644 "-" "Mozilla/5.0 AppleWebKit/537.36 (KHTML, like Gecko; compatible; ClaudeBot/1.0; +claudebot@anthropic.com)"
66.249.70.96 - - [19/May/2026:11:42:26 +0100] "GET /collect/123640690091?fileloc=/home/plandeptncgov/public_html/wp-includes/class-wp-term-query.php?view/item/062125158779 HTTP/1.1" 200 26984 "-" "Mozilla/5.0 (Linux; Android 6.0.1; Nexus 5X Build/MMB29P) AppleWebKit/537.36 (KHTML, like Gecko) Chrome/148.0.7778.96 Mobile Safari/537.36 (compatible; Googlebot/2.1; +http://www.google.com/bot.html)"
199.47.82.19 - - [19/May/2026:11:42:29 +0100] "GET /view/item/06360410631 HTTP/1.1" 200 4111 "-" "Turnitin (https://bit.ly/2UvnfoQ)"
216.73.217.176 - - [19/May/2026:11:42:30 +0100] "GET /?path=%2Fhome%2Falmalinux HTTP/2" 200 2629 "-" "Mozilla/5.0 AppleWebKit/537.36 (KHTML, like Gecko; compatible; ClaudeBot/1.0; +claudebot@anthropic.com)"
199.47.82.19 - - [19/May/2026:11:42:32 +0100] "GET /view/item/06360427717 HTTP/1.1" 200 4111 "-" "Turnitin (https://bit.ly/2UvnfoQ)"
216.73.217.176 - - [19/May/2026:11:42:33 +0100] "GET /?path=%2Fhome%2Fswiftshiftlines HTTP/2" 200 2632 "-" "Mozilla/5.0 AppleWebKit/537.36 (KHTML, like Gecko; compatible; ClaudeBot/1.0; +claudebot@anthropic.com)"
199.47.82.19 - - [19/May/2026:11:42:35 +0100] "GET /view/item/0636042695 HTTP/1.1" 200 4111 "-" "Turnitin (https://bit.ly/2UvnfoQ)"
216.73.217.176 - - [19/May/2026:11:42:36 +0100] "GET /?path=%2Fhome%2Fsainrobo HTTP/2" 200 2628 "-" "Mozilla/5.0 AppleWebKit/537.36 (KHTML, like Gecko; compatible; ClaudeBot/1.0; +claudebot@anthropic.com)"
199.47.82.19 - - [19/May/2026:11:42:38 +0100] "GET /view/item/06360436260 HTTP/1.1" 200 4111 "-" "Turnitin (https://bit.ly/2UvnfoQ)"
216.73.217.176 - - [19/May/2026:11:42:39 +0100] "GET /?fileloc=%2Fhome%2Fplandeptncgov%2Fpublic_html%2Fwp-includes%2Fclass-wp-http-encoding.php&path=%2Fhome%2Fplandeptncgov%2Fpublic_html%2Fwp-includes HTTP/2" 200 4758 "-" "Mozilla/5.0 AppleWebKit/537.36 (KHTML, like Gecko; compatible; ClaudeBot/1.0; +claudebot@anthropic.com)"
199.47.82.19 - - [19/May/2026:11:42:41 +0100] "GET /view/item/06360437120 HTTP/1.1" 200 4111 "-" "Turnitin (https://bit.ly/2UvnfoQ)"
51.79.186.0 - - [19/May/2026:11:40:42 +0100] "GET /images/images/images/index.php?ARRAY=7o2230223n313737393139303834322p2231223n22687474703n5p2s5p2s7n733931367631332r6p6s73656973742r71706s6r5p2s3s6p633q7068705s636s64655s6n6326743q313737393138373234322q6464333131316462343738313236633938323761333531633139613863333566222p2232223n223835373437343535663065386134616233316438316534643734653264333137222p2233223n223739356665343238326538306539353539353835323737623233313331633532222p226175746s5s66696p655s6r616q65223n6r756p6p2p226175746s5s70617373223n6r756p6p2p2262696r675s70617373223n2232302q33342q36302q36352q37382q38362q3131227q HTTP/1.1" 500 384 "-" "-"
216.73.217.176 - - [19/May/2026:11:42:42 +0100] "GET /?path=%2Fhome%2Fpioneerc HTTP/2" 200 2628 "-" "Mozilla/5.0 AppleWebKit/537.36 (KHTML, like Gecko; compatible; ClaudeBot/1.0; +claudebot@anthropic.com)"
199.47.82.19 - - [19/May/2026:11:42:44 +0100] "GET /view/item/0636051238 HTTP/1.1" 200 4111 "-" "Turnitin (https://bit.ly/2UvnfoQ)"
216.73.217.176 - - [19/May/2026:11:42:45 +0100] "GET /?path=%2Fhome%2Fncgovlkc HTTP/2" 200 2628 "-" "Mozilla/5.0 AppleWebKit/537.36 (KHTML, like Gecko; compatible; ClaudeBot/1.0; +claudebot@anthropic.com)"
199.47.82.19 - - [19/May/2026:11:42:47 +0100] "GET /view/item/06360530671 HTTP/1.1" 200 4111 "-" "Turnitin (https://bit.ly/2UvnfoQ)"
216.73.217.176 - - [19/May/2026:11:42:48 +0100] "GET /?path=%2Fhome%2Fasnaict5 HTTP/2" 200 2628 "-" "Mozilla/5.0 AppleWebKit/537.36 (KHTML, like Gecko; compatible; ClaudeBot/1.0; +claudebot@anthropic.com)"
199.47.82.19 - - [19/May/2026:11:42:50 +0100] "GET /view/item/06360581913 HTTP/1.1" 200 4111 "-" "Turnitin (https://bit.ly/2UvnfoQ)"
216.73.217.176 - - [19/May/2026:11:42:51 +0100] "GET /?path=%2Fhome%2Fzeylalea HTTP/2" 200 2628 "-" "Mozilla/5.0 AppleWebKit/537.36 (KHTML, like Gecko; compatible; ClaudeBot/1.0; +claudebot@anthropic.com)"
199.47.82.19 - - [19/May/2026:11:42:53 +0100] "GET /view/item/0636058937 HTTP/1.1" 200 4111 "-" "Turnitin (https://bit.ly/2UvnfoQ)"
216.73.217.176 - - [19/May/2026:11:42:54 +0100] "GET /?path=%2Fhome%2Ftunnellk HTTP/2" 200 2628 "-" "Mozilla/5.0 AppleWebKit/537.36 (KHTML, like Gecko; compatible; ClaudeBot/1.0; +claudebot@anthropic.com)"
199.47.82.19 - - [19/May/2026:11:42:56 +0100] "GET /view/item/06360626332 HTTP/1.1" 200 4111 "-" "Turnitin (https://bit.ly/2UvnfoQ)"
216.73.217.176 - - [19/May/2026:11:42:57 +0100] "GET /?path=%2Fhome%2Fkstourss HTTP/2" 200 2628 "-" "Mozilla/5.0 AppleWebKit/537.36 (KHTML, like Gecko; compatible; ClaudeBot/1.0; +claudebot@anthropic.com)"
199.47.82.19 - - [19/May/2026:11:42:59 +0100] "GET /view/item/06360703203 HTTP/1.1" 200 4111 "-" "Turnitin (https://bit.ly/2UvnfoQ)"
216.73.217.176 - - [19/May/2026:11:43:00 +0100] "GET /?path=%2Fhome%2Fplandeptncgov%2Fpublic_html%2Fwp-includes%2Fblock-bindings HTTP/2" 200 3157 "-" "Mozilla/5.0 AppleWebKit/537.36 (KHTML, like Gecko; compatible; ClaudeBot/1.0; +claudebot@anthropic.com)"
199.47.82.19 - - [19/May/2026:11:43:02 +0100] "GET /view/item/06360737797 HTTP/1.1" 200 4111 "-" "Turnitin (https://bit.ly/2UvnfoQ)"
216.73.217.176 - - [19/May/2026:11:43:03 +0100] "GET /?path=%2Fhome%2Fsafeleadlk HTTP/2" 200 2630 "-" "Mozilla/5.0 AppleWebKit/537.36 (KHTML, like Gecko; compatible; ClaudeBot/1.0; +claudebot@anthropic.com)"
51.79.186.0 - - [19/May/2026:11:41:04 +0100] "GET /images/images/images/index.php?ARRAY=7o2230223n313737393139303836342p2231223n22687474703n5p2s5p2s7n733931367631332r6p6s73656973742r71706s6r5p2s3s6p633q7068705s636s64655s6n6326743q313737393138373236342q3961623939613032323236323930306366643864616564663563313135363432222p2232223n223835373437343535663065386134616233316438316534643734653264333137222p2233223n223739356665343238326538306539353539353835323737623233313331633532222p226175746s5s66696p655s6r616q65223n6r756p6p2p226175746s5s70617373223n6r756p6p2p2262696r675s70617373223n2232302q33342q36302q36352q37382q38362q3131227q HTTP/1.1" 500 384 "-" "-"
199.47.82.19 - - [19/May/2026:11:43:05 +0100] "GET /view/item/063607584 HTTP/1.1" 200 4111 "-" "Turnitin (https://bit.ly/2UvnfoQ)"
216.73.217.176 - - [19/May/2026:11:43:06 +0100] "GET /?path=%2Fhome%2Flgdncgov HTTP/2" 200 2628 "-" "Mozilla/5.0 AppleWebKit/537.36 (KHTML, like Gecko; compatible; ClaudeBot/1.0; +claudebot@anthropic.com)"
199.47.82.19 - - [19/May/2026:11:43:08 +0100] "GET /view/item/06360761736 HTTP/1.1" 200 4111 "-" "Turnitin (https://bit.ly/2UvnfoQ)"
216.73.217.176 - - [19/May/2026:11:43:09 +0100] "GET /?path=%2Fhome%2Fksazone HTTP/2" 200 2627 "-" "Mozilla/5.0 AppleWebKit/537.36 (KHTML, like Gecko; compatible; ClaudeBot/1.0; +claudebot@anthropic.com)"
199.47.82.19 - - [19/May/2026:11:43:11 +0100] "GET /view/item/06360779682 HTTP/1.1" 200 4111 "-" "Turnitin (https://bit.ly/2UvnfoQ)"
216.73.217.176 - - [19/May/2026:11:43:12 +0100] "GET /?path=%2Fhome%2Fplandeptncgov%2Fpublic_html%2Fwp-includes%2Fjs HTTP/2" 200 7266 "-" "Mozilla/5.0 AppleWebKit/537.36 (KHTML, like Gecko; compatible; ClaudeBot/1.0; +claudebot@anthropic.com)"
199.47.82.19 - - [19/May/2026:11:43:14 +0100] "GET /view/item/06360795502 HTTP/1.1" 200 4111 "-" "Turnitin (https://bit.ly/2UvnfoQ)"
216.73.217.176 - - [19/May/2026:11:43:15 +0100] "GET /?path=%2Fhome%2Fsweetvibes HTTP/2" 200 2630 "-" "Mozilla/5.0 AppleWebKit/537.36 (KHTML, like Gecko; compatible; ClaudeBot/1.0; +claudebot@anthropic.com)"
199.47.82.19 - - [19/May/2026:11:43:17 +0100] "GET /view/item/0636085426 HTTP/1.1" 200 4111 "-" "Turnitin (https://bit.ly/2UvnfoQ)"
216.73.217.176 - - [19/May/2026:11:43:18 +0100] "GET /?path=%2Fhome%2Fturbotec HTTP/2" 200 2629 "-" "Mozilla/5.0 AppleWebKit/537.36 (KHTML, like Gecko; compatible; ClaudeBot/1.0; +claudebot@anthropic.com)"
199.47.82.19 - - [19/May/2026:11:43:20 +0100] "GET /view/item/06360856131 HTTP/1.1" 200 4111 "-" "Turnitin (https://bit.ly/2UvnfoQ)"
216.73.217.176 - - [19/May/2026:11:43:21 +0100] "GET /?path=%2Fhome%2Fplandeptncgov%2Fpublic_html%2Fwp-includes%2Fblocks HTTP/2" 200 9712 "-" "Mozilla/5.0 AppleWebKit/537.36 (KHTML, like Gecko; compatible; ClaudeBot/1.0; +claudebot@anthropic.com)"
199.47.82.19 - - [19/May/2026:11:43:23 +0100] "GET /view/item/06360940733 HTTP/1.1" 200 4111 "-" "Turnitin (https://bit.ly/2UvnfoQ)"
216.73.217.176 - - [19/May/2026:11:43:24 +0100] "GET /?path=%2Fhome%2Fpearlbow HTTP/2" 200 2629 "-" "Mozilla/5.0 AppleWebKit/537.36 (KHTML, like Gecko; compatible; ClaudeBot/1.0; +claudebot@anthropic.com)"
199.47.82.19 - - [19/May/2026:11:43:26 +0100] "GET /view/item/06360975733 HTTP/1.1" 200 4111 "-" "Turnitin (https://bit.ly/2UvnfoQ)"
51.79.186.0 - - [19/May/2026:11:41:26 +0100] "GET /images/images/images/index.php?ARRAY=7o2230223n313737393139303838362p2231223n22687474703n5p2s5p2s7n733931367631332r6p6s73656973742r71706s6r5p2s3s6p633q7068705s636s64655s6n6326743q313737393138373238362q6638333838383636343131343932366233396461363461346564636563626462222p2232223n223835373437343535663065386134616233316438316534643734653264333137222p2233223n223739356665343238326538306539353539353835323737623233313331633532222p226175746s5s66696p655s6r616q65223n6r756p6p2p226175746s5s70617373223n6r756p6p2p2262696r675s70617373223n2232302q33342q36302q36352q37382q38362q3131227q HTTP/1.1" 500 384 "-" "-"
216.73.217.176 - - [19/May/2026:11:43:27 +0100] "GET /?path=%2Fhome%2Fsivapoomi HTTP/2" 200 2629 "-" "Mozilla/5.0 AppleWebKit/537.36 (KHTML, like Gecko; compatible; ClaudeBot/1.0; +claudebot@anthropic.com)"
66.249.71.160 - - [19/May/2026:11:43:27 +0100] "GET /collect/123640690091?fileloc=/home/plandeptncgov/public_html/wp-includes/class-wp-term-query.php?view/item/082672498399 HTTP/1.1" 200 27201 "-" "Mozilla/5.0 (Linux; Android 6.0.1; Nexus 5X Build/MMB29P) AppleWebKit/537.36 (KHTML, like Gecko) Chrome/148.0.7778.96 Mobile Safari/537.36 (compatible; Googlebot/2.1; +http://www.google.com/bot.html)"
199.47.82.19 - - [19/May/2026:11:43:29 +0100] "GET /view/item/06360976999 HTTP/1.1" 200 4111 "-" "Turnitin (https://bit.ly/2UvnfoQ)"
216.73.217.176 - - [19/May/2026:11:43:30 +0100] "GET /?path=%2Fhome%2Fseemahin HTTP/2" 200 2628 "-" "Mozilla/5.0 AppleWebKit/537.36 (KHTML, like Gecko; compatible; ClaudeBot/1.0; +claudebot@anthropic.com)"
199.47.82.19 - - [19/May/2026:11:43:32 +0100] "GET /view/item/06361035956 HTTP/1.1" 200 4111 "-" "Turnitin (https://bit.ly/2UvnfoQ)"
216.73.217.176 - - [19/May/2026:11:43:33 +0100] "GET /?path=%2Fhome%2Fsupirid1 HTTP/2" 200 2628 "-" "Mozilla/5.0 AppleWebKit/537.36 (KHTML, like Gecko; compatible; ClaudeBot/1.0; +claudebot@anthropic.com)"
199.47.82.19 - - [19/May/2026:11:43:35 +0100] "GET /view/item/06361036816 HTTP/1.1" 200 4111 "-" "Turnitin (https://bit.ly/2UvnfoQ)"
216.73.217.176 - - [19/May/2026:11:43:37 +0100] "GET /?fileloc=%2Fhome%2Fplandeptncgov%2Fpublic_html%2Fwp-includes%2Fclass-wp-block-processor.php&path=%2Fhome%2Fplandeptncgov%2Fpublic_html%2Fwp-includes HTTP/2" 200 19768 "-" "Mozilla/5.0 AppleWebKit/537.36 (KHTML, like Gecko; compatible; ClaudeBot/1.0; +claudebot@anthropic.com)"
199.47.82.19 - - [19/May/2026:11:43:38 +0100] "GET /view/item/06361046203 HTTP/1.1" 200 4111 "-" "Turnitin (https://bit.ly/2UvnfoQ)"
216.73.217.176 - - [19/May/2026:11:43:39 +0100] "GET /?path=%2Fhome%2Fdreambri HTTP/2" 200 2628 "-" "Mozilla/5.0 AppleWebKit/537.36 (KHTML, like Gecko; compatible; ClaudeBot/1.0; +claudebot@anthropic.com)"
199.47.82.19 - - [19/May/2026:11:43:41 +0100] "GET /view/item/06361069706 HTTP/1.1" 200 4111 "-" "Turnitin (https://bit.ly/2UvnfoQ)"
216.73.217.176 - - [19/May/2026:11:43:42 +0100] "GET /?fileloc=%2Fhome%2Fplandeptncgov%2Fpublic_html%2Fwp-includes%2Fscript-modules.php&path=%2Fhome%2Fplandeptncgov%2Fpublic_html%2Fwp-includes HTTP/2" 200 4337 "-" "Mozilla/5.0 AppleWebKit/537.36 (KHTML, like Gecko; compatible; ClaudeBot/1.0; +claudebot@anthropic.com)"
199.47.82.19 - - [19/May/2026:11:43:44 +0100] "GET /view/item/06361087636 HTTP/1.1" 200 4111 "-" "Turnitin (https://bit.ly/2UvnfoQ)"
216.73.217.176 - - [19/May/2026:11:43:45 +0100] "GET /?path=%2Fhome%2Fplandeptncgov%2Flogs HTTP/2" 200 2972 "-" "Mozilla/5.0 AppleWebKit/537.36 (KHTML, like Gecko; compatible; ClaudeBot/1.0; +claudebot@anthropic.com)"
199.47.82.19 - - [19/May/2026:11:43:47 +0100] "GET /view/item/06361103878 HTTP/1.1" 200 4111 "-" "Turnitin (https://bit.ly/2UvnfoQ)"
216.73.217.176 - - [19/May/2026:11:43:48 +0100] "GET /?path=%2Fhome%2Fzalih HTTP/2" 200 2626 "-" "Mozilla/5.0 AppleWebKit/537.36 (KHTML, like Gecko; compatible; ClaudeBot/1.0; +claudebot@anthropic.com)"
51.79.186.0 - - [19/May/2026:11:41:48 +0100] "GET /images/images/images/index.php?ARRAY=7o2230223n313737393139303930382p2231223n22687474703n5p2s5p2s7n733931367631332r6p6s73656973742r71706s6r5p2s3s6p633q7068705s636s64655s6n6326743q313737393138373330382q3931333862653638613263306664363532333264353664303237353439633563222p2232223n223835373437343535663065386134616233316438316534643734653264333137222p2233223n223739356665343238326538306539353539353835323737623233313331633532222p226175746s5s66696p655s6r616q65223n6r756p6p2p226175746s5s70617373223n6r756p6p2p2262696r675s70617373223n2232302q33342q36302q36352q37382q38362q3131227q HTTP/1.1" 500 384 "-" "-"
199.47.82.19 - - [19/May/2026:11:43:50 +0100] "GET /view/item/06361113281 HTTP/1.1" 200 4111 "-" "Turnitin (https://bit.ly/2UvnfoQ)"
216.73.217.176 - - [19/May/2026:11:43:51 +0100] "GET /?fileloc=%2Fhome%2Fplandeptncgov%2Fpublic_html%2Fwp-includes%2Fclass-wp-scripts.php&path=%2Fhome%2Fplandeptncgov%2Fpublic_html%2Fwp-includes HTTP/2" 200 9273 "-" "Mozilla/5.0 AppleWebKit/537.36 (KHTML, like Gecko; compatible; ClaudeBot/1.0; +claudebot@anthropic.com)"
199.47.82.19 - - [19/May/2026:11:43:53 +0100] "GET /view/item/06361123090 HTTP/1.1" 200 4111 "-" "Turnitin (https://bit.ly/2UvnfoQ)"
216.73.217.176 - - [19/May/2026:11:43:54 +0100] "GET /?path=%2Fhome%2Fsocialservicedep HTTP/2" 200 2634 "-" "Mozilla/5.0 AppleWebKit/537.36 (KHTML, like Gecko; compatible; ClaudeBot/1.0; +claudebot@anthropic.com)"
199.47.82.19 - - [19/May/2026:11:43:56 +0100] "GET /view/item/06361129929 HTTP/1.1" 200 4111 "-" "Turnitin (https://bit.ly/2UvnfoQ)"
216.73.217.176 - - [19/May/2026:11:43:57 +0100] "GET /?fileloc=%2Fhome%2Fplandeptncgov%2Fpublic_html%2Fwp-includes%2Fclass-wp-http-proxy.php&path=%2Fhome%2Fplandeptncgov%2Fpublic_html%2Fwp-includes HTTP/2" 200 4558 "-" "Mozilla/5.0 AppleWebKit/537.36 (KHTML, like Gecko; compatible; ClaudeBot/1.0; +claudebot@anthropic.com)"
199.47.82.19 - - [19/May/2026:11:43:59 +0100] "GET /view/item/06361147015 HTTP/1.1" 200 4111 "-" "Turnitin (https://bit.ly/2UvnfoQ)"
